?:??: W/?(?): --------- beginning of /dev/log/system
04-09 16:54:36.693: I/LAB126(1453): StatusBarService hears intent. action: com.lab126.intent.TOP_WINDOW_CHANGED
04-09 16:54:36.693: I/LAB126(1453): window changed
04-09 16:54:41.678: D/ActivityManager(1386): Starting: Intent { cmp=com.appcelerator.kitchensinknook/org.appcelerator.titanium.TiActivity (has extras) } from pid 5495
04-09 16:54:42.349: I/LAB126(1453): StatusBarService hears intent. action: com.lab126.intent.TOP_WINDOW_CHANGED
04-09 16:54:42.357: I/LAB126(1453): window changed
04-09 16:54:56.693: V/DeviceStorageMonitorService(1386): mTotalMemory is 11734999
04-09 16:55:01.224: D/LAB126(1453): got back button softkey click!
04-09 16:55:01.224: D/LAB126(1453): collapse because of back button
04-09 16:55:01.224: D/LAB126(1453): collapse softkeys
04-09 16:55:01.295: I/LAB126(1453): StatusBarService hears intent. action: com.lab126.intent.TOP_WINDOW_CHANGED
04-09 16:55:01.295: I/LAB126(1453): window changed
04-09 16:55:04.178: D/ActivityManager(1386): Starting: Intent { cmp=com.appcelerator.kitchensinknook/org.appcelerator.titanium.TiActivity (has extras) } from pid 5495
04-09 16:55:04.412: I/LAB126(1453): StatusBarService hears intent. action: com.lab126.intent.TOP_WINDOW_CHANGED
04-09 16:55:04.412: I/LAB126(1453): window changed
04-09 16:55:05.889: D/ActivityManager(1386): Starting: Intent { cmp=com.appcelerator.kitchensinknook/org.appcelerator.titanium.TiActivity (has extras) } from pid 5495
04-09 16:55:06.170: I/LAB126(1453): StatusBarService hears intent. action: com.lab126.intent.TOP_WINDOW_CHANGED
04-09 16:55:06.170: I/LAB126(1453): window changed
04-09 16:55:12.935: W/ProcessStats(1386): Skipping unknown process pid 6083
04-09 16:55:30.514: I/WindowManager(1386): Setting rotation to 3, animFlags=0
04-09 16:55:30.529: I/ActivityManager(1386): Config changed: { scale=1.0 imsi=0/0 loc=en_US touch=3 keys=1/1/2 nav=1/1 orien=2 layout=268435491 uiMode=17 seq=37}
04-09 16:55:30.732: D/IconMerger(1453): sum of notifications: 0
04-09 16:55:32.256: I/WindowManager(1386): Setting rotation to 0, animFlags=0
04-09 16:55:32.271: I/ActivityManager(1386): Config changed: { scale=1.0 imsi=0/0 loc=en_US touch=3 keys=1/1/2 nav=1/1 orien=1 layout=268435491 uiMode=17 seq=38}
04-09 16:55:32.670: D/IconMerger(1453): sum of notifications: 0
04-09 16:55:44.935: D/LAB126(1453): got back button softkey click!
04-09 16:55:44.935: D/LAB126(1453): collapse because of back button
04-09 16:55:44.935: D/LAB126(1453): collapse softkeys
04-09 16:55:45.013: I/LAB126(1453): StatusBarService hears intent. action: com.lab126.intent.TOP_WINDOW_CHANGED
04-09 16:55:45.013: I/LAB126(1453): window changed
04-09 16:55:47.467: D/LAB126(1453): got back button softkey click!
04-09 16:55:47.467: D/LAB126(1453): collapse because of back button
04-09 16:55:47.467: D/LAB126(1453): collapse softkeys
04-09 16:55:47.560: I/LAB126(1453): StatusBarService hears intent. action: com.lab126.intent.TOP_WINDOW_CHANGED
04-09 16:55:47.560: I/LAB126(1453): window changed
04-09 16:55:56.693: V/DeviceStorageMonitorService(1386): mTotalMemory is 11734999
04-09 16:56:13.365: I/ChargeProtectionService(1386): Battery discharging, resuming charging
04-09 16:56:26.295: D/ActivityManager(1386): Starting: Intent { cmp=com.appcelerator.kitchensinknook/org.appcelerator.titanium.TiActivity (has extras) } from pid 5495
04-09 16:56:27.412: I/LAB126(1453): StatusBarService hears intent. action: com.lab126.intent.TOP_WINDOW_CHANGED
04-09 16:56:27.412: I/LAB126(1453): window changed
04-09 16:56:28.826: D/ActivityManager(1386): Starting: Intent { cmp=com.appcelerator.kitchensinknook/org.appcelerator.titanium.TiActivity (has extras) } from pid 5495
04-09 16:56:28.959: I/LAB126(1453): StatusBarService hears intent. action: com.lab126.intent.TOP_WINDOW_CHANGED
04-09 16:56:28.959: I/LAB126(1453): window changed
04-09 16:56:34.873: D/LAB126(1453): got back button softkey click!
04-09 16:56:34.873: D/LAB126(1453): collapse because of back button
04-09 16:56:34.873: D/LAB126(1453): collapse softkeys
04-09 16:56:34.935: I/LAB126(1453): StatusBarService hears intent. action: com.lab126.intent.TOP_WINDOW_CHANGED
04-09 16:56:34.935: I/LAB126(1453): window changed
04-09 16:56:38.318: D/ActivityManager(1386): Starting: Intent { cmp=com.appcelerator.kitchensinknook/org.appcelerator.titanium.TiActivity (has extras) } from pid 5495
04-09 16:56:38.959: I/LAB126(1453): StatusBarService hears intent. action: com.lab126.intent.TOP_WINDOW_CHANGED
04-09 16:56:38.959: I/LAB126(1453): window changed
04-09 16:56:56.701: V/DeviceStorageMonitorService(1386): mTotalMemory is 11734999
04-09 16:57:41.412: D/LAB126(1453): got back button softkey click!
04-09 16:57:41.412: D/LAB126(1453): collapse because of back button
04-09 16:57:41.412: D/LAB126(1453): collapse softkeys
04-09 16:57:41.514: I/LAB126(1453): StatusBarService hears intent. action: com.lab126.intent.TOP_WINDOW_CHANGED
04-09 16:57:41.514: I/LAB126(1453): window changed
04-09 16:57:43.263: D/ActivityManager(1386): Starting: Intent { cmp=com.appcelerator.kitchensinknook/org.appcelerator.titanium.TiActivity (has extras) } from pid 5495
04-09 16:57:44.021: I/LAB126(1453): StatusBarService hears intent. action: com.lab126.intent.TOP_WINDOW_CHANGED
04-09 16:57:44.021: I/LAB126(1453): window changed
04-09 16:57:56.701: V/DeviceStorageMonitorService(1386): mTotalMemory is 11734999
04-09 16:58:17.662: D/LAB126(1453): got back button softkey click!
04-09 16:58:17.662: D/LAB126(1453): collapse because of back button
04-09 16:58:17.662: D/LAB126(1453): collapse softkeys
04-09 16:58:17.849: I/LAB126(1453): StatusBarService hears intent. action: com.lab126.intent.TOP_WINDOW_CHANGED
04-09 16:58:17.849: I/LAB126(1453): window changed
04-09 16:58:21.060: D/LAB126(1453): got back button softkey click!
04-09 16:58:21.060: D/LAB126(1453): collapse because of back button
04-09 16:58:21.060: D/LAB126(1453): collapse softkeys
04-09 16:58:21.287: I/LAB126(1453): StatusBarService hears intent. action: com.lab126.intent.TOP_WINDOW_CHANGED
04-09 16:58:21.287: I/LAB126(1453): window changed
04-09 16:58:24.256: D/ActivityManager(1386): Starting: Intent { cmp=com.appcelerator.kitchensinknook/org.appcelerator.titanium.TiActivity (has extras) } from pid 5495
04-09 16:58:25.037: I/LAB126(1453): StatusBarService hears intent. action: com.lab126.intent.TOP_WINDOW_CHANGED
04-09 16:58:25.037: I/LAB126(1453): window changed
04-09 16:58:56.701: V/DeviceStorageMonitorService(1386): mTotalMemory is 11734999
04-09 16:59:56.709: V/DeviceStorageMonitorService(1386): mTotalMemory is 11734999
04-09 17:00:56.701: V/DeviceStorageMonitorService(1386): mTotalMemory is 11734999
04-09 17:01:13.857: I/ActivityManager(1386): No longer want com.android.defcontainer (pid 2531): hidden #16
04-09 17:01:14.131: D/WifiWatchdogService(1386): (android.server.ServerThread) 00:00:00:00:cd:d2 does not require the watchdog
04-09 17:01:14.139: I/StatusBarPolicy(1453): updateConnectivity: inetCondition = 0
04-09 17:01:14.803: I/ConnectivityService(1386): Sending INET_CONDITION_ACTION broadcast
04-09 17:01:14.803: I/StatusBarPolicy(1453): updateConnectivity: inetCondition = 1
04-09 17:01:15.248: I/ChargeProtectionService(1386): Battery discharging, resuming charging
04-09 17:01:56.732: V/DeviceStorageMonitorService(1386): mTotalMemory is 11734999
04-09 17:02:56.724: V/DeviceStorageMonitorService(1386): mTotalMemory is 11734999
04-09 17:03:40.490: I/StorageNotification(1453): LockScreen: OnReceive
04-09 17:03:40.514: V/AlarmManager(1386): alarms: 2 type: RTC_WAKEUP
04-09 17:03:40.514: V/AlarmManager(1386): 0: Apr 09 05:03:55 pm android
04-09 17:03:40.514: V/AlarmManager(1386): 1: Apr 10 12:11:15 pm com.android.providers.calendar
04-09 17:03:40.584: I/UsageStats(1386): Deleting usage file : usage-20120330
04-09 17:03:45.514: I/WakelockDebugService(1386): Dumping PowerManager state
04-09 17:03:45.529: I/WakelockDebugService(1386): Power Manager State:
04-09 17:03:45.529: I/WakelockDebugService(1386): mIsPowered=false mPowerState=0 mScreenOffTime=5053 ms
04-09 17:03:45.529: I/WakelockDebugService(1386): mPartialCount=1
04-09 17:03:45.529: I/WakelockDebugService(1386): mWakeLockState=
04-09 17:03:45.529: I/WakelockDebugService(1386): mUserState=
04-09 17:03:45.529: I/WakelockDebugService(1386): mPowerState=
04-09 17:03:45.529: I/WakelockDebugService(1386): mLocks.gather=
04-09 17:03:45.529: I/WakelockDebugService(1386): mNextTimeout=9513177 now=9518231 -5s from now
04-09 17:03:45.529: I/WakelockDebugService(1386): mDimScreen=true mStayOnConditions=0
04-09 17:03:45.529: I/WakelockDebugService(1386): mScreenOffReason=3 mUserState=0
04-09 17:03:45.529: I/WakelockDebugService(1386): mBroadcastQueue={-1,-1,-1}
04-09 17:03:45.529: I/WakelockDebugService(1386): mBroadcastWhy={0,0,0}
04-09 17:03:45.529: I/WakelockDebugService(1386): mPokey=0 mPokeAwakeonSet=false
04-09 17:03:45.529: I/WakelockDebugService(1386): mKeyboardVisible=false mUserActivityAllowed=true
04-09 17:03:45.529: I/WakelockDebugService(1386): mKeylightDelay=6000 mDimDelay=287000 mScreenOffDelay=7000
04-09 17:03:45.529: I/WakelockDebugService(1386): mPreventScreenOn=false mScreenBrightnessOverride=-1 mButtonBrightnessOverride=-1
04-09 17:03:45.529: I/WakelockDebugService(1386): mScreenOffTimeoutSetting=300000 mMaximumScreenOffTimeout=2147483647
04-09 17:03:45.529: I/WakelockDebugService(1386): mLastScreenOnTime=0
04-09 17:03:45.529: I/WakelockDebugService(1386): mBroadcastWakeLock=UnsynchronizedWakeLock(mFlags=0x1 mCount=0 mHeld=false)
04-09 17:03:45.529: I/WakelockDebugService(1386): mStayOnWhilePluggedInScreenDimLock=UnsynchronizedWakeLock(mFlags=0x6 mCount=0 mHeld=false)
04-09 17:03:45.529: I/WakelockDebugService(1386): mStayOnWhilePluggedInPartialLock=UnsynchronizedWakeLock(mFlags=0x1 mCount=0 mHeld=false)
04-09 17:03:45.529: I/WakelockDebugService(1386): mPreventScreenOnPartialLock=UnsynchronizedWakeLock(mFlags=0x1 mCount=0 mHeld=false)
04-09 17:03:45.529: I/WakelockDebugService(1386): mProximityPartialLock=UnsynchronizedWakeLock(mFlags=0x1 mCount=0 mHeld=false)
04-09 17:03:45.529: I/WakelockDebugService(1386): mProximityWakeLockCount=0
04-09 17:03:45.529: I/WakelockDebugService(1386): mProximitySensorEnabled=false
04-09 17:03:45.529: I/WakelockDebugService(1386): mProximitySensorActive=false
04-09 17:03:45.529: I/WakelockDebugService(1386): mProximityPendingValue=-1
04-09 17:03:45.529: I/WakelockDebugService(1386): mLastProximityEventTime=0
04-09 17:03:45.529: I/WakelockDebugService(1386): mLightSensorEnabled=false
04-09 17:03:45.529: I/WakelockDebugService(1386): mLightSensorValue=-1.0 mLightSensorPendingValue=-1.0
04-09 17:03:45.529: I/WakelockDebugService(1386): mLightSensorScreenBrightness=-1 mLightSensorButtonBrightness=-1 mLightSensorKeyboardBrightness=-1
04-09 17:03:45.529: I/WakelockDebugService(1386): mUseSoftwareAutoBrightness=true
04-09 17:03:45.529: I/WakelockDebugService(1386): mAutoBrightessEnabled=false
04-09 17:03:45.529: I/WakelockDebugService(1386): mScreenBrightness: animating=false targetValue=0 curValue=0.0 delta=-5.0
04-09 17:03:45.529: I/WakelockDebugService(1386): mLocks.size=1:
04-09 17:03:45.529: I/WakelockDebugService(1386): PARTIAL_WAKE_LOCK 'AlarmManager' activated (minState=0, uid=1000, pid=1386)
04-09 17:03:45.529: I/WakelockDebugService(1386): mPokeLocks.size=0:
04-09 17:03:55.890: I/StatusBarPolicy(1453): updateConnectivity: inetCondition = 0
04-09 17:04:02.531: V/DeviceStorageMonitorService(1386): mTotalMemory is 11734999
04-09 17:09:15.789: I/ChargeProtectionService(1386): Battery discharging, resuming charging
04-09 17:09:17.421: I/StorageNotification(1453): LockScreen: OnReceive
04-09 17:09:17.476: W/InputManagerService(1386): Window already focused, ignoring focus gain of: com.android.internal.view.IInputMethodClient$Stub$Proxy@40919f68
04-09 17:09:18.703: D/WifiWatchdogService(1386): (android.server.ServerThread) 00:00:00:00:cd:d2 does not require the watchdog
04-09 17:09:18.703: I/StatusBarPolicy(1453): updateConnectivity: inetCondition = 0
04-09 17:09:18.845: I/ConnectivityService(1386): Sending INET_CONDITION_ACTION broadcast
04-09 17:09:18.845: I/StatusBarPolicy(1453): updateConnectivity: inetCondition = 1
04-09 17:09:22.345: D/LAB126(1453): got back button softkey click!
04-09 17:09:22.345: D/LAB126(1453): collapse because of back button
04-09 17:09:22.345: D/LAB126(1453): collapse softkeys
04-09 17:09:22.438: I/LAB126(1453): StatusBarService hears intent. action: com.lab126.intent.TOP_WINDOW_CHANGED
04-09 17:09:22.438: I/LAB126(1453): window changed
04-09 17:09:24.141: D/ActivityManager(1386): Starting: Intent { cmp=com.appcelerator.kitchensinknook/org.appcelerator.titanium.TiActivity (has extras) } from pid 5495
04-09 17:09:24.399: I/LAB126(1453): StatusBarService hears intent. action: com.lab126.intent.TOP_WINDOW_CHANGED
04-09 17:09:24.399: I/LAB126(1453): window changed
04-09 17:09:27.196: D/ActivityManager(1386): Starting: Intent { cmp=com.appcelerator.kitchensinknook/org.appcelerator.titanium.TiActivity (has extras) } from pid 5495
04-09 17:09:28.313: I/LAB126(1453): StatusBarService hears intent. action: com.lab126.intent.TOP_WINDOW_CHANGED
04-09 17:09:28.313: I/LAB126(1453): window changed
04-09 17:09:34.173: D/LAB126(1453): got back button softkey click!
04-09 17:09:34.173: D/LAB126(1453): collapse because of back button
04-09 17:09:34.173: D/LAB126(1453): collapse softkeys
04-09 17:09:34.251: I/LAB126(1453): StatusBarService hears intent. action: com.lab126.intent.TOP_WINDOW_CHANGED
04-09 17:09:34.251: I/LAB126(1453): window changed
04-09 17:09:36.735: D/ActivityManager(1386): Starting: Intent { cmp=com.appcelerator.kitchensinknook/org.appcelerator.titanium.TiActivity (has extras) } from pid 5495
04-09 17:09:37.368: I/LAB126(1453): StatusBarService hears intent. action: com.lab126.intent.TOP_WINDOW_CHANGED
04-09 17:09:37.368: I/LAB126(1453): window changed
04-09 17:09:44.056: W/InputManagerService(1386): Window already focused, ignoring focus gain of: com.android.internal.view.IInputMethodClient$Stub$Proxy@406a3130
04-09 17:09:46.954: D/LAB126(1453): got back button softkey click!
04-09 17:09:46.954: D/LAB126(1453): collapse because of back button
04-09 17:09:46.954: D/LAB126(1453): collapse softkeys
04-09 17:09:47.032: I/LAB126(1453): StatusBarService hears intent. action: com.lab126.intent.TOP_WINDOW_CHANGED
04-09 17:09:47.032: I/LAB126(1453): window changed
04-09 17:09:48.774: D/ActivityManager(1386): Starting: Intent { cmp=com.appcelerator.kitchensinknook/org.appcelerator.titanium.TiActivity (has extras) } from pid 5495
04-09 17:09:49.243: I/LAB126(1453): StatusBarService hears intent. action: com.lab126.intent.TOP_WINDOW_CHANGED
04-09 17:09:49.243: I/LAB126(1453): window changed
04-09 17:09:54.907: W/InputManagerService(1386): Window already focused, ignoring focus gain of: com.android.internal.view.IInputMethodClient$Stub$Proxy@405e8840
04-09 17:10:13.141: V/DeviceStorageMonitorService(1386): mTotalMemory is 11734999
04-09 17:11:11.493: D/LAB126(1453): got back button softkey click!
04-09 17:11:11.493: D/LAB126(1453): collapse because of back button
04-09 17:11:11.493: D/LAB126(1453): collapse softkeys
04-09 17:11:11.571: I/LAB126(1453): StatusBarService hears intent. action: com.lab126.intent.TOP_WINDOW_CHANGED
04-09 17:11:11.571: I/LAB126(1453): window changed
04-09 17:11:13.157: V/DeviceStorageMonitorService(1386): mTotalMemory is 11734999
04-09 17:11:14.446: D/ActivityManager(1386): Starting: Intent { cmp=com.appcelerator.kitchensinknook/org.appcelerator.titanium.TiActivity (has extras) } from pid 5495
04-09 17:11:14.899: I/LAB126(1453): StatusBarService hears intent. action: com.lab126.intent.TOP_WINDOW_CHANGED
04-09 17:11:14.899: I/LAB126(1453): window changed
04-09 17:11:26.907: D/LAB126(1453): got back button softkey click!
04-09 17:11:26.907: D/LAB126(1453): collapse because of back button
04-09 17:11:26.907: D/LAB126(1453): collapse softkeys
04-09 17:11:27.431: I/LAB126(1453): StatusBarService hears intent. action: com.lab126.intent.TOP_WINDOW_CHANGED
04-09 17:11:27.431: I/LAB126(1453): window changed
04-09 17:11:30.399: D/ActivityManager(1386): Starting: Intent { cmp=com.appcelerator.kitchensinknook/org.appcelerator.titanium.TiActivity (has extras) } from pid 5495
04-09 17:11:30.845: I/LAB126(1453): StatusBarService hears intent. action: com.lab126.intent.TOP_WINDOW_CHANGED
04-09 17:11:30.845: I/LAB126(1453): window changed
04-09 17:11:43.110: D/LAB126(1453): got back button softkey click!
04-09 17:11:43.110: D/LAB126(1453): collapse because of back button
04-09 17:11:43.110: D/LAB126(1453): collapse softkeys
04-09 17:11:43.813: I/LAB126(1453): StatusBarService hears intent. action: com.lab126.intent.TOP_WINDOW_CHANGED
04-09 17:11:43.813: I/LAB126(1453): window changed
04-09 17:11:45.696: D/ActivityManager(1386): Starting: Intent { cmp=com.appcelerator.kitchensinknook/org.appcelerator.titanium.TiActivity (has extras) } from pid 5495
04-09 17:11:48.431: I/LAB126(1453): StatusBarService hears intent. action: com.lab126.intent.TOP_WINDOW_CHANGED
04-09 17:11:48.431: I/LAB126(1453): window changed
04-09 17:12:13.157: V/DeviceStorageMonitorService(1386): mTotalMemory is 11734999
04-09 17:12:19.446: D/LAB126(1453): got back button softkey click!
04-09 17:12:19.446: D/LAB126(1453): collapse because of back button
04-09 17:12:19.446: D/LAB126(1453): collapse softkeys
04-09 17:12:19.532: I/LAB126(1453): StatusBarService hears intent. action: com.lab126.intent.TOP_WINDOW_CHANGED
04-09 17:12:19.532: I/LAB126(1453): window changed
04-09 17:12:20.977: D/ActivityManager(1386): Starting: Intent { cmp=com.appcelerator.kitchensinknook/org.appcelerator.titanium.TiActivity (has extras) } from pid 5495
04-09 17:12:26.501: I/LAB126(1453): StatusBarService hears intent. action: com.lab126.intent.TOP_WINDOW_CHANGED
04-09 17:12:26.501: I/LAB126(1453): window changed
04-09 17:12:41.266: D/LAB126(1453): got back button softkey click!
04-09 17:12:41.266: D/LAB126(1453): collapse because of back button
04-09 17:12:41.266: D/LAB126(1453): collapse softkeys
04-09 17:12:41.329: I/LAB126(1453): StatusBarService hears intent. action: com.lab126.intent.TOP_WINDOW_CHANGED
04-09 17:12:41.329: I/LAB126(1453): window changed
04-09 17:12:43.602: D/ActivityManager(1386): Starting: Intent { cmp=com.appcelerator.kitchensinknook/org.appcelerator.titanium.TiActivity (has extras) } from pid 5495
04-09 17:12:44.110: I/LAB126(1453): StatusBarService hears intent. action: com.lab126.intent.TOP_WINDOW_CHANGED
04-09 17:12:44.110: I/LAB126(1453): window changed
04-09 17:12:56.852: D/LAB126(1453): got back button softkey click!
04-09 17:12:56.852: D/LAB126(1453): collapse because of back button
04-09 17:12:56.852: D/LAB126(1453): collapse softkeys
04-09 17:12:57.079: I/LAB126(1453): StatusBarService hears intent. action: com.lab126.intent.TOP_WINDOW_CHANGED
04-09 17:12:57.079: I/LAB126(1453): window changed
04-09 17:12:58.681: D/ActivityManager(1386): Starting: Intent { cmp=com.appcelerator.kitchensinknook/org.appcelerator.titanium.TiActivity (has extras) } from pid 5495
04-09 17:12:59.118: I/LAB126(1453): StatusBarService hears intent. action: com.lab126.intent.TOP_WINDOW_CHANGED
04-09 17:12:59.118: I/LAB126(1453): window changed
04-09 17:13:02.665: D/LAB126(1453): got back button softkey click!
04-09 17:13:02.665: D/LAB126(1453): collapse because of back button
04-09 17:13:02.665: D/LAB126(1453): collapse softkeys
04-09 17:13:03.001: I/LAB126(1453): StatusBarService hears intent. action: com.lab126.intent.TOP_WINDOW_CHANGED
04-09 17:13:03.001: I/LAB126(1453): window changed
04-09 17:13:04.306: D/ActivityManager(1386): Starting: Intent { cmp=com.appcelerator.kitchensinknook/org.appcelerator.titanium.TiActivity (has extras) } from pid 5495
04-09 17:13:05.360: I/LAB126(1453): StatusBarService hears intent. action: com.lab126.intent.TOP_WINDOW_CHANGED
04-09 17:13:05.360: I/LAB126(1453): window changed
04-09 17:13:11.235: D/LAB126(1453): got back button softkey click!
04-09 17:13:11.235: D/LAB126(1453): collapse because of back button
04-09 17:13:11.235: D/LAB126(1453): collapse softkeys
04-09 17:13:11.313: I/LAB126(1453): StatusBarService hears intent. action: com.lab126.intent.TOP_WINDOW_CHANGED
04-09 17:13:11.313: I/LAB126(1453): window changed
04-09 17:13:13.032: D/LAB126(1453): got back button softkey click!
04-09 17:13:13.032: D/LAB126(1453): collapse because of back button
04-09 17:13:13.032: D/LAB126(1453): collapse softkeys
04-09 17:13:13.110: I/LAB126(1453): StatusBarService hears intent. action: com.lab126.intent.TOP_WINDOW_CHANGED
04-09 17:13:13.110: I/LAB126(1453): window changed
04-09 17:13:13.157: V/DeviceStorageMonitorService(1386): mTotalMemory is 11734999
04-09 17:13:19.696: D/ActivityManager(1386): Starting: Intent { cmp=com.appcelerator.kitchensinknook/org.appcelerator.titanium.TiActivity (has extras) } from pid 5495
04-09 17:13:19.868: I/LAB126(1453): StatusBarService hears intent. action: com.lab126.intent.TOP_WINDOW_CHANGED
04-09 17:13:19.868: I/LAB126(1453): window changed
04-09 17:14:13.227: V/DeviceStorageMonitorService(1386): mTotalMemory is 11734999
04-09 17:14:18.985: I/ChargeProtectionService(1386): Battery discharging, resuming charging
04-09 17:15:13.227: V/DeviceStorageMonitorService(1386): mTotalMemory is 11734999
04-09 17:16:13.227: V/DeviceStorageMonitorService(1386): mTotalMemory is 11734999
04-09 17:17:06.743: D/LAB126(1453): got back button softkey click!
04-09 17:17:06.743: D/LAB126(1453): collapse because of back button
04-09 17:17:06.743: D/LAB126(1453): collapse softkeys
04-09 17:17:06.806: I/LAB126(1453): StatusBarService hears intent. action: com.lab126.intent.TOP_WINDOW_CHANGED
04-09 17:17:06.806: I/LAB126(1453): window changed
04-09 17:17:13.235: V/DeviceStorageMonitorService(1386): mTotalMemory is 11734999
04-09 17:17:16.110: D/ActivityManager(1386): Starting: Intent { cmp=com.appcelerator.kitchensinknook/org.appcelerator.titanium.TiActivity (has extras) } from pid 5495
04-09 17:17:16.345: I/LAB126(1453): StatusBarService hears intent. action: com.lab126.intent.TOP_WINDOW_CHANGED
04-09 17:17:16.345: I/LAB126(1453): window changed
04-09 17:17:18.298: D/ActivityManager(1386): Starting: Intent { cmp=com.appcelerator.kitchensinknook/org.appcelerator.titanium.TiActivity (has extras) } from pid 5495
04-09 17:17:18.681: I/LAB126(1453): StatusBarService hears intent. action: com.lab126.intent.TOP_WINDOW_CHANGED
04-09 17:17:18.681: I/LAB126(1453): window changed
04-09 17:18:02.681: D/LAB126(1453): got back button softkey click!
04-09 17:18:02.681: D/LAB126(1453): collapse because of back button
04-09 17:18:02.681: D/LAB126(1453): collapse softkeys
04-09 17:18:02.743: I/LAB126(1453): StatusBarService hears intent. action: com.lab126.intent.TOP_WINDOW_CHANGED
04-09 17:18:02.743: I/LAB126(1453): window changed
04-09 17:18:04.727: D/ActivityManager(1386): Starting: Intent { cmp=com.appcelerator.kitchensinknook/org.appcelerator.titanium.TiActivity (has extras) } from pid 5495
04-09 17:18:06.024: I/LAB126(1453): StatusBarService hears intent. action: com.lab126.intent.TOP_WINDOW_CHANGED
04-09 17:18:06.024: I/LAB126(1453): window changed
04-09 17:18:13.235: V/DeviceStorageMonitorService(1386): mTotalMemory is 11734999
04-09 17:18:13.634: D/LAB126(1453): got back button softkey click!
04-09 17:18:13.634: D/LAB126(1453): collapse because of back button
04-09 17:18:13.634: D/LAB126(1453): collapse softkeys
04-09 17:18:13.821: I/LAB126(1453): StatusBarService hears intent. action: com.lab126.intent.TOP_WINDOW_CHANGED
04-09 17:18:13.821: I/LAB126(1453): window changed
04-09 17:18:15.673: D/ActivityManager(1386): Starting: Intent { cmp=com.appcelerator.kitchensinknook/org.appcelerator.titanium.TiActivity (has extras) } from pid 5495
04-09 17:18:16.477: I/LAB126(1453): StatusBarService hears intent. action: com.lab126.intent.TOP_WINDOW_CHANGED
04-09 17:18:16.477: I/LAB126(1453): window changed
04-09 17:18:23.032: D/LAB126(1453): got back button softkey click!
04-09 17:18:23.032: D/LAB126(1453): collapse because of back button
04-09 17:18:23.032: D/LAB126(1453): collapse softkeys
04-09 17:18:23.095: I/LAB126(1453): StatusBarService hears intent. action: com.lab126.intent.TOP_WINDOW_CHANGED
04-09 17:18:23.095: I/LAB126(1453): window changed
04-09 17:18:25.134: D/ActivityManager(1386): Starting: Intent { cmp=com.appcelerator.kitchensinknook/org.appcelerator.titanium.TiActivity (has extras) } from pid 5495
04-09 17:18:25.899: I/LAB126(1453): StatusBarService hears intent. action: com.lab126.intent.TOP_WINDOW_CHANGED
04-09 17:18:25.899: I/LAB126(1453): window changed
04-09 17:19:07.102: D/LAB126(1453): got back button softkey click!
04-09 17:19:07.102: D/LAB126(1453): collapse because of back button
04-09 17:19:07.102: D/LAB126(1453): collapse softkeys
04-09 17:19:07.157: I/LAB126(1453): StatusBarService hears intent. action: com.lab126.intent.TOP_WINDOW_CHANGED
04-09 17:19:07.157: I/LAB126(1453): window changed
04-09 17:19:09.587: D/ActivityManager(1386): Starting: Intent { cmp=com.appcelerator.kitchensinknook/org.appcelerator.titanium.TiActivity (has extras) } from pid 5495
04-09 17:19:10.204: I/LAB126(1453): StatusBarService hears intent. action: com.lab126.intent.TOP_WINDOW_CHANGED
04-09 17:19:10.204: I/LAB126(1453): window changed
04-09 17:19:13.235: V/DeviceStorageMonitorService(1386): mTotalMemory is 11734999
04-09 17:19:18.423: D/LAB126(1453): got back button softkey click!
04-09 17:19:18.423: D/LAB126(1453): collapse because of back button
04-09 17:19:18.423: D/LAB126(1453): collapse softkeys
04-09 17:19:18.626: I/LAB126(1453): StatusBarService hears intent. action: com.lab126.intent.TOP_WINDOW_CHANGED
04-09 17:19:18.626: I/LAB126(1453): window changed
04-09 17:19:19.798: D/LAB126(1453): got back button softkey click!
04-09 17:19:19.798: D/LAB126(1453): collapse because of back button
04-09 17:19:19.798: D/LAB126(1453): collapse softkeys
04-09 17:19:19.985: I/LAB126(1453): StatusBarService hears intent. action: com.lab126.intent.TOP_WINDOW_CHANGED
04-09 17:19:19.985: I/LAB126(1453): window changed
04-09 17:19:20.173: I/ChargeProtectionService(1386): Battery discharging, resuming charging
04-09 17:19:22.641: D/ActivityManager(1386): Starting: Intent { cmp=com.appcelerator.kitchensinknook/org.appcelerator.titanium.TiActivity (has extras) } from pid 5495
04-09 17:19:22.766: D/ActivityManager(1386): Starting: Intent { act=android.intent.action.PICK cat=[android.intent.category.DEFAULT] typ=image/* cmp=com.cooliris.media/.Gallery (has extras) } from pid 5495
04-09 17:19:22.766: W/ActivityManager(1386): Activity is launching as a new task, so cancelling activity result.
04-09 17:19:23.274: W/ActivityManager(1386): Activity pause timeout for HistoryRecord{406db5e0 com.appcelerator.kitchensinknook/org.appcelerator.titanium.TiActivity}
04-09 17:19:23.282: I/LAB126(1453): StatusBarService hears softkey intent. action: com.lab126.intent.ACTION_CONFIG_SOFTKEYS
04-09 17:19:23.282: I/LAB126(1453): --------- beginning of /dev/log/main
04-09 17:19:23.337: I/BootReceiver(4483): Got intent with action android.intent.action.MEDIA_MOUNTED
04-09 17:19:23.337: I/AmazonEmail(4514): storage path "/mnt/sdcard" mounted readOnly=true
04-09 17:19:23.368: D/Gallery(4483): initializeDataSource
04-09 17:19:23.384: D/AccountManagerService(1386): bind attempt failed for Session: expectLaunch false, connected false, stats (0/0/0), lifetime 0.0, getAccountsByTypeAndFeatures, service_lh2
04-09 17:19:23.462: I/LAB126(1453): StatusBarService hears intent. action: com.lab126.intent.TOP_WINDOW_CHANGED
04-09 17:19:23.462: I/LAB126(1453): window changed
04-09 17:19:23.532: I/RenderView(4483): First Draw
04-09 17:19:23.571: D/dalvikvm(4483): GC_EXTERNAL_ALLOC freed 86K, 45% free 3288K/5895K, external 1768K/1967K, paused 35ms
04-09 17:19:23.688: D/MediaScannerService(2462): start scanning volume external
04-09 17:19:23.751: E/TiMedia(5495): (main) [735,2698216] OnResult called: 0
04-09 17:19:23.766: I/TiApplication(5495): (main) [14,2698230] SD card has been mounted. Enabling cache for http responses.
04-09 17:19:23.766: D/MediaScanner(2462): found .nomedia, skipping directory
04-09 17:19:23.766: D/TiUIView(5495): (main) [1,2698231] Nativeview is null
04-09 17:19:23.821: D/MediaScanner(2462): found .nomedia, skipping directory
04-09 17:19:23.977: I/ActivityManager(1386): Displayed com.appcelerator.kitchensinknook/org.appcelerator.titanium.TiActivity: +1s327ms
04-09 17:19:23.977: I/ActivityManager(1386): Displayed com.cooliris.media/.Gallery: +708ms
04-09 17:19:24.399: D/MediaScanner(2462): prescan time: 19ms
04-09 17:19:24.399: D/MediaScanner(2462): scan time: 679ms
04-09 17:19:24.399: D/MediaScanner(2462): postscan time: 0ms
04-09 17:19:24.399: D/MediaScanner(2462): total time: 698ms
04-09 17:19:24.407: I/BootReceiver(4483): Got intent with action android.intent.action.MEDIA_SCANNER_FINISHED
04-09 17:19:24.407: D/MediaScannerService(2462): done scanning volume external
04-09 17:19:24.516: D/AccountManagerService(1386): bind attempt failed for Session: expectLaunch false, connected false, stats (0/0/0), lifetime 0.0, getAccountsByTypeAndFeatures, service_lh2
04-09 17:19:24.516: D/AccountManagerService(1386): bind attempt failed for Session: expectLaunch false, connected false, stats (0/0/0), lifetime 0.0, getAccountsByTypeAndFeatures, service_lh2
04-09 17:19:24.712: I/GridLayer(4483): Slot changing from 0 to -1
04-09 17:19:24.720: D/skia(4483): Loading ARM decoder...
04-09 17:19:24.720: D/skia(4483): Loading ARM decoder...
04-09 17:19:24.727: D/skia(4483): Loading ARM decoder...
04-09 17:19:24.727: D/skia(4483): Loading ARM decoder...
04-09 17:19:25.126: I/GridLayer(4483): Slot changing from 0 to 0
04-09 17:19:25.290: D/dalvikvm(1386): GC_CONCURRENT freed 1867K, 56% free 5689K/12679K, external 4771K/6451K, paused 2ms+4ms
04-09 17:19:25.462: D/dalvikvm(1386): GC_CONCURRENT freed 1980K, 56% free 5653K/12679K, external 4771K/6451K, paused 2ms+4ms
04-09 17:19:25.634: D/dalvikvm(1386): GC_CONCURRENT freed 1935K, 56% free 5654K/12679K, external 4771K/6451K, paused 2ms+4ms
04-09 17:19:25.798: D/dalvikvm(1386): GC_CONCURRENT freed 1903K, 56% free 5687K/12679K, external 4771K/6451K, paused 2ms+4ms
04-09 17:19:25.970: D/dalvikvm(1386): GC_CONCURRENT freed 1977K, 56% free 5654K/12679K, external 4771K/6451K, paused 2ms+4ms
04-09 17:19:26.141: D/dalvikvm(1386): GC_CONCURRENT freed 1936K, 56% free 5654K/12679K, external 4771K/6451K, paused 3ms+4ms
04-09 17:19:26.282: D/dalvikvm(1386): GC_CONCURRENT freed 1898K, 56% free 5692K/12679K, external 4771K/6451K, paused 2ms+3ms
04-09 17:19:26.337: I/GridLayer(4483): Slot changing from 0 to 0
04-09 17:19:26.384: D/dalvikvm(1386): GC_CONCURRENT freed 1981K, 56% free 5642K/12679K, external 4771K/6451K, paused 2ms+3ms
04-09 17:19:26.540: D/dalvikvm(1386): GC_CONCURRENT freed 1864K, 56% free 5627K/12679K, external 4771K/6451K, paused 3ms+4ms
04-09 17:19:27.579: D/Gallery(4483): onPause
04-09 17:19:27.602: I/LAB126(1453): StatusBarService hears intent. action: com.lab126.intent.TOP_WINDOW_CHANGED
04-09 17:19:27.602: I/LAB126(1453): window changed
04-09 17:19:27.665: I/RenderView(4483): OnPause RenderView com.cooliris.media.RenderView@4058c340
04-09 17:19:27.673: D/Gallery(4483): onStop
04-09 17:19:27.712: I/Gallery(4483): onDestroy
04-09 17:19:35.345: D/dalvikvm(4483): GC_EXPLICIT freed 153K, 45% free 3322K/5959K, external 2428K/2506K, paused 94ms
04-09 17:19:45.345: D/dalvikvm(2462): GC_EXPLICIT freed 67K, 49% free 2855K/5575K, external 847K/1181K, paused 30ms
04-09 17:20:05.423: D/dalvikvm(4514): GC_EXPLICIT freed 23K, 50% free 2983K/5895K, external 847K/1181K, paused 30ms
04-09 17:20:13.235: V/DeviceStorageMonitorService(1386): mTotalMemory is 11734999
04-09 17:20:26.712: D/dalvikvm(1386): GC_CONCURRENT freed 1837K, 55% free 5719K/12679K, external 4771K/6451K, paused 7ms+13ms
04-09 17:20:27.016: D/dalvikvm(1386): GC_CONCURRENT freed 2052K, 56% free 5619K/12679K, external 4771K/6451K, paused 2ms+4ms
04-09 17:20:27.165: D/dalvikvm(1386): GC_CONCURRENT freed 1927K, 56% free 5620K/12679K, external 4771K/6451K, paused 2ms+3ms
04-09 17:20:27.313: D/dalvikvm(1386): GC_CONCURRENT freed 1927K, 56% free 5620K/12679K, external 4771K/6451K, paused 2ms+4ms
04-09 17:20:27.454: D/dalvikvm(1386): GC_CONCURRENT freed 1928K, 56% free 5620K/12679K, external 4771K/6451K, paused 2ms+3ms
04-09 17:20:27.602: D/dalvikvm(1386): GC_CONCURRENT freed 1928K, 56% free 5620K/12679K, external 4771K/6451K, paused 3ms+4ms
04-09 17:20:27.727: D/dalvikvm(1386): GC_CONCURRENT freed 1924K, 56% free 5624K/12679K, external 4771K/6451K, paused 2ms+4ms
04-09 17:20:27.806: D/dalvikvm(1386): GC_CONCURRENT freed 1905K, 56% free 5639K/12679K, external 4771K/6451K, paused 3ms+4ms
04-09 17:20:27.884: D/dalvikvm(1386): GC_CONCURRENT freed 1976K, 56% free 5590K/12679K, external 4771K/6451K, paused 3ms+4ms
04-09 17:20:33.884: D/LAB126(1453): got back button softkey click!
04-09 17:20:33.884: D/LAB126(1453): collapse because of back button
04-09 17:20:33.884: D/LAB126(1453): collapse softkeys
04-09 17:20:34.071: I/LAB126(1453): StatusBarService hears intent. action: com.lab126.intent.TOP_WINDOW_CHANGED
04-09 17:20:34.071: I/LAB126(1453): window changed
04-09 17:20:35.134: E/TiBaseActivity(5495): (main) [71367,2769598] Layout cleanup.
04-09 17:20:37.079: D/ActivityManager(1386): Starting: Intent { cmp=com.appcelerator.kitchensinknook/org.appcelerator.titanium.TiActivity (has extras) } from pid 5495
04-09 17:20:37.095: D/Window(5495): Loading window with URL: ../examples/orientation.js
04-09 17:20:37.095: D/Module(5495): Loading module: ../examples/orientation -> Resources/examples/orientation.js
04-09 17:20:38.360: D/TiUIView(5495): (main) [3225,2772823] Nativeview is null
04-09 17:20:38.376: D/TiUIView(5495): (main) [17,2772840] Nativeview is null
04-09 17:20:38.415: I/LAB126(1453): StatusBarService hears intent. action: com.lab126.intent.TOP_WINDOW_CHANGED
04-09 17:20:38.415: I/LAB126(1453): window changed
04-09 17:20:38.587: I/ActivityManager(1386): Displayed com.appcelerator.kitchensinknook/org.appcelerator.titanium.TiActivity: +1s499ms
04-09 17:20:43.188: I/WindowManager(1386): Setting rotation to 1, animFlags=1
04-09 17:20:43.204: D/LatinKeyboard(1462): Setting IME options
04-09 17:20:43.204: I/ActivityManager(1386): Config changed: { scale=1.0 imsi=0/0 loc=en_US touch=3 keys=1/1/2 nav=1/1 orien=2 layout=268435491 uiMode=17 seq=39}
04-09 17:20:43.251: I/TiAPI(5495): orientation changed = landscape, is portrait?false, orientation = 2is landscape?true
04-09 17:20:43.345: D/IconMerger(1453): sum of notifications: 0
04-09 17:20:45.415: D/dalvikvm(1386): GC_EXPLICIT freed 508K, 57% free 5575K/12679K, external 4771K/6451K, paused 52ms
04-09 17:20:46.212: I/WindowManager(1386): Setting rotation to 0, animFlags=1
04-09 17:20:46.220: I/ActivityManager(1386): Config changed: { scale=1.0 imsi=0/0 loc=en_US touch=3 keys=1/1/2 nav=1/1 orien=1 layout=268435491 uiMode=17 seq=40}
04-09 17:20:46.235: I/TiAPI(5495): orientation changed = portrait, is portrait?true, orientation = 1is landscape?false
04-09 17:20:46.306: D/dalvikvm(1462): GC_EXTERNAL_ALLOC freed 98K, 52% free 2969K/6087K, external 3694K/3696K, paused 74ms
04-09 17:20:46.313: D/LatinKeyboard(1462): Setting IME options
04-09 17:20:46.313: D/IconMerger(1453): sum of notifications: 0
04-09 17:20:48.376: D/dalvikvm(1386): GC_EXPLICIT freed 99K, 57% free 5561K/12679K, external 4771K/6451K, paused 49ms
04-09 17:20:49.056: I/TiAPI(5495): resetting orientation modes
04-09 17:20:54.196: D/LAB126(1453): got back button softkey click!
04-09 17:20:54.196: D/LAB126(1453): collapse because of back button
04-09 17:20:54.196: D/LAB126(1453): collapse softkeys
04-09 17:20:54.423: I/LAB126(1453): StatusBarService hears intent. action: com.lab126.intent.TOP_WINDOW_CHANGED
04-09 17:20:54.423: I/LAB126(1453): window changed
04-09 17:20:54.595: E/TiBaseActivity(5495): (main) [16218,2789058] Layout cleanup.
04-09 17:20:56.032: D/ActivityManager(1386): Starting: Intent { cmp=com.appcelerator.kitchensinknook/org.appcelerator.titanium.TiActivity (has extras) } from pid 5495
04-09 17:20:56.040: D/Window(5495): Loading window with URL: ../examples/notification.js
04-09 17:20:56.040: D/Module(5495): Loading module: ../examples/notification -> Resources/examples/notification.js
04-09 17:20:57.306: D/TiUIView(5495): (main) [2712,2791770] Nativeview is null
04-09 17:20:57.321: D/TiUIView(5495): (main) [12,2791782] Nativeview is null
04-09 17:20:57.352: I/LAB126(1453): StatusBarService hears intent. action: com.lab126.intent.TOP_WINDOW_CHANGED
04-09 17:20:57.352: I/LAB126(1453): window changed
04-09 17:20:57.524: I/ActivityManager(1386): Displayed com.appcelerator.kitchensinknook/org.appcelerator.titanium.TiActivity: +1s494ms
04-09 17:21:02.259: D/TiUIView(5495): (main) [4941,2796723] Nativeview is null
04-09 17:21:08.681: D/LAB126(1453): got back button softkey click!
04-09 17:21:08.681: D/LAB126(1453): collapse because of back button
04-09 17:21:08.681: D/LAB126(1453): collapse softkeys
04-09 17:21:08.946: I/LAB126(1453): StatusBarService hears intent. action: com.lab126.intent.TOP_WINDOW_CHANGED
04-09 17:21:08.946: I/LAB126(1453): window changed
04-09 17:21:09.556: E/TiBaseActivity(5495): (main) [7294,2804017] Layout cleanup.
04-09 17:21:13.235: V/DeviceStorageMonitorService(1386): mTotalMemory is 11734999
04-09 17:21:14.595: D/TiUIView(5495): (main) [5038,2809055] Nativeview is null
04-09 17:21:14.595: D/Window(5495): Loading window with URL: main_windows/platform.js
04-09 17:21:14.595: D/Module(5495): Loading module: main_windows/platform -> Resources/main_windows/platform.js
04-09 17:21:14.821: D/TiUIView(5495): (main) [228,2809283] Nativeview is null
04-09 17:21:14.915: D/dalvikvm(5495): GC_CONCURRENT freed 1626K, 30% free 9623K/13703K, external 2209K/2391K, paused 2ms+7ms
04-09 17:21:19.509: D/dalvikvm(5495): GC_EXTERNAL_ALLOC freed 196K, 32% free 9433K/13703K, external 2389K/2391K, paused 87ms
04-09 17:21:19.595: D/dalvikvm(5495): GC_EXTERNAL_ALLOC freed <1K, 32% free 9433K/13703K, external 2881K/2983K, paused 84ms
04-09 17:21:19.681: D/dalvikvm(5495): GC_EXTERNAL_ALLOC freed <1K, 32% free 9434K/13703K, external 3373K/3393K, paused 84ms
04-09 17:21:23.798: D/ActivityManager(1386): Starting: Intent { cmp=com.appcelerator.kitchensinknook/org.appcelerator.titanium.TiActivity (has extras) } from pid 5495
04-09 17:21:23.806: D/Window(5495): Loading window with URL: ../examples/xhr.js
04-09 17:21:23.813: D/Module(5495): Loading module: ../examples/xhr -> Resources/examples/xhr.js
04-09 17:21:23.970: D/TiUIView(5495): (main) [9150,2818433] Nativeview is null
04-09 17:21:24.001: D/TiUIView(5495): (main) [32,2818465] Nativeview is null
04-09 17:21:24.040: I/LAB126(1453): StatusBarService hears intent. action: com.lab126.intent.TOP_WINDOW_CHANGED
04-09 17:21:24.040: I/LAB126(1453): window changed
04-09 17:21:24.212: I/ActivityManager(1386): Displayed com.appcelerator.kitchensinknook/org.appcelerator.titanium.TiActivity: +406ms
04-09 17:21:25.024: D/ActivityManager(1386): Starting: Intent { cmp=com.appcelerator.kitchensinknook/org.appcelerator.titanium.TiActivity (has extras) } from pid 5495
04-09 17:21:25.056: D/Window(5495): Loading window with URL: ../examples/xhr_error.js
04-09 17:21:25.056: D/Module(5495): Loading module: ../examples/xhr_error -> Resources/examples/xhr_error.js
04-09 17:21:25.266: D/TiUIView(5495): (main) [1266,2819731] Nativeview is null
04-09 17:21:25.290: D/TiUIView(5495): (main) [26,2819757] Nativeview is null
04-09 17:21:25.321: I/LAB126(1453): StatusBarService hears intent. action: com.lab126.intent.TOP_WINDOW_CHANGED
04-09 17:21:25.321: I/LAB126(1453): window changed
04-09 17:21:25.501: I/ActivityManager(1386): Displayed com.appcelerator.kitchensinknook/org.appcelerator.titanium.TiActivity: +461ms
04-09 17:21:25.759: W/IdleConnectionHandler(5495): Removing a connection that never existed!
04-09 17:21:25.759: E/TiHttpClient(5495): (TiHttpClient-2) [464,2820221] HTTP Error (java.net.UnknownHostException): www.fre100.com
04-09 17:21:25.759: E/TiHttpClient(5495): java.net.UnknownHostException: www.fre100.com
04-09 17:21:25.759: E/TiHttpClient(5495): at java.net.InetAddress.lookupHostByName(InetAddress.java:506)
04-09 17:21:25.759: E/TiHttpClient(5495): at java.net.InetAddress.getAllByNameImpl(InetAddress.java:294)
04-09 17:21:25.759: E/TiHttpClient(5495): at java.net.InetAddress.getAllByName(InetAddress.java:256)
04-09 17:21:25.759: E/TiHttpClient(5495): at org.apache.http.impl.conn.DefaultClientConnectionOperator.openConnection(DefaultClientConnectionOperator.java:136)
04-09 17:21:25.759: E/TiHttpClient(5495): at org.apache.http.impl.conn.AbstractPoolEntry.open(AbstractPoolEntry.java:164)
04-09 17:21:25.759: E/TiHttpClient(5495): at org.apache.http.impl.conn.AbstractPooledConnAdapter.open(AbstractPooledConnAdapter.java:119)
04-09 17:21:25.759: E/TiHttpClient(5495): at org.apache.http.impl.client.DefaultRequestDirector.execute(DefaultRequestDirector.java:359)
04-09 17:21:25.759: E/TiHttpClient(5495): at org.apache.http.impl.client.AbstractHttpClient.execute(AbstractHttpClient.java:555)
04-09 17:21:25.759: E/TiHttpClient(5495): at org.apache.http.impl.client.AbstractHttpClient.execute(AbstractHttpClient.java:653)
04-09 17:21:25.759: E/TiHttpClient(5495): at org.apache.http.impl.client.AbstractHttpClient.execute(AbstractHttpClient.java:637)
04-09 17:21:25.759: E/TiHttpClient(5495): at ti.modules.titanium.network.TiHTTPClient$ClientRunnable.run(TiHTTPClient.java:1152)
04-09 17:21:25.759: E/TiHttpClient(5495): at java.lang.Thread.run(Thread.java:1019)
04-09 17:21:25.766: I/TiHttpClient(5495): (TiHttpClient-2) [4,2820225] Sending error www.fre100.com
04-09 17:21:28.040: D/dalvikvm(1386): GC_CONCURRENT freed 1790K, 56% free 5684K/12679K, external 4771K/6451K, paused 2ms+5ms
04-09 17:21:28.204: D/dalvikvm(1386): GC_CONCURRENT freed 1996K, 56% free 5631K/12679K, external 4771K/6451K, paused 2ms+4ms
04-09 17:21:28.352: D/dalvikvm(1386): GC_CONCURRENT freed 1930K, 56% free 5632K/12679K, external 4771K/6451K, paused 3ms+4ms
04-09 17:21:28.501: D/dalvikvm(1386): GC_CONCURRENT freed 1930K, 56% free 5632K/12679K, external 4771K/6451K, paused 2ms+4ms
04-09 17:21:28.673: D/dalvikvm(1386): GC_CONCURRENT freed 1930K, 56% free 5632K/12679K, external 4771K/6451K, paused 2ms+3ms
04-09 17:21:28.821: D/dalvikvm(1386): GC_CONCURRENT freed 1932K, 56% free 5632K/12679K, external 4771K/6451K, paused 3ms+3ms
04-09 17:21:28.946: D/dalvikvm(1386): GC_CONCURRENT freed 1950K, 56% free 5612K/12679K, external 4771K/6451K, paused 2ms+4ms
04-09 17:21:29.032: D/dalvikvm(1386): GC_CONCURRENT freed 1905K, 56% free 5627K/12679K, external 4771K/6451K, paused 2ms+4ms
04-09 17:21:29.110: D/dalvikvm(1386): GC_CONCURRENT freed 1931K, 56% free 5614K/12679K, external 4771K/6451K, paused 2ms+4ms
04-09 17:21:44.852: W/KeyCharacterMap(5495): No keyboard for id 0
04-09 17:21:44.852: W/KeyCharacterMap(5495): Using default keymap: /system/usr/keychars/qwerty.kcm.bin
04-09 17:21:44.852: D/LAB126(1453): got back button softkey click!
04-09 17:21:44.852: D/LAB126(1453): collapse because of back button
04-09 17:21:44.852: D/LAB126(1453): collapse softkeys
04-09 17:21:44.954: I/LAB126(1453): StatusBarService hears intent. action: com.lab126.intent.TOP_WINDOW_CHANGED
04-09 17:21:44.954: I/LAB126(1453): window changed
04-09 17:21:45.181: E/TiBaseActivity(5495): (main) [19419,2839644] Layout cleanup.
04-09 17:21:47.954: D/ActivityManager(1386): Starting: Intent { cmp=com.appcelerator.kitchensinknook/org.appcelerator.titanium.TiActivity (has extras) } from pid 5495
04-09 17:21:47.962: D/Window(5495): Loading window with URL: ../examples/xhr_binarydata.js
04-09 17:21:47.970: D/Module(5495): Loading module: ../examples/xhr_binarydata -> Resources/examples/xhr_binarydata.js
04-09 17:21:48.188: D/TiUIView(5495): (main) [3007,2842651] Nativeview is null
04-09 17:21:48.204: D/TiUIView(5495): (main) [14,2842665] Nativeview is null
04-09 17:21:48.227: I/LAB126(1453): StatusBarService hears intent. action: com.lab126.intent.TOP_WINDOW_CHANGED
04-09 17:21:48.227: I/LAB126(1453): window changed
04-09 17:21:48.407: I/ActivityManager(1386): Displayed com.appcelerator.kitchensinknook/org.appcelerator.titanium.TiActivity: +445ms
04-09 17:21:48.641: D/skia(5495): Loading ARM decoder...
04-09 17:21:48.641: D/skia(5495): Loading ARM decoder...
04-09 17:21:56.727: D/LAB126(1453): got back button softkey click!
04-09 17:21:56.727: D/LAB126(1453): collapse because of back button
04-09 17:21:56.727: D/LAB126(1453): collapse softkeys
04-09 17:21:56.798: I/LAB126(1453): StatusBarService hears intent. action: com.lab126.intent.TOP_WINDOW_CHANGED
04-09 17:21:56.798: I/LAB126(1453): window changed
04-09 17:21:57.657: E/TiBaseActivity(5495): (main) [9459,2852124] Layout cleanup.
04-09 17:21:58.477: D/ActivityManager(1386): Starting: Intent { cmp=com.appcelerator.kitchensinknook/org.appcelerator.titanium.TiActivity (has extras) } from pid 5495
04-09 17:21:58.485: D/Window(5495): Loading window with URL: ../examples/xhr_xml.js
04-09 17:21:58.493: D/Module(5495): Loading module: ../examples/xhr_xml -> Resources/examples/xhr_xml.js
04-09 17:21:58.595: I/TiHttpClient(5495): (KrollRuntimeThread) [936,2853060] Twitter: not sending X-Requested-With header
04-09 17:21:58.610: D/TiUIView(5495): (main) [9,2853069] Nativeview is null
04-09 17:21:58.618: D/TiUIView(5495): (main) [14,2853083] Nativeview is null
04-09 17:21:58.649: I/LAB126(1453): StatusBarService hears intent. action: com.lab126.intent.TOP_WINDOW_CHANGED
04-09 17:21:58.649: I/LAB126(1453): window changed
04-09 17:21:58.829: I/ActivityManager(1386): Displayed com.appcelerator.kitchensinknook/org.appcelerator.titanium.TiActivity: +345ms
04-09 17:21:58.923: I/TiAPI(5495): twitter xml [object Document] text
04-09 17:21:58.923: I/TiAPI(5495):
04-09 17:21:58.923: I/TiAPI(5495): Thu Mar 23 00:03:19 +0000 2006
04-09 17:21:58.923: I/TiAPI(5495): 123
04-09 17:21:58.923: I/TiAPI(5495): finished analyzing smam/ac success rates
04-09 17:21:58.923: I/TiAPI(5495): web
04-09 17:21:58.923: I/TiAPI(5495): false
04-09 17:21:58.923: I/TiAPI(5495): false
04-09 17:21:58.923: I/TiAPI(5495):
04-09 17:21:58.923: I/TiAPI(5495):
04-09 17:21:58.923: I/TiAPI(5495):
04-09 17:21:58.923: I/TiAPI(5495): 171
04-09 17:21:58.923: I/TiAPI(5495): false
04-09 17:21:58.923: I/TiAPI(5495):
04-09 17:21:58.923: I/TiAPI(5495): 17
04-09 17:21:58.923: I/TiAPI(5495): Tony Stubblebine
04-09 17:21:58.923: I/TiAPI(5495): tonystubblebine
04-09 17:21:58.923: I/TiAPI(5495): SF/NYC
04-09 17:21:58.923: I/TiAPI(5495): Co-founder of Lift with @jcrosby.
04-09 17:21:58.923: I/TiAPI(5495): http://a0.twimg.com/profile_images/1252541521/profile_photo_normal.jpg
04-09 17:21:58.923: I/TiAPI(5495): https://si0.twimg.com/profile_images/1252541521/profile_photo_normal.jpg
04-09 17:21:58.923: I/TiAPI(5495): http://www.stubbleblog.com
04-09 17:21:58.923: I/TiAPI(5495): false
04-09 17:21:58.923: I/TiAPI(5495): 13778
04-09 17:21:58.923: I/TiAPI(5495): ACDED6
04-09 17:21:58.923: I/TiAPI(5495): 333333
04-09 17:21:58.923: I/TiAPI(5495): 038543
04-09 17:21:58.923: I/TiAPI(5495): F6F6F6
04-09 17:21:58.923: I/TiAPI(5495): EEEEEE
04-09 17:21:58.923: I/TiAPI(5495): 302
04-09 17:21:58.923: I/TiAPI(5495): Tue Mar 21 21:01:35 +0000 2006
04-09 17:21:58.923: I/TiAPI(5495): 490
04-09 17:21:58.923: I/TiAPI(5495): -28800
04-09 17:21:58.923: I/TiAPI(5495): Pacific Time (US & Canada)
04-09 17:21:58.923: I/TiAPI(5495): http://a0.twimg.com/images/themes/theme18/bg.gif
04-09 17:21:58.923: I/TiAPI(5495): https://si0.twimg.com/images/themes/theme18/bg.gif
04-09 17:21:58.923: I/TiAPI(5495): false
04-09 17:21:58.923: I/TiAPI(5495): true
04-09 17:21:58.923: I/TiAPI(5495):
04-09 17:21:58.923: I/TiAPI(5495): true
04-09 17:21:58.923: I/TiAPI(5495): false
04-09 17:21:58.923: I/TiAPI(5495):
04-09 17:21:58.923: I/TiAPI(5495): 4116
04-09 17:21:58.923: I/TiAPI(5495): en
04-09 17:21:58.923: I/TiAPI(5495): false
04-09 17:21:58.923: I/TiAPI(5495):
04-09 17:21:58.923: I/TiAPI(5495): 156
04-09 17:21:58.923: I/TiAPI(5495): true
04-09 17:21:58.923: I/TiAPI(5495): false
04-09 17:21:58.923: I/TiAPI(5495): false
04-09 17:21:58.923: I/TiAPI(5495): false
04-09 17:21:58.923: I/TiAPI(5495):
04-09 17:21:58.923: I/TiAPI(5495):
04-09 17:21:58.923: I/TiAPI(5495):
04-09 17:21:58.923: I/TiAPI(5495):
04-09 17:21:58.923: I/TiAPI(5495):
04-09 17:21:58.923: I/TiAPI(5495):
04-09 17:21:58.931: W/Element(5495): (KrollRuntimeThread) [311,2853394] The text property of Element is deprecated, use textContent instead.
04-09 17:21:58.931: I/TiAPI(5495): screenname = tonystubblebine
04-09 17:21:58.931: W/Element(5495): (KrollRuntimeThread) [1,2853395] The text property of Element is deprecated, use textContent instead.
04-09 17:22:03.235: D/LAB126(1453): got back button softkey click!
04-09 17:22:03.235: D/LAB126(1453): collapse because of back button
04-09 17:22:03.235: D/LAB126(1453): collapse softkeys
04-09 17:22:03.298: I/LAB126(1453): StatusBarService hears intent. action: com.lab126.intent.TOP_WINDOW_CHANGED
04-09 17:22:03.298: I/LAB126(1453): window changed
04-09 17:22:03.477: E/TiBaseActivity(5495): (main) [4545,2857940] Layout cleanup.
04-09 17:22:05.657: D/ActivityManager(1386): Starting: Intent { cmp=com.appcelerator.kitchensinknook/org.appcelerator.titanium.TiActivity (has extras) } from pid 5495
04-09 17:22:05.665: D/Window(5495): Loading window with URL: ../examples/xhr_properties.js
04-09 17:22:05.673: D/Module(5495): Loading module: ../examples/xhr_properties -> Resources/examples/xhr_properties.js
04-09 17:22:05.985: D/dalvikvm(5495): GC_FOR_MALLOC freed 722K, 29% free 10137K/14151K, external 2560K/2573K, paused 91ms
04-09 17:22:06.056: D/TiUIView(5495): (main) [2580,2860520] Nativeview is null
04-09 17:22:06.071: D/TiUIView(5495): (main) [17,2860537] Nativeview is null
04-09 17:22:06.110: I/LAB126(1453): StatusBarService hears intent. action: com.lab126.intent.TOP_WINDOW_CHANGED
04-09 17:22:06.110: I/LAB126(1453): window changed
