04-09 17:26:57.595: I/TiAPI(5495): 13
04-09 17:26:57.595: I/TiAPI(5495): 14
04-09 17:26:57.595: I/TiAPI(5495): 15
04-09 17:26:57.595: I/ALERT(5495): (KrollRuntimeThread) [1973,3152059] ALERT LOG FROM FUNCTION - name: foo value: bar
04-09 17:26:57.641: D/TiUIView(5495): (main) [46,3152105] Nativeview is null
04-09 17:26:57.657: D/TiUIView(5495): (main) [14,3152119] Nativeview is null
04-09 17:26:57.681: I/LAB126(1453): StatusBarService hears intent. action: com.lab126.intent.TOP_WINDOW_CHANGED
04-09 17:26:57.681: I/LAB126(1453): window changed
04-09 17:26:57.946: I/ActivityManager(1386): Displayed com.appcelerator.kitchensinknook/org.appcelerator.titanium.TiActivity: +467ms
04-09 17:27:00.852: W/InputManagerService(1386): Window already focused, ignoring focus gain of: com.android.internal.view.IInputMethodClient$Stub$Proxy@408ff658
04-09 17:27:01.829: D/LAB126(1453): got back button softkey click!
04-09 17:27:01.829: D/LAB126(1453): collapse because of back button
04-09 17:27:01.829: D/LAB126(1453): collapse softkeys
04-09 17:27:01.931: I/LAB126(1453): StatusBarService hears intent. action: com.lab126.intent.TOP_WINDOW_CHANGED
04-09 17:27:01.931: I/LAB126(1453): window changed
04-09 17:27:02.165: E/TiBaseActivity(5495): (main) [4510,3156629] Layout cleanup.
04-09 17:27:03.009: W/Vold(1285): Ignoring unknown switch 'usb_mass_storage'
04-09 17:27:03.009: W/Vold(1285): Ignoring unknown switch 'usb_connected'
04-09 17:27:03.009: D/Vold(1285): USB disconnected
04-09 17:27:03.009: D/Vold(1285): Share method ums now unavailable
04-09 17:27:03.040: I/StorageNotification(1453): UMS connection changed to false (media state mounted)
04-09 17:27:03.040: I/StorageNotification(1453): In onUsbMassStorageConnectionChangedAsync, POP_UMS_ACTIVITY_ON_CONNECT=false
04-09 17:27:03.048: D/IconMerger(1453): sum of notifications: 0
04-09 17:27:04.016: D/Tethering(1386): InitialState.processMessage what=4
04-09 17:27:04.016: D/Tethering(1386): sendTetherStateChangedBroadcast 0, 0, 0
04-09 17:27:13.243: V/DeviceStorageMonitorService(1386): mTotalMemory is 11734999
04-09 17:27:22.556: W/ProcessStats(1386): Skipping unknown process pid 6870
04-09 17:27:37.204: D/dalvikvm(1386): GC_CONCURRENT freed 1886K, 58% free 5699K/13319K, external 4771K/6451K, paused 3ms+4ms
04-09 17:27:37.337: D/dalvikvm(1386): GC_CONCURRENT freed 2002K, 58% free 5646K/13319K, external 4771K/6451K, paused 3ms+4ms
04-09 17:27:37.485: D/dalvikvm(1386): GC_CONCURRENT freed 1939K, 58% free 5640K/13319K, external 4771K/6451K, paused 3ms+4ms
04-09 17:27:37.876: D/dalvikvm(1386): GC_CONCURRENT freed 1929K, 58% free 5643K/13319K, external 4771K/6451K, paused 7ms+11ms
04-09 17:27:38.313: D/dalvikvm(1386): GC_CONCURRENT freed 1934K, 58% free 5642K/13319K, external 4771K/6451K, paused 7ms+10ms
04-09 17:27:38.759: D/dalvikvm(1386): GC_CONCURRENT freed 1936K, 58% free 5639K/13319K, external 4771K/6451K, paused 6ms+11ms
04-09 17:27:39.126: D/dalvikvm(1386): GC_CONCURRENT freed 1929K, 58% free 5642K/13319K, external 4771K/6451K, paused 7ms+10ms
04-09 17:27:39.306: D/dalvikvm(1386): GC_CONCURRENT freed 1942K, 58% free 5631K/13319K, external 4771K/6451K, paused 2ms+4ms
04-09 17:27:39.376: D/dalvikvm(1386): GC_CONCURRENT freed 1926K, 58% free 5636K/13319K, external 4771K/6451K, paused 2ms+4ms
04-09 17:27:52.720: D/dalvikvm(2462): GC_EXPLICIT freed 92K, 49% free 2854K/5575K, external 847K/1181K, paused 26ms
04-09 17:28:06.516: D/ActivityManager(1386): Starting: Intent { cmp=com.appcelerator.kitchensinknook/org.appcelerator.titanium.TiActivity (has extras) } from pid 5495
04-09 17:28:06.540: D/Window(5495): Loading window with URL: ../examples/app_data.js
04-09 17:28:06.540: D/Module(5495): Loading module: ../examples/app_data -> Resources/examples/app_data.js
04-09 17:28:06.641: D/dalvikvm(5495): GC_CONCURRENT freed 1580K, 27% free 11555K/15623K, external 2107K/2573K, paused 2ms+8ms
04-09 17:28:07.743: D/TiUIView(5495): (main) [65579,3222208] Nativeview is null
04-09 17:28:07.790: D/TiUIView(5495): (main) [46,3222254] Nativeview is null
04-09 17:28:07.884: I/LAB126(1453): StatusBarService hears intent. action: com.lab126.intent.TOP_WINDOW_CHANGED
04-09 17:28:07.884: I/LAB126(1453): window changed
04-09 17:28:08.063: I/ActivityManager(1386): Displayed com.appcelerator.kitchensinknook/org.appcelerator.titanium.TiActivity: +1s539ms
04-09 17:28:13.243: V/DeviceStorageMonitorService(1386): mTotalMemory is 11734999
04-09 17:28:25.634: W/KeyCharacterMap(5495): No keyboard for id 0
04-09 17:28:25.634: W/KeyCharacterMap(5495): Using default keymap: /system/usr/keychars/qwerty.kcm.bin
04-09 17:28:25.634: D/LAB126(1453): got back button softkey click!
04-09 17:28:25.634: D/LAB126(1453): collapse because of back button
04-09 17:28:25.634: D/LAB126(1453): collapse softkeys
04-09 17:28:25.727: I/LAB126(1453): StatusBarService hears intent. action: com.lab126.intent.TOP_WINDOW_CHANGED
04-09 17:28:25.727: I/LAB126(1453): window changed
04-09 17:28:26.688: E/TiBaseActivity(5495): (main) [18901,3241155] Layout cleanup.
04-09 17:28:27.368: D/ActivityManager(1386): Starting: Intent { cmp=com.appcelerator.kitchensinknook/org.appcelerator.titanium.TiActivity (has extras) } from pid 5495
04-09 17:28:27.384: D/Window(5495): Loading window with URL: ../examples/app_events.js
04-09 17:28:27.384: D/Module(5495): Loading module: ../examples/app_events -> Resources/examples/app_events.js
04-09 17:28:27.774: D/TiUIView(5495): (main) [1085,3242240] Nativeview is null
04-09 17:28:27.790: D/TiUIView(5495): (main) [15,3242255] Nativeview is null
04-09 17:28:27.821: I/LAB126(1453): StatusBarService hears intent. action: com.lab126.intent.TOP_WINDOW_CHANGED
04-09 17:28:27.821: I/LAB126(1453): window changed
04-09 17:28:28.001: I/ActivityManager(1386): Displayed com.appcelerator.kitchensinknook/org.appcelerator.titanium.TiActivity: +626ms
04-09 17:28:37.329: D/LAB126(1453): got back button softkey click!
04-09 17:28:37.329: D/LAB126(1453): collapse because of back button
04-09 17:28:37.329: D/LAB126(1453): collapse softkeys
04-09 17:28:37.407: I/LAB126(1453): StatusBarService hears intent. action: com.lab126.intent.TOP_WINDOW_CHANGED
04-09 17:28:37.407: I/LAB126(1453): window changed
04-09 17:28:37.884: E/TiBaseActivity(5495): (main) [10096,3252351] Layout cleanup.
04-09 17:28:39.634: D/dalvikvm(1386): GC_CONCURRENT freed 1875K, 58% free 5693K/13319K, external 4771K/6451K, paused 7ms+5ms
04-09 17:28:39.751: D/dalvikvm(1386): GC_CONCURRENT freed 2006K, 58% free 5633K/13319K, external 4771K/6451K, paused 2ms+4ms
04-09 17:28:39.899: D/dalvikvm(1386): GC_CONCURRENT freed 1936K, 58% free 5627K/13319K, external 4771K/6451K, paused 2ms+4ms
04-09 17:28:40.048: D/dalvikvm(1386): GC_CONCURRENT freed 1935K, 58% free 5621K/13319K, external 4771K/6451K, paused 2ms+4ms
04-09 17:28:40.196: D/dalvikvm(1386): GC_CONCURRENT freed 1902K, 58% free 5646K/13319K, external 4771K/6451K, paused 3ms+3ms
04-09 17:28:40.345: D/dalvikvm(1386): GC_CONCURRENT freed 1952K, 58% free 5628K/13319K, external 4771K/6451K, paused 2ms+3ms
04-09 17:28:40.470: D/dalvikvm(1386): GC_CONCURRENT freed 1926K, 58% free 5631K/13319K, external 4771K/6451K, paused 2ms+4ms
04-09 17:28:40.563: D/dalvikvm(1386): GC_CONCURRENT freed 1909K, 58% free 5645K/13319K, external 4771K/6451K, paused 2ms+3ms
04-09 17:28:40.634: D/dalvikvm(1386): GC_CONCURRENT freed 1926K, 58% free 5649K/13319K, external 4771K/6451K, paused 2ms+4ms
04-09 17:28:50.626: D/ActivityManager(1386): Starting: Intent { cmp=com.appcelerator.kitchensinknook/org.appcelerator.titanium.TiActivity (has extras) } from pid 5495
04-09 17:28:50.634: D/Window(5495): Loading window with URL: ../examples/properties.js
04-09 17:28:50.634: D/Module(5495): Loading module: ../examples/properties -> Resources/examples/properties.js
04-09 17:28:50.751: D/TiAPI(5495): Bool: Test Success (true==true)
04-09 17:28:50.751: D/TiAPI(5495): Double: Test Success (2.5==2.5)
04-09 17:28:50.751: D/TiAPI(5495): int: Test Success (1==1)
04-09 17:28:50.751: D/TiAPI(5495): String: Test Success (Fred==Fred)
04-09 17:28:50.751: D/TiAPI(5495): StringList-1: Test Success (["testOne","testTwo"]==["testOne","testTwo"])
04-09 17:28:50.751: D/TiAPI(5495): StringList-2: Test Success ([]==[])
04-09 17:28:50.751: D/TiAPI(5495): Bool: Test Success (null==null)
04-09 17:28:50.751: D/TiAPI(5495): Double: Test Success (null==null)
04-09 17:28:50.751: D/TiAPI(5495): int: Test Success (null==null)
04-09 17:28:50.751: D/TiAPI(5495): String: Test Success (null==null)
04-09 17:28:50.751: D/TiAPI(5495): StringList: Test Success (null==null)
04-09 17:28:50.798: I/TiAPI(5495): String: I am a String Value
04-09 17:28:50.798: I/TiAPI(5495): Int: 10
04-09 17:28:50.798: I/TiAPI(5495): Bool: true
04-09 17:28:50.798: I/TiAPI(5495): Double: 10.6
04-09 17:28:50.798: I/TiAPI(5495): List:
04-09 17:28:50.798: I/TiAPI(5495): row[0].name=Name 1 row[0].address=1 Main St
04-09 17:28:50.798: I/TiAPI(5495): row[1].name=Name 2 row[1].address=2 Main St
04-09 17:28:50.798: I/TiAPI(5495): row[2].name=Name 3 row[2].address=3 Main St
04-09 17:28:50.798: I/TiAPI(5495): row[3].name=Name 4 row[3].address=4 Main St
04-09 17:28:50.798: I/TiAPI(5495): property: Double
04-09 17:28:50.798: I/TiAPI(5495): property: ti.deploytype
04-09 17:28:50.798: I/TiAPI(5495): property: Bool
04-09 17:28:50.798: I/TiAPI(5495): property: window_focus_event
04-09 17:28:50.798: I/TiAPI(5495): property: window_close_event
04-09 17:28:50.798: I/TiAPI(5495): property: String
04-09 17:28:50.798: I/TiAPI(5495): property: window_blur_event
04-09 17:28:50.798: I/TiAPI(5495): property: window_open_event
04-09 17:28:50.798: I/TiAPI(5495): property: MyList
04-09 17:28:50.798: I/TiAPI(5495): property: Int
04-09 17:28:50.837: I/TiAPI(5495): String should be null - value = Test Success (null==null)
04-09 17:28:50.837: I/TiAPI(5495): Int should be null - value = Test Success (null==null)
04-09 17:28:50.899: D/TiUIView(5495): (main) [13007,3265358] Nativeview is null
04-09 17:28:50.907: D/TiUIView(5495): (main) [13,3265371] Nativeview is null
04-09 17:28:50.938: I/LAB126(1453): StatusBarService hears intent. action: com.lab126.intent.TOP_WINDOW_CHANGED
04-09 17:28:50.938: I/LAB126(1453): window changed
04-09 17:28:51.118: I/ActivityManager(1386): Displayed com.appcelerator.kitchensinknook/org.appcelerator.titanium.TiActivity: +484ms
04-09 17:29:13.243: V/DeviceStorageMonitorService(1386): mTotalMemory is 11734999
04-09 17:29:23.235: I/ChargeProtectionService(1386): Battery discharging, resuming charging
04-09 17:29:40.806: D/dalvikvm(1386): GC_CONCURRENT freed 1898K, 58% free 5685K/13319K, external 4771K/6451K, paused 2ms+4ms
04-09 17:29:40.931: D/dalvikvm(1386): GC_CONCURRENT freed 1987K, 58% free 5643K/13319K, external 4771K/6451K, paused 3ms+4ms
04-09 17:29:41.079: D/dalvikvm(1386): GC_CONCURRENT freed 1939K, 58% free 5637K/13319K, external 4771K/6451K, paused 2ms+4ms
04-09 17:29:41.227: D/dalvikvm(1386): GC_CONCURRENT freed 1932K, 58% free 5637K/13319K, external 4771K/6451K, paused 3ms+4ms
04-09 17:29:41.376: D/dalvikvm(1386): GC_CONCURRENT freed 1931K, 58% free 5638K/13319K, external 4771K/6451K, paused 2ms+3ms
04-09 17:29:41.524: D/dalvikvm(1386): GC_CONCURRENT freed 1933K, 58% free 5637K/13319K, external 4771K/6451K, paused 2ms+3ms
04-09 17:29:41.649: D/dalvikvm(1386): GC_CONCURRENT freed 1928K, 58% free 5641K/13319K, external 4771K/6451K, paused 2ms+4ms
04-09 17:29:41.743: D/dalvikvm(1386): GC_CONCURRENT freed 1928K, 58% free 5641K/13319K, external 4771K/6451K, paused 2ms+4ms
04-09 17:29:41.821: D/dalvikvm(1386): GC_CONCURRENT freed 1934K, 58% free 5635K/13319K, external 4771K/6451K, paused 3ms+4ms
04-09 17:29:55.532: W/Vold(1285): Ignoring unknown switch 'usb_connected'
04-09 17:29:55.540: D/Tethering(1386): sendTetherStateChangedBroadcast 1, 0, 0
04-09 17:29:55.540: D/Tethering(1386): interfaceAdded :usb0
04-09 17:29:55.556: W/Vold(1285): Ignoring unknown switch 'usb_mass_storage'
04-09 17:29:55.556: D/Vold(1285): USB connected
04-09 17:29:55.556: D/Vold(1285): Share method ums now available
04-09 17:29:55.563: I/StorageNotification(1453): UMS connection changed to true (media state mounted)
04-09 17:29:55.563: I/StorageNotification(1453): In onUsbMassStorageConnectionChangedAsync, POP_UMS_ACTIVITY_ON_CONNECT=true
04-09 17:29:55.571: D/StatusBarService(1453): Notification has fullScreenIntent; sending fullScreenIntent
04-09 17:29:55.571: D/ActivityManager(1386): Starting: Intent { flg=0x10000000 cmp=com.android.systemui/.usb.UsbStorageActivity } from pid -1
04-09 17:29:55.602: E/Tethering(1386): active iface (usb0) reported as added, ignoring
04-09 17:29:55.720: D/VoldCmdListener(1285): volume shared /mnt/sdcard ums
04-09 17:29:55.727: I/PackageManager(1386): Updating external media status from mounted to unmounted
04-09 17:29:55.735: I/PackageManager(1386): No secure containers on sdcard
04-09 17:29:55.735: D/VoldCmdListener(1285): asec list
04-09 17:29:56.243: D/VoldCmdListener(1285): storage users /mnt/sdcard
04-09 17:29:56.251: D/IconMerger(1453): notification for com.android.systemui (1)
04-09 17:29:56.251: D/IconMerger(1453): sum of notifications: 1
04-09 17:29:56.259: I/LAB126(1453): StatusBarService hears intent. action: com.lab126.intent.TOP_WINDOW_CHANGED
04-09 17:29:56.259: I/LAB126(1453): window changed
04-09 17:29:56.259: I/LAB126(1453): don't set softkey config for 'Starting...' window
04-09 17:29:56.313: I/ActivityManager(1386): Displayed com.android.systemui/.usb.UsbStorageActivity: +681ms
04-09 17:29:56.329: I/LAB126(1453): StatusBarService hears intent. action: com.lab126.intent.TOP_WINDOW_CHANGED
04-09 17:29:56.329: I/LAB126(1453): window changed
04-09 17:29:56.376: W/ActivityManager(1386): Killing processes unmount media at adjustment 7
04-09 17:29:56.376: W/ActivityManager(1386): Killing ProcessRecord{406f83f8 6783:com.cooliris.media/10018} (adj 11): unmount media
04-09 17:29:56.376: W/ActivityManager(1386): Killing ProcessRecord{40925a90 6813:com.amazon.email/10019} (adj 12): unmount media
04-09 17:29:56.376: D/VoldCmdListener(1285): storage users /mnt/sdcard
04-09 17:29:56.563: D/dalvikvm(1386): GC_EXPLICIT freed 1162K, 58% free 5640K/13319K, external 4771K/6451K, paused 56ms
04-09 17:29:56.563: I/PackageManager(1386): Updating external media status from unmounted to unmounted
04-09 17:29:56.563: D/VoldCmdListener(1285): volume shared /mnt/sdcard ums
04-09 17:29:56.563: D/VoldCmdListener(1285): volume unmount /mnt/sdcard force
04-09 17:29:56.563: D/Vold(1285): Volume sdcard state changing 4 (Mounted) -> 5 (Unmounting)
04-09 17:29:56.571: V/MediaProvider(2462): Detached volume: external
04-09 17:29:56.571: I/ActivityManager(1386): Start proc com.cooliris.media for broadcast com.cooliris.media/com.cooliris.cache.BootReceiver: pid=6927 uid=10018 gids={1015, 3003}
04-09 17:29:56.618: I/ActivityThread(6927): Pub com.cooliris.picasa.contentprovider: com.cooliris.picasa.PicasaContentProvider
04-09 17:29:56.618: D/ContentProvider(6927): Videos folder exist
04-09 17:29:56.618: D/ContentProvider(6927): Pictures folder exists
04-09 17:29:56.665: I/com.amazon.dcp.metrics.CrashDetectionHelper(6927): Setting up crash detector.
04-09 17:29:56.665: I/BootReceiver(6927): Got intent with action android.intent.action.MEDIA_EJECT
04-09 17:29:57.563: I/Vold(1285): /mnt/secure/staging/.android_secure sucessfully unmounted
04-09 17:29:57.563: I/Vold(1285): /mnt/secure/asec sucessfully unmounted
04-09 17:29:57.649: I/PackageManager(1386): Updating external media status from unmounted to unmounted
04-09 17:29:57.649: I/Vold(1285): /mnt/secure/staging sucessfully unmounted
04-09 17:29:57.649: I/Vold(1285): /mnt/sdcard unmounted sucessfully
04-09 17:29:57.649: D/Vold(1285): Volume sdcard state changing 5 (Unmounting) -> 1 (Idle-Unmounted)
04-09 17:29:57.657: I/TiApplication(5495): (main) [66748,3332119] SD card has been unmounted. Disabling cache for http responses.
04-09 17:29:57.657: I/StorageNotification(1453): Media state changed from {mounted} -> {unmounted}
04-09 17:29:57.657: D/VoldCmdListener(1285): volume share /mnt/sdcard ums
04-09 17:29:57.657: D/Vold(1285): Volume sdcard state changing 1 (Idle-Unmounted) -> 7 (Shared-Unmounted)
04-09 17:29:57.657: W/MountService(1386): Duplicate state transition (unmounted -> unmounted)
04-09 17:29:57.673: D/Tethering(1386): InitialState.processMessage what=4
04-09 17:29:57.673: D/Tethering(1386): sendTetherStateChangedBroadcast 0, 0, 0
04-09 17:29:57.673: I/TiApplication(5495): (main) [15,3332134] SD card has been unmounted. Disabling cache for http responses.
04-09 17:29:57.704: I/PackageManager(1386): Updating external media status from unmounted to unmounted
04-09 17:29:57.704: D/VoldCmdListener(1285): volume shared /mnt/sdcard ums
04-09 17:29:57.704: D/VoldCmdListener(1285): storage users /mnt/sdcard
04-09 17:29:57.704: I/StorageNotification(1453): Media state changed from {unmounted} -> {shared}
04-09 17:29:57.704: D/IconMerger(1453): sum of notifications: 0
04-09 17:29:57.813: D/VoldCmdListener(1285): volume share /mnt/sdcard ums
04-09 17:29:57.821: E/MountService(1386): Failed to share/unshare
04-09 17:29:57.821: E/MountService(1386): com.android.server.NativeDaemonConnectorException: Cmd {volume share /mnt/sdcard ums} failed with code 405 : {volume operation failed (Device or resource busy)}
04-09 17:29:57.821: E/MountService(1386): at com.android.server.NativeDaemonConnector.doCommand(NativeDaemonConnector.java:259)
04-09 17:29:57.821: E/MountService(1386): at com.android.server.MountService.doShareUnshareVolume(MountService.java:508)
04-09 17:29:57.821: E/MountService(1386): at com.android.server.MountService.access$200(MountService.java:76)
04-09 17:29:57.821: E/MountService(1386): at com.android.server.MountService$UmsEnableCallBack.handleFinished(MountService.java:309)
04-09 17:29:57.821: E/MountService(1386): at com.android.server.MountService$MountServiceHandler.handleMessage(MountService.java:412)
04-09 17:29:57.821: E/MountService(1386): at android.os.Handler.dispatchMessage(Handler.java:99)
04-09 17:29:57.821: E/MountService(1386): at android.os.Looper.loop(Looper.java:130)
04-09 17:29:57.821: E/MountService(1386): at android.os.HandlerThread.run(HandlerThread.java:60)
04-09 17:29:58.673: I/PackageManager(1386): Updating external media status from unmounted to unmounted
04-09 17:29:58.673: D/VoldCmdListener(1285): volume unshare /mnt/sdcard ums
04-09 17:29:58.673: D/Vold(1285): Volume sdcard state changing 7 (Shared-Unmounted) -> 1 (Idle-Unmounted)
04-09 17:29:58.688: D/Tethering(1386): sendTetherStateChangedBroadcast 1, 0, 0
04-09 17:29:58.688: D/Tethering(1386): interfaceAdded :usb0
04-09 17:29:58.688: I/TiApplication(5495): (main) [1018,3333152] SD card has been unmounted. Disabling cache for http responses.
04-09 17:29:58.720: D/VoldCmdListener(1285): volume mount /mnt/sdcard
04-09 17:29:58.720: I/Vold(1285): /dev/block/vold/179:12 being considered for volume sdcard
04-09 17:29:58.720: D/Vold(1285): Volume sdcard state changing 1 (Idle-Unmounted) -> 3 (Checking)
04-09 17:29:58.720: I/StorageNotification(1453): Media state changed from {shared} -> {unmounted}
04-09 17:29:58.743: I//system/bin/fsck_msdos(1285): ** /dev/block/vold/179:12
04-09 17:29:58.743: I//system/bin/fsck_msdos(1285): ** Phase 1 - Read FAT (compare skipped)
04-09 17:29:58.743: I//system/bin/fsck_msdos(1285): Attempting to allocate 10242 KB for FAT
04-09 17:29:58.766: I/LAB126(1453): StatusBarService hears intent. action: com.lab126.intent.TOP_WINDOW_CHANGED
04-09 17:29:58.766: I/LAB126(1453): window changed
04-09 17:29:59.399: I//system/bin/fsck_msdos(1285): ** Phase 2 - Check Cluster Chains
04-09 17:29:59.587: I//system/bin/fsck_msdos(1285): ** Phase 3 - Checking Directories
04-09 17:29:59.696: I//system/bin/fsck_msdos(1285): ** Phase 4 - Checking for Lost Files
04-09 17:29:59.790: I//system/bin/fsck_msdos(1285): Next free cluster in FSInfo block (9202) not free
04-09 17:29:59.790: I//system/bin/fsck_msdos(1285): FIXED
04-09 17:29:59.790: I//system/bin/fsck_msdos(1285): 789 files, 1010780 free (2602542 clusters)
04-09 17:29:59.821: I/PackageManager(1386): Updating external media status from unmounted to mounted
04-09 17:29:59.821: I/Vold(1285): Filesystem check completed OK
04-09 17:29:59.821: I/Vold(1285): Device /dev/block/vold/179:12, target /mnt/sdcard mounted @ /mnt/secure/staging
04-09 17:29:59.821: D/Vold(1285): Volume sdcard state changing 3 (Checking) -> 4 (Mounted)
04-09 17:29:59.829: D/VoldCmdListener(1285): volume shared /mnt/sdcard ums
04-09 17:29:59.837: I/BootReceiver(6927): Got intent with action android.intent.action.MEDIA_MOUNTED
04-09 17:29:59.837: I/StorageNotification(1453): Media state changed from {unmounted} -> {checking}
04-09 17:29:59.845: I/TiApplication(5495): (main) [1159,3334311] SD card has been mounted. Enabling cache for http responses.
04-09 17:29:59.845: I/StorageNotification(1453): Media state changed from {checking} -> {mounted}
04-09 17:29:59.852: I/PackageManager(1386): No secure containers on sdcard
04-09 17:29:59.852: D/VoldCmdListener(1285): asec list
04-09 17:29:59.852: D/VoldCmdListener(1285): volume unshare /mnt/sdcard ums
04-09 17:29:59.852: W/Vold(1285): Returning OperationFailed - no handler for errno 22
04-09 17:29:59.852: E/MountService(1386): Failed to share/unshare
04-09 17:29:59.852: E/MountService(1386): com.android.server.NativeDaemonConnectorException: Cmd {volume unshare /mnt/sdcard ums} failed with code 400 : {volume operation failed (Invalid argument)}
04-09 17:29:59.852: E/MountService(1386): at com.android.server.NativeDaemonConnector.doCommand(NativeDaemonConnector.java:259)
04-09 17:29:59.852: E/MountService(1386): at com.android.server.MountService.doShareUnshareVolume(MountService.java:508)
04-09 17:29:59.852: E/MountService(1386): at com.android.server.MountService.setUsbMassStorageEnabled(MountService.java:1231)
04-09 17:29:59.852: E/MountService(1386): at android.os.storage.IMountService$Stub.onTransact(IMountService.java:683)
04-09 17:29:59.852: E/MountService(1386): at android.os.Binder.execTransact(Binder.java:320)
04-09 17:29:59.852: E/MountService(1386): at dalvik.system.NativeStart.run(Native Method)
04-09 17:29:59.852: D/VoldCmdListener(1285): volume mount /mnt/sdcard
04-09 17:29:59.852: E/MountService(1386): Failed to remount /mnt/sdcard after disabling share method ums
04-09 17:29:59.852: W/PackageManager(1386): Not granting permission com.amazon.dcp.metrics.permission.METRICS_PERMISSION to package com.imdb.mobile (protectionLevel=2 flags=0x8be45)
04-09 17:29:59.860: W/PackageManager(1386): Unknown permission com.google.android.googleapps.permission.GOOGLE_AUTH.mail in package com.android.contacts
04-09 17:29:59.860: W/PackageManager(1386): Unknown permission android.permission.DEVICE_ADMIN in package com.lab126.otter
04-09 17:29:59.860: W/PackageManager(1386): Unknown permission com.google.android.googleapps.permission.GOOGLE_AUTH in package com.android.providers.calendar
04-09 17:29:59.860: W/PackageManager(1386): Unknown permission com.google.android.googleapps.permission.GOOGLE_AUTH.cl in package com.android.providers.calendar
04-09 17:29:59.868: W/PackageManager(1386): Unknown permission org.thialfihar.android.apg.permission.READ_KEY_DETAILS in package com.amazon.email
04-09 17:29:59.868: W/PackageManager(1386): Not granting permission com.amazon.dcp.metrics.permission.METRICS_PERMISSION to package com.cooliris.media (protectionLevel=2 flags=0x8bc45)
04-09 17:29:59.868: W/PackageManager(1386): Unknown permission com.google.android.googleapps.permission.GOOGLE_AUTH in package com.android.providers.contacts
04-09 17:29:59.868: W/PackageManager(1386): Unknown permission com.google.android.googleapps.permission.GOOGLE_AUTH.cp in package com.android.providers.contacts
04-09 17:29:59.868: W/PackageManager(1386): Unknown permission com.google.android.gm.permission.WRITE_GMAIL in package com.android.settings
04-09 17:29:59.868: W/PackageManager(1386): Unknown permission com.google.android.gm.permission.READ_GMAIL in package com.android.settings
04-09 17:29:59.868: W/PackageManager(1386): Unknown permission com.google.android.googleapps.permission.GOOGLE_AUTH in package com.android.settings
04-09 17:29:59.868: W/PackageManager(1386): Unknown permission com.android.launcher.permission.READ_SETTINGS in package com.android.settings
04-09 17:29:59.868: W/PackageManager(1386): Unknown permission com.android.launcher.permission.WRITE_SETTINGS in package com.android.settings
04-09 17:29:59.868: W/PackageManager(1386): Unknown permission com.android.launcher.permission.INSTALL_SHORTCUT in package com.amazon.cloud9
04-09 17:29:59.876: W/PackageManager(1386): Unknown permission android.webkit.permission.PLUGIN in package com.adobe.flashplayer
04-09 17:29:59.876: W/PackageManager(1386): Unknown permission com.google.android.providers.gmail.permission.WRITE_GMAIL in package com.qo.android.oemvc
04-09 17:29:59.876: W/PackageManager(1386): Unknown permission com.google.android.providers.gmail.permission.READ_GMAIL in package com.qo.android.oemvc
04-09 17:29:59.876: W/PackageManager(1386): Unknown permission com.google.android.gm.permission.READ_GMAIL in package com.qo.android.oemvc
04-09 17:29:59.876: W/PackageManager(1386): Unknown permission com.google.android.gm.permission.WRITE_GMAIL in package com.qo.android.oemvc
04-09 17:29:59.876: W/PackageManager(1386): Unknown permission android.permission.READ_OWNER_DATA in package com.qo.android.oemvc
04-09 17:29:59.876: W/PackageManager(1386): Unknown permission com.android.email.permission.ACCESS_PROVIDER in package com.qo.android.oemvc
04-09 17:29:59.876: W/PackageManager(1386): Unknown permission com.android.launcher.permission.INSTALL_SHORTCUT in package com.estrongs.android.pop
04-09 17:29:59.876: W/PackageManager(1386): Unknown permission com.android.launcher.permission.UNINSTALL_SHORTCUT in package com.estrongs.android.pop
04-09 17:29:59.876: W/PackageManager(1386): Unknown permission com.estrongs.android.pop.PERMISSION in package com.estrongs.android.pop
04-09 17:29:59.876: W/PackageManager(1386): Not granting permission com.amazon.dcp.metrics.permission.METRICS_PERMISSION to package com.alphonso.pulse (protectionLevel=2 flags=0x8be45)
04-09 17:29:59.938: D/MediaScannerService(2462): start scanning volume external
04-09 17:30:00.446: I/ActivityManager(1386): Start proc com.amazon.email for broadcast com.amazon.email/.service.StorageReceiver: pid=6956 uid=10019 gids={3003, 1015}
04-09 17:30:00.454: V/MediaProvider(2462): /mnt/sdcard volume ID: 252718362
04-09 17:30:00.485: V/MediaProvider(2462): Attached volume: external
04-09 17:30:00.524: I/ActivityThread(6956): Pub com.amazon.email.messageprovider: com.amazon.email.provider.MessageProvider
04-09 17:30:00.524: D/ContentProvider(6956): Videos folder exist
04-09 17:30:00.524: D/ContentProvider(6956): Pictures folder exists
04-09 17:30:00.540: I/ActivityThread(6956): Pub com.amazon.email.attachmentprovider: com.amazon.email.provider.AttachmentProvider
04-09 17:30:00.540: D/ContentProvider(6956): Videos folder exist
04-09 17:30:00.540: D/ContentProvider(6956): Pictures folder exists
04-09 17:30:00.540: I/com.amazon.dcp.metrics.CrashDetectionHelper(6956): Setting up crash detector.
04-09 17:30:00.548: I/AmazonEmail(6956): Loading preferences from DB into Storage
04-09 17:30:00.548: D/MediaScanner(2462): found .nomedia, skipping directory
04-09 17:30:00.563: I/AmazonEmail(6956): Preferences load took 18ms
04-09 17:30:00.587: I/AmazonEmail(6956): Registered: unmount receiver
04-09 17:30:00.587: I/AmazonEmail(6956): Registered: shutdown receiver
04-09 17:30:00.595: V/AmazonEmail(6956): Registering content resolver notifier
04-09 17:30:00.595: I/AmazonEmail(6956): storage path "/mnt/sdcard" mounted readOnly=false
04-09 17:30:00.595: D/MediaScanner(2462): found .nomedia, skipping directory
04-09 17:30:00.602: I/MailService(6956): connected: network state is CONNECTED, is available is true
04-09 17:30:00.610: I/MailService(6956): connected: AutoSync help is available, autoSync = true
04-09 17:30:00.626: I/MailService(6956): connected: wifi -66
04-09 17:30:00.626: I/MailService(6956): connected: final hasConnectivity is true
04-09 17:30:00.626: I/MailService(6956): MailService.onStart(Intent { act=com.amazon.email.intent.action.MAIL_SERVICE_RESET cmp=com.amazon.email/.service.MailService (has extras) }, 1), hasConnectivity = true, doBackground = true
04-09 17:30:00.626: D/MediaScanner(2462): prescan time: 12ms
04-09 17:30:00.626: D/MediaScanner(2462): scan time: 125ms
04-09 17:30:00.626: D/MediaScanner(2462): postscan time: 0ms
04-09 17:30:00.626: D/MediaScanner(2462): total time: 137ms
04-09 17:30:00.634: D/MediaScannerService(2462): done scanning volume external
04-09 17:30:00.649: I/MailService(6956): connected: network state is CONNECTED, is available is true
04-09 17:30:00.649: I/MailService(6956): connected: AutoSync help is available, autoSync = true
04-09 17:30:00.657: I/MailService(6956): connected: wifi -66
04-09 17:30:00.657: I/MailService(6956): connected: final hasConnectivity is true
04-09 17:30:00.657: I/MailService(6956): MailService.onStart(Intent { act=com.amazon.email.intent.action.MAIL_SERVICE_RESET cmp=com.amazon.email/.service.MailService (has extras) }, 2), hasConnectivity = true, doBackground = true
04-09 17:30:00.665: I/MailService(6956): connected: network state is CONNECTED, is available is true
04-09 17:30:00.673: I/MailService(6956): connected: AutoSync help is available, autoSync = true
04-09 17:30:00.681: I/BootReceiver(6927): Got intent with action android.intent.action.MEDIA_SCANNER_FINISHED
04-09 17:30:00.681: I/MailService(6956): connected: wifi -66
04-09 17:30:00.681: I/MailService(6956): connected: final hasConnectivity is true
04-09 17:30:00.681: I/MailService(6956): MailService.onStart(Intent { act=com.amazon.email.intent.action.MAIL_SERVICE_CONNECTIVITY_CHANGE cmp=com.amazon.email/.service.MailService }, 3), hasConnectivity = true, doBackground = true
04-09 17:30:00.712: E/AmazonEmail(6956): isKeyInvalid: key is valid.
04-09 17:30:00.720: I/dalvikvm(6956): Total arena pages for JIT: 11
04-09 17:30:00.743: D/IconMerger(1453): notification for com.android.systemui (1)
04-09 17:30:00.743: D/IconMerger(1453): sum of notifications: 1
04-09 17:30:00.868: D/dalvikvm(6956): GC_CONCURRENT freed 466K, 50% free 3011K/5959K, external 847K/1181K, paused 1ms+3ms
04-09 17:30:02.509: D/skia(6927): Loading ARM decoder...
04-09 17:30:02.540: D/dalvikvm(6927): GC_EXTERNAL_ALLOC freed 396K, 51% free 2824K/5703K, external 1181K/1181K, paused 26ms
04-09 17:30:02.548: D/skia(6927): Loading ARM encoder...
04-09 17:30:02.610: D/skia(6927): Loading ARM decoder...
04-09 17:30:02.618: D/skia(6927): Loading ARM encoder...
04-09 17:30:02.641: D/skia(6927): Loading ARM decoder...
04-09 17:30:02.657: D/skia(6927): Loading ARM encoder...
04-09 17:30:02.673: D/skia(6927): Loading ARM decoder...
04-09 17:30:02.681: D/skia(6927): Loading ARM encoder...
04-09 17:30:04.306: D/LAB126(1453): got back button softkey click!
04-09 17:30:04.306: D/LAB126(1453): collapse because of back button
04-09 17:30:04.306: D/LAB126(1453): collapse softkeys
04-09 17:30:04.985: I/LAB126(1453): StatusBarService hears intent. action: com.lab126.intent.TOP_WINDOW_CHANGED
04-09 17:30:04.985: I/LAB126(1453): window changed
04-09 17:30:05.727: E/TiBaseActivity(5495): (main) [5879,3340190] Layout cleanup.
04-09 17:30:07.923: D/ActivityManager(1386): Starting: Intent { cmp=com.appcelerator.kitchensinknook/org.appcelerator.titanium.TiActivity (has extras) } from pid 5495
04-09 17:30:07.931: D/Window(5495): Loading window with URL: ../examples/properties.js
04-09 17:30:07.938: D/Module(5495): Loading module: ../examples/properties -> Resources/examples/properties.js
04-09 17:30:08.048: D/TiAPI(5495): Bool: Test Success (true==true)
04-09 17:30:08.048: D/TiAPI(5495): Double: Test Success (2.5==2.5)
04-09 17:30:08.048: D/TiAPI(5495): int: Test Success (1==1)
04-09 17:30:08.048: D/TiAPI(5495): String: Test Success (Fred==Fred)
04-09 17:30:08.056: D/TiAPI(5495): StringList-1: Test Success (["testOne","testTwo"]==["testOne","testTwo"])
04-09 17:30:08.056: D/TiAPI(5495): StringList-2: Test Success ([]==[])
04-09 17:30:08.056: D/TiAPI(5495): Bool: Test Success (null==null)
04-09 17:30:08.056: D/TiAPI(5495): Double: Test Success (null==null)
04-09 17:30:08.056: D/TiAPI(5495): int: Test Success (null==null)
04-09 17:30:08.056: D/TiAPI(5495): String: Test Success (null==null)
04-09 17:30:08.056: D/TiAPI(5495): StringList: Test Success (null==null)
04-09 17:30:08.110: I/TiAPI(5495): String: I am a String Value
04-09 17:30:08.110: I/TiAPI(5495): Int: 10
04-09 17:30:08.110: I/TiAPI(5495): Bool: true
04-09 17:30:08.110: I/TiAPI(5495): Double: 10.6
04-09 17:30:08.110: I/TiAPI(5495): List:
04-09 17:30:08.110: I/TiAPI(5495): row[0].name=Name 1 row[0].address=1 Main St
04-09 17:30:08.110: I/TiAPI(5495): row[1].name=Name 2 row[1].address=2 Main St
04-09 17:30:08.110: I/TiAPI(5495): row[2].name=Name 3 row[2].address=3 Main St
04-09 17:30:08.110: I/TiAPI(5495): row[3].name=Name 4 row[3].address=4 Main St
04-09 17:30:08.110: I/TiAPI(5495): property: Double
04-09 17:30:08.110: I/TiAPI(5495): property: ti.deploytype
04-09 17:30:08.110: I/TiAPI(5495): property: Bool
04-09 17:30:08.110: I/TiAPI(5495): property: window_focus_event
04-09 17:30:08.110: I/TiAPI(5495): property: window_close_event
04-09 17:30:08.110: I/TiAPI(5495): property: String
04-09 17:30:08.110: I/TiAPI(5495): property: window_blur_event
04-09 17:30:08.110: I/TiAPI(5495): property: window_open_event
04-09 17:30:08.110: I/TiAPI(5495): property: MyList
04-09 17:30:08.110: I/TiAPI(5495): property: Int
04-09 17:30:08.149: I/TiAPI(5495): String should be null - value = Test Success (null==null)
04-09 17:30:08.149: I/TiAPI(5495): Int should be null - value = Test Success (null==null)
04-09 17:30:08.196: D/TiUIView(5495): (main) [2468,3342658] Nativeview is null
04-09 17:30:08.204: D/TiUIView(5495): (main) [13,3342671] Nativeview is null
04-09 17:30:08.235: I/LAB126(1453): StatusBarService hears intent. action: com.lab126.intent.TOP_WINDOW_CHANGED
04-09 17:30:08.235: I/LAB126(1453): window changed
04-09 17:30:08.415: I/ActivityManager(1386): Displayed com.appcelerator.kitchensinknook/org.appcelerator.titanium.TiActivity: +483ms
04-09 17:30:13.251: V/DeviceStorageMonitorService(1386): mTotalMemory is 11734999
04-09 17:30:33.657: D/dalvikvm(2462): GC_EXPLICIT freed 82K, 49% free 2860K/5575K, external 847K/1181K, paused 92ms
04-09 17:30:41.977: D/dalvikvm(1386): GC_CONCURRENT freed 1811K, 57% free 5761K/13319K, external 4771K/6451K, paused 3ms+4ms
04-09 17:30:42.102: D/dalvikvm(1386): GC_CONCURRENT freed 2057K, 58% free 5667K/13319K, external 4771K/6451K, paused 2ms+4ms
04-09 17:30:42.251: D/dalvikvm(1386): GC_CONCURRENT freed 1952K, 58% free 5654K/13319K, external 4771K/6451K, paused 2ms+4ms
04-09 17:30:42.399: D/dalvikvm(1386): GC_CONCURRENT freed 1940K, 58% free 5650K/13319K, external 4771K/6451K, paused 2ms+3ms
04-09 17:30:42.548: D/dalvikvm(1386): GC_CONCURRENT freed 1917K, 58% free 5668K/13319K, external 4771K/6451K, paused 3ms+4ms
04-09 17:30:42.696: D/dalvikvm(1386): GC_CONCURRENT freed 1958K, 58% free 5650K/13319K, external 4771K/6451K, paused 2ms+4ms
04-09 17:30:42.821: D/dalvikvm(1386): GC_CONCURRENT freed 1932K, 58% free 5653K/13319K, external 4771K/6451K, paused 2ms+4ms
04-09 17:30:42.931: D/dalvikvm(1386): GC_CONCURRENT freed 1936K, 58% free 5651K/13319K, external 4771K/6451K, paused 3ms+4ms
04-09 17:30:43.016: D/dalvikvm(1386): GC_CONCURRENT freed 1926K, 58% free 5655K/13319K, external 4771K/6451K, paused 3ms+3ms
04-09 17:30:55.501: W/Vold(1285): Ignoring unknown switch 'usb_mass_storage'
04-09 17:30:55.509: W/Vold(1285): Ignoring unknown switch 'usb_connected'
04-09 17:30:55.532: D/Vold(1285): USB disconnected
04-09 17:30:55.532: D/Vold(1285): Share method ums now unavailable
04-09 17:30:55.540: I/StorageNotification(1453): UMS connection changed to false (media state mounted)
04-09 17:30:55.540: I/StorageNotification(1453): In onUsbMassStorageConnectionChangedAsync, POP_UMS_ACTIVITY_ON_CONNECT=false
04-09 17:30:55.556: D/IconMerger(1453): sum of notifications: 0
04-09 17:30:56.532: D/Tethering(1386): InitialState.processMessage what=4
04-09 17:30:56.540: D/Tethering(1386): sendTetherStateChangedBroadcast 0, 0, 0
04-09 17:30:58.516: D/LAB126(1453): got back button softkey click!
04-09 17:30:58.516: D/LAB126(1453): collapse because of back button
04-09 17:30:58.516: D/LAB126(1453): collapse softkeys
04-09 17:30:59.595: I/LAB126(1453): StatusBarService hears intent. action: com.lab126.intent.TOP_WINDOW_CHANGED
04-09 17:30:59.595: I/LAB126(1453): window changed
04-09 17:30:59.774: E/TiBaseActivity(5495): (main) [51569,3394240] Layout cleanup.
04-09 17:31:01.391: D/ActivityManager(1386): Starting: Intent { cmp=com.appcelerator.kitchensinknook/org.appcelerator.titanium.TiActivity (has extras) } from pid 5495
04-09 17:31:01.407: D/Window(5495): Loading window with URL: ../examples/database.js
04-09 17:31:01.407: D/Module(5495): Loading module: ../examples/database -> Resources/examples/database.js
04-09 17:31:02.188: I/TiAPI(5495): JUST INSERTED, rowsAffected = 1
04-09 17:31:02.188: I/TiAPI(5495): JUST INSERTED, lastInsertRowId = 5
04-09 17:31:02.196: I/TiAPI(5495): ROW COUNT = 4
04-09 17:31:02.196: I/TiAPI(5495): ROW COUNT = 4
04-09 17:31:02.196: I/TiAPI(5495): ROW COUNT = 4
04-09 17:31:02.196: I/TiAPI(5495): ID: 2 NAME: I was updated too COLUMN NAME ID
04-09 17:31:02.196: I/TiAPI(5495): ID: 3 NAME: Name 3 COLUMN NAME ID
04-09 17:31:02.196: I/TiAPI(5495): ID: 4 NAME: I was updated COLUMN NAME ID
04-09 17:31:02.196: I/TiAPI(5495): ID: 5 NAME: ? ? ? ? ? ? ? ? ? ? COLUMN NAME ID
04-09 17:31:02.641: D/TiUIView(5495): (main) [2869,3397109] Nativeview is null
04-09 17:31:02.673: D/TiUIView(5495): (main) [25,3397134] Nativeview is null
04-09 17:31:02.704: I/LAB126(1453): StatusBarService hears intent. action: com.lab126.intent.TOP_WINDOW_CHANGED
04-09 17:31:02.704: I/LAB126(1453): window changed
04-09 17:31:02.876: I/ActivityManager(1386): Displayed com.appcelerator.kitchensinknook/org.appcelerator.titanium.TiActivity: +1s477ms
04-09 17:31:09.259: D/Window(5495): Loading window with URL: database_2.js
04-09 17:31:09.266: D/Module(5495): Loading module: database_2 -> Resources/examples/database_2.js
04-09 17:31:10.040: I/TiAPI(5495): JUST INSERTED, rowsAffected = 1
04-09 17:31:10.040: I/TiAPI(5495): JUST INSERTED, lastInsertRowId = 9
04-09 17:31:10.040: I/TiAPI(5495): ROW COUNT = 8
04-09 17:31:10.040: I/TiAPI(5495): ID: 2 NAME: I was updated too
04-09 17:31:10.040: I/TiAPI(5495): ID: 3 NAME: Name 3
04-09 17:31:10.040: I/TiAPI(5495): ID: 4 NAME: I was updated
04-09 17:31:10.040: I/TiAPI(5495): ID: 5 NAME: ? ? ? ? ? ? ? ? ? ?
04-09 17:31:10.040: I/TiAPI(5495): ID: 5 NAME: Name 5
04-09 17:31:10.040: I/TiAPI(5495): ID: 6 NAME: Name 6
04-09 17:31:10.040: I/TiAPI(5495): ID: 7 NAME: Name 7
04-09 17:31:10.040: I/TiAPI(5495): ID: 8 NAME: Name 8
04-09 17:31:13.251: V/DeviceStorageMonitorService(1386): mTotalMemory is 11734999
04-09 17:31:21.477: W/Vold(1285): Ignoring unknown switch 'usb_connected'
04-09 17:31:21.485: D/Tethering(1386): sendTetherStateChangedBroadcast 1, 0, 0
04-09 17:31:21.485: D/Tethering(1386): interfaceAdded :usb0
04-09 17:31:21.493: D/Vold(1285): USB connected
04-09 17:31:21.493: D/Vold(1285): Share method ums now available
04-09 17:31:21.493: W/Vold(1285): Ignoring unknown switch 'usb_mass_storage'
04-09 17:31:21.501: I/dalvikvm(1453): Jit: resizing JitTable from 4096 to 8192
04-09 17:31:21.501: E/Tethering(1386): active iface (usb0) reported as added, ignoring
04-09 17:31:21.509: I/StorageNotification(1453): UMS connection changed to true (media state mounted)
04-09 17:31:21.509: I/StorageNotification(1453): In onUsbMassStorageConnectionChangedAsync, POP_UMS_ACTIVITY_ON_CONNECT=true
04-09 17:31:21.516: D/StatusBarService(1453): Notification has fullScreenIntent; sending fullScreenIntent
04-09 17:31:21.516: D/ActivityManager(1386): Starting: Intent { flg=0x10000000 cmp=com.android.systemui/.usb.UsbStorageActivity } from pid -1
04-09 17:31:21.556: I/PackageManager(1386): Updating external media status from mounted to unmounted
04-09 17:31:21.556: D/VoldCmdListener(1285): volume shared /mnt/sdcard ums
04-09 17:31:21.587: I/PackageManager(1386): No secure containers on sdcard
04-09 17:31:21.587: D/IconMerger(1453): notification for com.android.systemui (1)
04-09 17:31:21.587: D/IconMerger(1453): sum of notifications: 1
04-09 17:31:21.587: D/VoldCmdListener(1285): asec list
04-09 17:31:21.595: I/LAB126(1453): StatusBarService hears intent. action: com.lab126.intent.TOP_WINDOW_CHANGED
04-09 17:31:21.595: I/LAB126(1453): window changed
04-09 17:31:21.595: I/LAB126(1453): don't set softkey config for 'Starting...' window
04-09 17:31:21.602: D/VoldCmdListener(1285): volume shared /mnt/sdcard ums
04-09 17:31:21.657: D/dalvikvm(1386): GC_CONCURRENT freed 1849K, 58% free 5723K/13319K, external 4771K/6451K, paused 2ms+4ms
04-09 17:31:22.696: D/VoldCmdListener(1285): storage users /mnt/sdcard
04-09 17:31:22.751: I/ActivityManager(1386): Displayed com.android.systemui/.usb.UsbStorageActivity: +1s223ms
04-09 17:31:22.766: I/LAB126(1453): StatusBarService hears intent. action: com.lab126.intent.TOP_WINDOW_CHANGED
04-09 17:31:22.766: I/LAB126(1453): window changed
04-09 17:31:22.868: W/ActivityManager(1386): Killing processes unmount media at adjustment 7
04-09 17:31:22.868: W/ActivityManager(1386): Killing ProcessRecord{406b3e10 6927:com.cooliris.media/10018} (adj 11): unmount media
04-09 17:31:22.868: W/ActivityManager(1386): Killing ProcessRecord{40848080 6956:com.amazon.email/10019} (adj 10): unmount media
04-09 17:31:22.868: D/VoldCmdListener(1285): storage users /mnt/sdcard
04-09 17:31:22.977: D/VoldCmdListener(1285): storage users /mnt/sdcard
04-09 17:31:23.134: D/dalvikvm(1386): GC_EXPLICIT freed 242K, 59% free 5593K/13319K, external 4771K/6451K, paused 53ms
04-09 17:31:23.134: I/PackageManager(1386): Updating external media status from unmounted to unmounted
04-09 17:31:23.134: D/VoldCmdListener(1285): volume unmount /mnt/sdcard force
04-09 17:31:23.134: D/Vold(1285): Volume sdcard state changing 4 (Mounted) -> 5 (Unmounting)
04-09 17:31:23.141: I/ActivityManager(1386): Start proc com.cooliris.media for broadcast com.cooliris.media/com.cooliris.cache.BootReceiver: pid=7048 uid=10018 gids={1015, 3003}
04-09 17:31:23.149: V/MediaProvider(2462): Detached volume: external
04-09 17:31:23.181: I/ActivityThread(7048): Pub com.cooliris.picasa.contentprovider: com.cooliris.picasa.PicasaContentProvider
04-09 17:31:23.181: D/ContentProvider(7048): Videos folder exist
04-09 17:31:23.181: D/ContentProvider(7048): Pictures folder exists
04-09 17:31:23.220: I/com.amazon.dcp.metrics.CrashDetectionHelper(7048): Setting up crash detector.
04-09 17:31:23.220: I/BootReceiver(7048): Got intent with action android.intent.action.MEDIA_EJECT
04-09 17:31:24.134: I/Vold(1285): /mnt/secure/staging/.android_secure sucessfully unmounted
04-09 17:31:24.134: I/Vold(1285): /mnt/secure/asec sucessfully unmounted
04-09 17:31:24.204: I/PackageManager(1386): Updating external media status from unmounted to unmounted
04-09 17:31:24.204: I/Vold(1285): /mnt/secure/staging sucessfully unmounted
04-09 17:31:24.204: I/Vold(1285): /mnt/sdcard unmounted sucessfully
04-09 17:31:24.204: D/Vold(1285): Volume sdcard state changing 5 (Unmounting) -> 1 (Idle-Unmounted)
04-09 17:31:24.212: I/TiApplication(5495): (main) [21541,3418675] SD card has been unmounted. Disabling cache for http responses.
04-09 17:31:24.212: I/StorageNotification(1453): Media state changed from {mounted} -> {unmounted}
04-09 17:31:24.212: D/VoldCmdListener(1285): volume share /mnt/sdcard ums
04-09 17:31:24.212: D/Vold(1285): Volume sdcard state changing 1 (Idle-Unmounted) -> 7 (Shared-Unmounted)
04-09 17:31:24.212: W/MountService(1386): Duplicate state transition (unmounted -> unmounted)
04-09 17:31:24.227: D/Tethering(1386): InitialState.processMessage what=4
04-09 17:31:24.227: D/Tethering(1386): sendTetherStateChangedBroadcast 0, 0, 0
04-09 17:31:24.235: I/TiApplication(5495): (main) [21,3418696] SD card has been unmounted. Disabling cache for http responses.
04-09 17:31:24.274: D/VoldCmdListener(1285): volume share /mnt/sdcard ums
04-09 17:31:24.274: E/MountService(1386): Failed to share/unshare
04-09 17:31:24.274: E/MountService(1386): com.android.server.NativeDaemonConnectorException: Cmd {volume share /mnt/sdcard ums} failed with code 405 : {volume operation failed (Device or resource busy)}
04-09 17:31:24.274: E/MountService(1386): at com.android.server.NativeDaemonConnector.doCommand(NativeDaemonConnector.java:259)
04-09 17:31:24.274: E/MountService(1386): at com.android.server.MountService.doShareUnshareVolume(MountService.java:508)
04-09 17:31:24.274: E/MountService(1386): at com.android.server.MountService.access$200(MountService.java:76)
04-09 17:31:24.274: E/MountService(1386): at com.android.server.MountService$UmsEnableCallBack.handleFinished(MountService.java:309)
04-09 17:31:24.274: E/MountService(1386): at com.android.server.MountService$MountServiceHandler.handleMessage(MountService.java:412)
04-09 17:31:24.274: E/MountService(1386): at android.os.Handler.dispatchMessage(Handler.java:99)
04-09 17:31:24.274: E/MountService(1386): at android.os.Looper.loop(Looper.java:130)
04-09 17:31:24.274: E/MountService(1386): at android.os.HandlerThread.run(HandlerThread.java:60)
04-09 17:31:24.274: D/VoldCmdListener(1285): volume shared /mnt/sdcard ums
04-09 17:31:24.274: I/StorageNotification(1453): Media state changed from {unmounted} -> {shared}
04-09 17:31:27.290: D/IconMerger(1453): notification for com.android.systemui (1)
04-09 17:31:27.290: D/IconMerger(1453): sum of notifications: 1
04-09 17:31:28.095: D/VoldCmdListener(1285): volume unshare /mnt/sdcard ums
04-09 17:31:28.188: I/LAB126(1453): StatusBarService hears intent. action: com.lab126.intent.TOP_WINDOW_CHANGED
04-09 17:31:28.188: I/LAB126(1453): window changed
04-09 17:31:28.985: D/LAB126(1453): got back button softkey click!
04-09 17:31:28.985: D/LAB126(1453): collapse because of back button
04-09 17:31:28.985: D/LAB126(1453): collapse softkeys
04-09 17:31:29.493: W/ActivityManager(1386): Activity pause timeout for HistoryRecord{4079ef90 com.appcelerator.kitchensinknook/org.appcelerator.titanium.TiActivity}
04-09 17:31:29.884: I/LAB126(1453): StatusBarService hears intent. action: com.lab126.intent.TOP_WINDOW_CHANGED
04-09 17:31:29.884: I/LAB126(1453): window changed
04-09 17:31:30.009: D/LAB126(1453): got back button softkey click!
04-09 17:31:30.009: D/LAB126(1453): collapse because of back button
04-09 17:31:30.009: D/LAB126(1453): collapse softkeys
04-09 17:31:30.516: W/ActivityManager(1386): Activity pause timeout for HistoryRecord{40739458 com.appcelerator.kitchensinknook/ti.modules.titanium.ui.TiTabActivity}
04-09 17:31:30.665: I/LAB126(1453): StatusBarService hears intent. action: com.lab126.intent.TOP_WINDOW_CHANGED
04-09 17:31:30.665: I/LAB126(1453): window changed
04-09 17:31:32.220: D/ActivityManager(1386): Starting: Intent { act=android.intent.action.MAIN cat=[android.intent.category.LAUNCHER] flg=0x10200000 pkg=com.appcelerator.kitchensinknook cmp=com.appcelerator.kitchensinknook/.KitchensinkNookActivity } from pid 1470
04-09 17:31:32.321: D/dalvikvm(1386): GC_EXTERNAL_ALLOC freed 412K, 58% free 5604K/13319K, external 6271K/6451K, paused 54ms
04-09 17:31:32.720: W/ActivityManager(1386): Activity pause timeout for HistoryRecord{407c03d0 com.amazon.kindle.otter/.AppsLibraryActivity}
04-09 17:31:32.735: I/LAB126(1453): StatusBarService hears intent. action: com.lab126.intent.TOP_WINDOW_CHANGED
04-09 17:31:32.735: I/LAB126(1453): window changed
04-09 17:31:32.735: I/LAB126(1453): don't set softkey config for 'Starting...' window
04-09 17:31:33.516: I/PackageManager(1386): Updating external media status from unmounted to unmounted
04-09 17:31:33.516: D/Vold(1285): Volume sdcard state changing 7 (Shared-Unmounted) -> 1 (Idle-Unmounted)
04-09 17:31:33.516: I/StorageNotification(1453): Media state changed from {shared} -> {unmounted}
04-09 17:31:33.524: D/Tethering(1386): sendTetherStateChangedBroadcast 1, 0, 0
04-09 17:31:33.524: D/Tethering(1386): interfaceAdded :usb0
04-09 17:31:33.563: D/VoldCmdListener(1285): volume shared /mnt/sdcard ums
04-09 17:31:33.563: D/VoldCmdListener(1285): volume mount /mnt/sdcard
04-09 17:31:33.563: I/Vold(1285): /dev/block/vold/179:12 being considered for volume sdcard
04-09 17:31:33.563: D/Vold(1285): Volume sdcard state changing 1 (Idle-Unmounted) -> 3 (Checking)
04-09 17:31:33.571: I/StorageNotification(1453): Media state changed from {unmounted} -> {checking}
04-09 17:31:33.579: I//system/bin/fsck_msdos(1285): ** /dev/block/vold/179:12
04-09 17:31:33.993: I//system/bin/fsck_msdos(1285): ** Phase 1 - Read FAT (compare skipped)
04-09 17:31:33.993: I//system/bin/fsck_msdos(1285): Attempting to allocate 10242 KB for FAT
04-09 17:31:34.251: E/TiBaseActivity(5495): (main) [10015,3428711] Layout cleanup.
04-09 17:31:34.266: E/TiBaseActivity(5495): (main) [16,3428727] Layout cleanup.
04-09 17:31:34.266: E/TiBaseActivity(5495): (main) [5,3428732] Layout cleanup.
04-09 17:31:34.274: E/TiBaseActivity(5495): (main) [3,3428735] Layout cleanup.
04-09 17:31:34.274: E/TiBaseActivity(5495): (main) [4,3428739] Layout cleanup.
04-09 17:31:34.290: E/TiBaseActivity(5495): (main) [13,3428752] Layout cleanup.
04-09 17:31:34.298: I/TiRootActivity(5495): (main) [0,0] checkpoint, on root activity create, savedInstanceState: null
04-09 17:31:34.899: W/TiTempFileHelper(5495): (main) [603,603] The external temp directory doesn't exist, skipping cleanup
04-09 17:31:35.345: I/ActivityManager(1386): Process com.android.quicksearchbox (pid 2558) has died.
04-09 17:31:35.368: I/DEBUG(1287): *** *** *** *** *** *** *** *** *** *** *** *** *** *** *** ***
