04-09 17:31:35.368: I/DEBUG(1287): Build fingerprint: 'generic/blaze/blaze:2.3.4/GINGERBREAD/6.3_user_4019920:user/release-keys'
04-09 17:31:35.368: I/DEBUG(1287): pid: 5495, tid: 5504 >>> com.appcelerator.kitchensinknook <<<
04-09 17:31:35.368: I/DEBUG(1287): signal 11 (SIGSEGV), code 1 (SEGV_MAPERR), fault addr 00000013
04-09 17:31:35.368: I/DEBUG(1287): r0 00000000 r1 22a00001 r2 00000008 r3 0000000b
04-09 17:31:35.368: I/DEBUG(1287): r4 28ffd9b1 r5 46a17a74 r6 22a00001 r7 00000000
04-09 17:31:35.368: I/DEBUG(1287): r8 46a17ab4 r9 00241548 10 40d2a198 fp 800a5368
04-09 17:31:35.368: I/DEBUG(1287): ip 814a36c0 sp 46a17a50 lr 81237c40 pc 81146290 cpsr 80000110
04-09 17:31:35.368: I/DEBUG(1287): d0 6944657669746103 d1 726b2f726f746102
04-09 17:31:35.368: I/DEBUG(1287): d2 746e75722f6c6c02 d3 562f38762f656d00
04-09 17:31:35.368: I/DEBUG(1287): d4 6e6b6e69736e6568 d5 41d3e0dfd9c00000
04-09 17:31:35.368: I/DEBUG(1287): d6 408f400000000000 d7 4273699a9abc4de3
04-09 17:31:35.368: I/DEBUG(1287): d8 4140000040834078 d9 4362186e00000000
04-09 17:31:35.368: I/DEBUG(1287): d10 4331c35040945b40 d11 000000004331c350
04-09 17:31:35.368: I/DEBUG(1287): d12 0000000000000000 d13 0000000000000000
04-09 17:31:35.368: I/DEBUG(1287): d14 0000000000000000 d15 0000000000000000
04-09 17:31:35.368: I/DEBUG(1287): d16 0000000040cb68a8 d17 412e848000000000
04-09 17:31:35.368: I/DEBUG(1287): d18 547d42aea2879f2e d19 412e848000000000
04-09 17:31:35.368: I/DEBUG(1287): d20 4059000000000000 d21 8000000000000000
04-09 17:31:35.368: I/DEBUG(1287): d22 c043800000000000 d23 3ff0000000000000
04-09 17:31:35.368: I/DEBUG(1287): d24 3ff0000000000000 d25 0000000000000000
04-09 17:31:35.368: I/DEBUG(1287): d26 4041800000000000 d27 0000000000000000
04-09 17:31:35.368: I/DEBUG(1287): d28 0000000000000000 d29 4062e00000000000
04-09 17:31:35.368: I/DEBUG(1287): d30 4062e00000000000 d31 3ff0000000000000
04-09 17:31:35.368: I/DEBUG(1287): scr 30000013
04-09 17:31:35.376: I//system/bin/fsck_msdos(1285): ** Phase 2 - Check Cluster Chains
04-09 17:31:35.431: I/DEBUG(1287): #00 pc 81146290 /data/data/com.appcelerator.kitchensinknook/lib/libkroll-v8.so
04-09 17:31:35.431: I/DEBUG(1287): #01 lr 81237c40 /data/data/com.appcelerator.kitchensinknook/lib/libkroll-v8.so
04-09 17:31:35.431: I/DEBUG(1287): code around pc:
04-09 17:31:35.431: I/DEBUG(1287): 81146270 e3c32d7f e3c2203f e5922014 e5922140
04-09 17:31:35.431: I/DEBUG(1287): 81146280 e1530002 012fff1e e590000b eaffffeb
04-09 17:31:35.431: I/DEBUG(1287): 81146290 e5903013 e2032003 e3520001 1a000002
04-09 17:31:35.431: I/DEBUG(1287): 811462a0 ea00000c e5903007 e5930017 e2003003
04-09 17:31:35.431: I/DEBUG(1287): 811462b0 e3530001 1afffffa e5103001 e3c32d7f
04-09 17:31:35.431: I/DEBUG(1287): code around lr:
04-09 17:31:35.431: I/DEBUG(1287): 81237c20 e8bd41f0 eaffe90b e59f3070 e79f3003
04-09 17:31:35.431: I/DEBUG(1287): 81237c30 e5930000 eb00536a e5900544 ebfc3993
04-09 17:31:35.438: I/DEBUG(1287): 81237c40 e2043003 e3530001 e1a07000 0a000006
04-09 17:31:35.438: I/DEBUG(1287): 81237c50 e1a00004 ebff8f4f e3500000 0affffda
04-09 17:31:35.438: I/DEBUG(1287): 81237c60 e597004f ebff7b21 eaffffd7 e5143001
04-09 17:31:35.438: I/DEBUG(1287): stack:
04-09 17:31:35.438: I/DEBUG(1287): 46a17a10 4f837f67
04-09 17:31:35.438: I/DEBUG(1287): 46a17a14 00059144
04-09 17:31:35.438: I/DEBUG(1287): 46a17a18 0021fbc0
04-09 17:31:35.438: I/DEBUG(1287): 46a17a1c 811a3da8 /data/data/com.appcelerator.kitchensinknook/lib/libkroll-v8.so
04-09 17:31:35.438: I/DEBUG(1287): 46a17a20 01283e14
04-09 17:31:35.438: I/DEBUG(1287): 46a17a24 40834078
04-09 17:31:35.438: I/DEBUG(1287): 46a17a28 41400000
04-09 17:31:35.438: I/DEBUG(1287): 46a17a2c 00000000
04-09 17:31:35.438: I/DEBUG(1287): 46a17a30 4362186e
04-09 17:31:35.438: I/DEBUG(1287): 46a17a34 40945b40
04-09 17:31:35.438: I/DEBUG(1287): 46a17a38 4331c350
04-09 17:31:35.438: I/DEBUG(1287): 46a17a3c 0021fbc0
04-09 17:31:35.438: I/DEBUG(1287): 46a17a40 814a35e8
04-09 17:31:35.438: I/DEBUG(1287): 46a17a44 0021fb68
04-09 17:31:35.438: I/DEBUG(1287): 46a17a48 df002777
04-09 17:31:35.438: I/DEBUG(1287): 46a17a4c e3a070ad
04-09 17:31:35.438: I/DEBUG(1287): 46a17a50 22a00001
04-09 17:31:35.438: I/DEBUG(1287): 46a17a54 46a17a74
04-09 17:31:35.438: I/DEBUG(1287): 46a17a58 28ffd9b1
04-09 17:31:35.438: I/DEBUG(1287): 46a17a5c 28ffd9b1
04-09 17:31:35.438: I/DEBUG(1287): 46a17a60 46a17ab4
04-09 17:31:35.438: I/DEBUG(1287): 46a17a64 81237ce0 /data/data/com.appcelerator.kitchensinknook/lib/libkroll-v8.so
04-09 17:31:35.438: I/DEBUG(1287): 46a17a68 000002b3
04-09 17:31:35.438: I/DEBUG(1287): 46a17a6c 00000186
04-09 17:31:35.438: I/DEBUG(1287): 46a17a70 00000001
04-09 17:31:35.438: I/DEBUG(1287): 46a17a74 00000000
04-09 17:31:35.438: I/DEBUG(1287): 46a17a78 00000006
04-09 17:31:35.438: I/DEBUG(1287): 46a17a7c 8119c680 /data/data/com.appcelerator.kitchensinknook/lib/libkroll-v8.so
04-09 17:31:35.438: I/DEBUG(1287): 46a17a80 00000001
04-09 17:31:35.438: I/DEBUG(1287): 46a17a84 00000000
04-09 17:31:35.438: I/DEBUG(1287): 46a17a88 0021fb68
04-09 17:31:35.438: I/DEBUG(1287): 46a17a8c 002363b8
04-09 17:31:35.438: I/DEBUG(1287): 46a17a90 00241548
04-09 17:31:35.438: I/DEBUG(1287): 46a17a94 002353c4
04-09 17:31:35.438: I/DEBUG(1287): 46a17a98 002353c0
04-09 17:31:35.438: I/DEBUG(1287): 46a17a9c 8128f064 /data/data/com.appcelerator.kitchensinknook/lib/libkroll-v8.so
04-09 17:31:35.446: I/DEBUG(1287): 46a17aa0 814a35e8
04-09 17:31:35.446: I/DEBUG(1287): 46a17aa4 00000006
04-09 17:31:35.446: I/DEBUG(1287): 46a17aa8 8140c6e6 /data/data/com.appcelerator.kitchensinknook/lib/libkroll-v8.so
04-09 17:31:35.446: I/DEBUG(1287): 46a17aac 81170060 /data/data/com.appcelerator.kitchensinknook/lib/libkroll-v8.so
04-09 17:31:35.446: I/DEBUG(1287): 46a17ab0 22a00001
04-09 17:31:35.446: I/DEBUG(1287): 46a17ab4 800a9b00
04-09 17:31:35.446: I/DEBUG(1287): 46a17ab8 8140c6e0 /data/data/com.appcelerator.kitchensinknook/lib/libkroll-v8.so
04-09 17:31:35.446: I/DEBUG(1287): 46a17abc 00000006
04-09 17:31:35.446: I/DEBUG(1287): 46a17ac0 814a35e8
04-09 17:31:35.446: I/DEBUG(1287): 46a17ac4 0021fb68
04-09 17:31:35.446: I/DEBUG(1287): 46a17ac8 002353c0
04-09 17:31:35.446: I/DEBUG(1287): 46a17acc 00241548
04-09 17:31:35.446: I/DEBUG(1287): 46a17ad0 00001ccc
04-09 17:31:35.446: I/DEBUG(1287): 46a17ad4 81190bd4 /data/data/com.appcelerator.kitchensinknook/lib/libkroll-v8.so
04-09 17:31:35.446: I/DEBUG(1287): 46a17ad8 0021fb68
04-09 17:31:35.446: I/DEBUG(1287): 46a17adc 0021fbc0
04-09 17:31:35.446: I/DEBUG(1287): 46a17ae0 00241548
04-09 17:31:35.446: I/DEBUG(1287): 46a17ae4 002353c0
04-09 17:31:35.446: I/DEBUG(1287): 46a17ae8 00000004
04-09 17:31:35.446: I/DEBUG(1287): 46a17aec 00241548
04-09 17:31:35.446: I/DEBUG(1287): 46a17af0 40d2a198
04-09 17:31:35.446: I/DEBUG(1287): 46a17af4 8111a714 /data/data/com.appcelerator.kitchensinknook/lib/libkroll-v8.so
04-09 17:31:35.446: I/DEBUG(1287): 46a17af8 814a35e8
04-09 17:31:35.446: I/DEBUG(1287): 46a17afc 40d2a3b0
04-09 17:31:35.446: I/DEBUG(1287): 46a17b00 46a17b24
04-09 17:31:35.446: I/DEBUG(1287): 46a17b04 000012f4
04-09 17:31:35.446: I/DEBUG(1287): 46a17b08 00000000
04-09 17:31:35.446: I/DEBUG(1287): 46a17b0c 810717d9 /data/data/com.appcelerator.kitchensinknook/lib/libkroll-v8.so
04-09 17:31:35.446: I/DEBUG(1287): 46a17b10 111ee3a6
04-09 17:31:35.446: I/DEBUG(1287): 46a17b14 00000000
04-09 17:31:35.446: I/DEBUG(1287): 46a17b18 0000002b
04-09 17:31:35.446: I/DEBUG(1287): 46a17b1c 80074899 /system/lib/libdvm.so
04-09 17:31:35.446: I/DEBUG(1287): 46a17b20 46a17c08
04-09 17:31:35.454: I/DEBUG(1287): 46a17b24 0021fb68
04-09 17:31:35.454: I/DEBUG(1287): 46a17b28 00000000
04-09 17:31:35.454: I/DEBUG(1287): 46a17b2c 00000000
04-09 17:31:35.454: I/DEBUG(1287): 46a17b30 00001300
04-09 17:31:35.454: I/DEBUG(1287): 46a17b34 4447bf40
04-09 17:31:35.454: I/DEBUG(1287): 46a17b38 46a17c08
04-09 17:31:35.454: I/DEBUG(1287): 46a17b3c 00090768
04-09 17:31:35.454: I/DEBUG(1287): 46a17b40 46a17b88
04-09 17:31:35.454: I/DEBUG(1287): 46a17b44 00000000
04-09 17:31:35.454: I/DEBUG(1287): 46a17b48 46a17c10
04-09 17:31:35.454: I/DEBUG(1287): 46a17b4c 45ca2eec
04-09 17:31:35.454: I/DEBUG(1287): 46a17b50 46a17b64
04-09 17:31:35.454: I/DEBUG(1287): 46a17b54 45ca2ee0
04-09 17:31:35.454: I/DEBUG(1287): 46a17b58 0021b6b0
04-09 17:31:35.454: I/DEBUG(1287): 46a17b5c 80017e38 /system/lib/libdvm.so
04-09 17:31:35.454: I/DEBUG(1287): 46a17b60 40cc8fc8
04-09 17:31:35.462: I/DEBUG(1287): 46a17b64 40643b70
04-09 17:31:35.462: I/DEBUG(1287): 46a17b68 00218ef0
04-09 17:31:35.462: I/DEBUG(1287): 46a17b6c 00000001
04-09 17:31:35.462: I/DEBUG(1287): 46a17b70 46a17c10
04-09 17:31:35.462: I/DEBUG(1287): 46a17b74 45ca2edc
04-09 17:31:35.462: I/DEBUG(1287): 46a17b78 4447b778
04-09 17:31:35.462: I/DEBUG(1287): 46a17b7c 00000000
04-09 17:31:35.462: I/DEBUG(1287): 46a17b80 46a17b88
04-09 17:31:35.462: I/DEBUG(1287): 46a17b84 8004977f /system/lib/libdvm.so
04-09 17:31:35.462: I/DEBUG(1287): 46a17b88 45ca2edc
04-09 17:31:35.462: I/DEBUG(1287): 46a17b8c 468b6f48
04-09 17:31:35.462: I/DEBUG(1287): 46a17b90 81071729 /data/data/com.appcelerator.kitchensinknook/lib/libkroll-v8.so
04-09 17:31:35.462: I/DEBUG(1287): 46a17b94 46a17c10
04-09 17:31:35.462: I/DEBUG(1287): 46a17b98 4681d4f8
04-09 17:31:35.462: I/DEBUG(1287): 46a17b9c 45ca2f00
04-09 17:31:35.462: I/DEBUG(1287): 46a17ba0 46a17c08
04-09 17:31:35.462: I/DEBUG(1287): 46a17ba4 4063a108
04-09 17:31:35.462: I/DEBUG(1287): 46a17ba8 80018000 /system/lib/libdvm.so
04-09 17:31:35.462: I/DEBUG(1287): 46a17bac 00218ef0
04-09 17:31:35.462: I/DEBUG(1287): 46a17bb0 45ca2ec8
04-09 17:31:35.462: I/DEBUG(1287): 46a17bb4 8001d04c /system/lib/libdvm.so
04-09 17:31:35.462: I/DEBUG(1287): 46a17bb8 00000000
04-09 17:31:35.462: I/DEBUG(1287): 46a17bbc 46a17c08
04-09 17:31:35.462: I/DEBUG(1287): 46a17bc0 00000001
04-09 17:31:35.462: I/DEBUG(1287): 46a17bc4 00240b60
04-09 17:31:35.462: I/DEBUG(1287): 46a17bc8 00218ef8
04-09 17:31:35.462: I/DEBUG(1287): 46a17bcc 00090768
04-09 17:31:35.462: I/DEBUG(1287): 46a17bd0 800aad38
04-09 17:31:35.462: I/DEBUG(1287): 46a17bd4 fffffe84
04-09 17:31:35.462: I/DEBUG(1287): 46a17bd8 800a5368
04-09 17:31:35.462: I/DEBUG(1287): 46a17bdc 80022100 /system/lib/libdvm.so
04-09 17:31:35.462: I/DEBUG(1287): 46a17be0 46a17c08
04-09 17:31:35.462: I/DEBUG(1287): 46a17be4 00218ef0
04-09 17:31:35.462: I/DEBUG(1287): 46a17be8 80022070 /system/lib/libdvm.so
04-09 17:31:35.462: I/DEBUG(1287): 46a17bec 4447c308
04-09 17:31:35.462: I/DEBUG(1287): 46a17bf0 00000000
04-09 17:31:35.462: I/DEBUG(1287): 46a17bf4 80020ff0 /system/lib/libdvm.so
04-09 17:31:35.462: I/DEBUG(1287): 46a17bf8 00000000
04-09 17:31:35.462: I/DEBUG(1287): 46a17bfc 00000000
04-09 17:31:35.462: I/DEBUG(1287): 46a17c00 00000000
04-09 17:31:35.462: I/DEBUG(1287): 46a17c04 46a17ed8
04-09 17:31:35.462: I/DEBUG(1287): 46a17c08 4681a950
04-09 17:31:35.462: I/DEBUG(1287): 46a17c0c 45ca2f24
04-09 17:31:35.462: I/DEBUG(1287): 46a17c10 40d2a198
04-09 17:31:35.462: I/DEBUG(1287): 46a17c14 00000000
04-09 17:31:35.462: I/DEBUG(1287): 46a17c18 4447b880
04-09 17:31:35.462: I/DEBUG(1287): 46a17c1c 00090768
04-09 17:31:35.462: I/DEBUG(1287): 46a17c20 00218ef0
04-09 17:31:35.462: I/DEBUG(1287): 46a17c24 46a17bb8
04-09 17:31:35.462: I/DEBUG(1287): 46a17c28 45c9f300
04-09 17:31:35.462: I/DEBUG(1287): 46a17c2c 00218ef8
04-09 17:31:35.462: I/DEBUG(1287): 46a17c30 43a08f70
04-09 17:31:35.462: I/DEBUG(1287): 46a17c34 800ab066
04-09 17:31:35.462: I/DEBUG(1287): 46a17c38 800ab0a8
04-09 17:31:35.462: I/DEBUG(1287): 46a17c3c 00000000
04-09 17:31:35.462: I/DEBUG(1287): 46a17c40 00000000
04-09 17:31:35.657: I//system/bin/fsck_msdos(1285): ** Phase 3 - Checking Directories
04-09 17:31:35.743: I//system/bin/fsck_msdos(1285): /.Spotlight-V100/Store-V1/Stores/2CE7BC71-21CE-4CE3-8F92-EF91EB439B8D/PSID.DB has too many clusters allocated
04-09 17:31:35.743: I//system/bin/fsck_msdos(1285): FIXED
04-09 17:31:35.813: I//system/bin/fsck_msdos(1285): ** Phase 4 - Checking for Lost Files
04-09 17:31:35.923: I//system/bin/fsck_msdos(1285): Free space in FSInfo block (2602534) not correct (2602590)
04-09 17:31:35.923: I//system/bin/fsck_msdos(1285): FIXED
04-09 17:31:35.923: I//system/bin/fsck_msdos(1285): Next free cluster in FSInfo block (9221) not free
04-09 17:31:35.923: I//system/bin/fsck_msdos(1285): FIXED
04-09 17:31:35.923: I//system/bin/fsck_msdos(1285): FIXED
04-09 17:31:35.993: I//system/bin/fsck_msdos(1285): Attempting to allocate 10242 KB for FAT
04-09 17:31:36.102: I/ActivityManager(1386): Process com.amazon.cloud9 (pid 3860) has died.
04-09 17:31:36.423: I//system/bin/fsck_msdos(1285): 777 files, 1010876 free (2602590 clusters)
04-09 17:31:36.423: I//system/bin/fsck_msdos(1285): FIXED
04-09 17:31:36.423: I//system/bin/fsck_msdos(1285): MARKING FILE SYSTEM CLEAN
04-09 17:31:36.587: D/IconMerger(1453): notification for com.android.systemui (1)
04-09 17:31:36.587: D/IconMerger(1453): sum of notifications: 1
04-09 17:31:38.071: I/BootReceiver(1386): Copying /data/tombstones/tombstone_03 to DropBox (SYSTEM_TOMBSTONE)
04-09 17:31:38.079: I/DEBUG(1287): debuggerd committing suicide to free the zombie!
04-09 17:31:38.079: I/DEBUG(7082): debuggerd: Mar 21 2012 19:37:04
04-09 17:31:38.118: D/Zygote(1288): Process 5495 terminated by signal (11)
04-09 17:31:38.118: I/ActivityManager(1386): Process com.appcelerator.kitchensinknook (pid 5495) has died.
04-09 17:31:38.220: W/InputManagerService(1386): Window already focused, ignoring focus gain of: com.android.internal.view.IInputMethodClient$Stub$Proxy@408b1d40
04-09 17:31:38.290: I/LAB126(1453): StatusBarService hears intent. action: com.lab126.intent.TOP_WINDOW_CHANGED
04-09 17:31:38.290: I/LAB126(1453): window changed
04-09 17:31:41.876: I//system/bin/fsck_msdos(1285): ***** FILE SYSTEM WAS MODIFIED *****
04-09 17:31:41.876: I/logwrapper(1285): /system/bin/fsck_msdos terminated by exit(4)
04-09 17:31:41.876: W/Vold(1285): Filesystem modified - rechecking (pass 2)
04-09 17:31:41.884: I/PackageManager(1386): Updating external media status from unmounted to mounted
04-09 17:31:41.884: I/Vold(1285): Device /dev/block/vold/179:12, target /mnt/sdcard mounted @ /mnt/secure/staging
04-09 17:31:41.884: D/Vold(1285): Volume sdcard state changing 3 (Checking) -> 4 (Mounted)
04-09 17:31:41.884: I/StorageNotification(1453): Media state changed from {checking} -> {mounted}
04-09 17:31:41.891: I/PackageManager(1386): No secure containers on sdcard
04-09 17:31:41.891: D/VoldCmdListener(1285): volume unshare /mnt/sdcard ums
04-09 17:31:41.891: W/Vold(1285): Returning OperationFailed - no handler for errno 22
04-09 17:31:41.891: E/MountService(1386): Failed to share/unshare
04-09 17:31:41.891: E/MountService(1386): com.android.server.NativeDaemonConnectorException: Cmd {volume unshare /mnt/sdcard ums} failed with code 400 : {volume operation failed (Invalid argument)}
04-09 17:31:41.891: E/MountService(1386): at com.android.server.NativeDaemonConnector.doCommand(NativeDaemonConnector.java:259)
04-09 17:31:41.891: E/MountService(1386): at com.android.server.MountService.doShareUnshareVolume(MountService.java:508)
04-09 17:31:41.891: E/MountService(1386): at com.android.server.MountService.setUsbMassStorageEnabled(MountService.java:1231)
04-09 17:31:41.891: E/MountService(1386): at android.os.storage.IMountService$Stub.onTransact(IMountService.java:683)
04-09 17:31:41.891: E/MountService(1386): at android.os.Binder.execTransact(Binder.java:320)
04-09 17:31:41.891: E/MountService(1386): at dalvik.system.NativeStart.run(Native Method)
04-09 17:31:41.891: D/VoldCmdListener(1285): volume mount /mnt/sdcard
04-09 17:31:41.891: D/IconMerger(1453): sum of notifications: 0
04-09 17:31:41.891: E/MountService(1386): Failed to remount /mnt/sdcard after disabling share method ums
04-09 17:31:41.891: D/VoldCmdListener(1285): asec list
04-09 17:31:41.899: W/PackageManager(1386): Not granting permission com.amazon.dcp.metrics.permission.METRICS_PERMISSION to package com.imdb.mobile (protectionLevel=2 flags=0x8be45)
04-09 17:31:41.899: W/PackageManager(1386): Unknown permission com.google.android.googleapps.permission.GOOGLE_AUTH.mail in package com.android.contacts
04-09 17:31:41.907: W/PackageManager(1386): Unknown permission android.permission.DEVICE_ADMIN in package com.lab126.otter
04-09 17:31:41.907: W/PackageManager(1386): Unknown permission com.google.android.googleapps.permission.GOOGLE_AUTH in package com.android.providers.calendar
04-09 17:31:41.907: W/PackageManager(1386): Unknown permission com.google.android.googleapps.permission.GOOGLE_AUTH.cl in package com.android.providers.calendar
04-09 17:31:41.907: W/PackageManager(1386): Unknown permission org.thialfihar.android.apg.permission.READ_KEY_DETAILS in package com.amazon.email
04-09 17:31:41.907: W/PackageManager(1386): Not granting permission com.amazon.dcp.metrics.permission.METRICS_PERMISSION to package com.cooliris.media (protectionLevel=2 flags=0x8bc45)
04-09 17:31:41.915: W/PackageManager(1386): Unknown permission com.google.android.googleapps.permission.GOOGLE_AUTH in package com.android.providers.contacts
04-09 17:31:41.915: W/PackageManager(1386): Unknown permission com.google.android.googleapps.permission.GOOGLE_AUTH.cp in package com.android.providers.contacts
04-09 17:31:41.915: W/PackageManager(1386): Unknown permission com.google.android.gm.permission.WRITE_GMAIL in package com.android.settings
04-09 17:31:41.915: W/PackageManager(1386): Unknown permission com.google.android.gm.permission.READ_GMAIL in package com.android.settings
04-09 17:31:41.915: W/PackageManager(1386): Unknown permission com.google.android.googleapps.permission.GOOGLE_AUTH in package com.android.settings
04-09 17:31:41.923: W/PackageManager(1386): Unknown permission com.android.launcher.permission.READ_SETTINGS in package com.android.settings
04-09 17:31:41.923: W/PackageManager(1386): Unknown permission com.android.launcher.permission.WRITE_SETTINGS in package com.android.settings
04-09 17:31:41.923: W/PackageManager(1386): Unknown permission com.android.launcher.permission.INSTALL_SHORTCUT in package com.amazon.cloud9
04-09 17:31:41.923: W/PackageManager(1386): Unknown permission android.webkit.permission.PLUGIN in package com.adobe.flashplayer
04-09 17:31:41.923: W/PackageManager(1386): Unknown permission com.google.android.providers.gmail.permission.WRITE_GMAIL in package com.qo.android.oemvc
04-09 17:31:41.923: W/PackageManager(1386): Unknown permission com.google.android.providers.gmail.permission.READ_GMAIL in package com.qo.android.oemvc
04-09 17:31:41.923: W/PackageManager(1386): Unknown permission com.google.android.gm.permission.READ_GMAIL in package com.qo.android.oemvc
04-09 17:31:41.923: W/PackageManager(1386): Unknown permission com.google.android.gm.permission.WRITE_GMAIL in package com.qo.android.oemvc
04-09 17:31:41.923: W/PackageManager(1386): Unknown permission android.permission.READ_OWNER_DATA in package com.qo.android.oemvc
04-09 17:31:41.923: W/PackageManager(1386): Unknown permission com.android.email.permission.ACCESS_PROVIDER in package com.qo.android.oemvc
04-09 17:31:41.923: W/PackageManager(1386): Unknown permission com.android.launcher.permission.INSTALL_SHORTCUT in package com.estrongs.android.pop
04-09 17:31:41.923: W/PackageManager(1386): Unknown permission com.android.launcher.permission.UNINSTALL_SHORTCUT in package com.estrongs.android.pop
04-09 17:31:41.923: W/PackageManager(1386): Unknown permission com.estrongs.android.pop.PERMISSION in package com.estrongs.android.pop
04-09 17:31:41.923: W/PackageManager(1386): Not granting permission com.amazon.dcp.metrics.permission.METRICS_PERMISSION to package com.alphonso.pulse (protectionLevel=2 flags=0x8be45)
04-09 17:31:42.493: I/BootReceiver(7048): Got intent with action android.intent.action.MEDIA_MOUNTED
04-09 17:31:42.540: I/ActivityManager(1386): Start proc com.amazon.email for broadcast com.amazon.email/.service.StorageReceiver: pid=7091 uid=10019 gids={3003, 1015}
04-09 17:31:42.595: D/MediaScannerService(2462): start scanning volume external
04-09 17:31:42.602: V/MediaProvider(2462): /mnt/sdcard volume ID: 252718362
04-09 17:31:42.610: I/ActivityThread(7091): Pub com.amazon.email.messageprovider: com.amazon.email.provider.MessageProvider
04-09 17:31:42.610: D/ContentProvider(7091): Videos folder exist
04-09 17:31:42.618: V/MediaProvider(2462): Attached volume: external
04-09 17:31:42.618: D/ContentProvider(7091): Pictures folder exists
04-09 17:31:42.626: I/ActivityThread(7091): Pub com.amazon.email.attachmentprovider: com.amazon.email.provider.AttachmentProvider
04-09 17:31:42.634: D/ContentProvider(7091): Videos folder exist
04-09 17:31:42.634: D/ContentProvider(7091): Pictures folder exists
04-09 17:31:42.634: I/com.amazon.dcp.metrics.CrashDetectionHelper(7091): Setting up crash detector.
04-09 17:31:42.641: I/AmazonEmail(7091): Loading preferences from DB into Storage
04-09 17:31:42.665: I/AmazonEmail(7091): Preferences load took 22ms
04-09 17:31:42.696: I/AmazonEmail(7091): Registered: unmount receiver
04-09 17:31:42.696: I/AmazonEmail(7091): Registered: shutdown receiver
04-09 17:31:42.704: V/AmazonEmail(7091): Registering content resolver notifier
04-09 17:31:42.704: I/AmazonEmail(7091): storage path "/mnt/sdcard" mounted readOnly=false
04-09 17:31:42.720: I/MailService(7091): connected: network state is CONNECTED, is available is true
04-09 17:31:42.720: I/MailService(7091): connected: AutoSync help is available, autoSync = true
04-09 17:31:42.727: D/dalvikvm(1386): GC_CONCURRENT freed 1791K, 58% free 5618K/13319K, external 5438K/6938K, paused 3ms+7ms
04-09 17:31:42.735: I/MailService(7091): connected: wifi -68
04-09 17:31:42.735: I/MailService(7091): connected: final hasConnectivity is true
04-09 17:31:42.735: I/MailService(7091): MailService.onStart(Intent { act=com.amazon.email.intent.action.MAIL_SERVICE_RESET cmp=com.amazon.email/.service.MailService (has extras) }, 1), hasConnectivity = true, doBackground = true
04-09 17:31:42.751: I/MailService(7091): connected: network state is CONNECTED, is available is true
04-09 17:31:42.751: I/MailService(7091): connected: AutoSync help is available, autoSync = true
04-09 17:31:42.766: I/MailService(7091): connected: wifi -68
04-09 17:31:42.766: I/MailService(7091): connected: final hasConnectivity is true
04-09 17:31:42.766: I/MailService(7091): MailService.onStart(Intent { act=com.amazon.email.intent.action.MAIL_SERVICE_RESET cmp=com.amazon.email/.service.MailService (has extras) }, 2), hasConnectivity = true, doBackground = true
04-09 17:31:42.774: I/MailService(7091): connected: network state is CONNECTED, is available is true
04-09 17:31:42.774: I/MailService(7091): connected: AutoSync help is available, autoSync = true
04-09 17:31:42.782: I/MailService(7091): connected: wifi -68
04-09 17:31:42.782: I/MailService(7091): connected: final hasConnectivity is true
04-09 17:31:42.782: I/MailService(7091): MailService.onStart(Intent { act=com.amazon.email.intent.action.MAIL_SERVICE_CONNECTIVITY_CHANGE cmp=com.amazon.email/.service.MailService }, 3), hasConnectivity = true, doBackground = true
04-09 17:31:42.954: D/MediaScanner(2462): found .nomedia, skipping directory
04-09 17:31:42.962: E/AmazonEmail(7091): isKeyInvalid: key is valid.
04-09 17:31:42.970: I/dalvikvm(7091): Total arena pages for JIT: 11
04-09 17:31:43.040: D/dalvikvm(7091): GC_CONCURRENT freed 470K, 50% free 3009K/5959K, external 847K/1181K, paused 1ms+2ms
04-09 17:31:43.079: D/MediaScanner(2462): found .nomedia, skipping directory
04-09 17:31:43.141: D/MediaScanner(2462): prescan time: 64ms
04-09 17:31:43.141: D/MediaScanner(2462): scan time: 450ms
04-09 17:31:43.141: D/MediaScanner(2462): postscan time: 0ms
04-09 17:31:43.141: D/MediaScanner(2462): total time: 514ms
04-09 17:31:43.141: D/MediaScannerService(2462): done scanning volume external
04-09 17:31:43.141: I/BootReceiver(7048): Got intent with action android.intent.action.MEDIA_SCANNER_FINISHED
04-09 17:31:43.259: D/dalvikvm(1386): GC_CONCURRENT freed 2032K, 58% free 5633K/13319K, external 4771K/5958K, paused 2ms+4ms
04-09 17:31:43.415: D/dalvikvm(1386): GC_CONCURRENT freed 1962K, 58% free 5603K/13319K, external 4771K/5958K, paused 2ms+4ms
04-09 17:31:43.579: D/dalvikvm(1386): GC_CONCURRENT freed 1928K, 58% free 5599K/13319K, external 4771K/5958K, paused 3ms+3ms
04-09 17:31:43.743: D/dalvikvm(1386): GC_CONCURRENT freed 1924K, 58% free 5598K/13319K, external 4771K/5958K, paused 2ms+3ms
04-09 17:31:43.868: D/dalvikvm(1386): GC_CONCURRENT freed 1901K, 58% free 5619K/13319K, external 4771K/5958K, paused 3ms+3ms
04-09 17:31:44.001: D/dalvikvm(1386): GC_CONCURRENT freed 1947K, 58% free 5599K/13319K, external 4771K/5958K, paused 3ms+4ms
04-09 17:31:44.079: D/dalvikvm(1386): GC_CONCURRENT freed 1926K, 58% free 5595K/13319K, external 4771K/5958K, paused 3ms+4ms
04-09 17:31:44.579: D/skia(7048): Loading ARM decoder...
04-09 17:31:44.618: D/dalvikvm(7048): GC_EXTERNAL_ALLOC freed 399K, 51% free 2824K/5703K, external 1181K/1181K, paused 27ms
04-09 17:31:44.618: D/skia(7048): Loading ARM encoder...
04-09 17:31:44.634: D/skia(7048): Loading ARM decoder...
04-09 17:31:44.641: D/skia(7048): Loading ARM encoder...
04-09 17:31:44.657: D/skia(7048): Loading ARM decoder...
04-09 17:31:44.673: D/skia(7048): Loading ARM encoder...
04-09 17:31:44.696: D/skia(7048): Loading ARM decoder...
04-09 17:31:44.712: D/skia(7048): Loading ARM encoder...
04-09 17:31:45.493: D/IconMerger(1453): notification for com.android.systemui (1)
04-09 17:31:45.493: D/IconMerger(1453): sum of notifications: 1