04-09 17:22:06.290: I/ActivityManager(1386): Displayed com.appcelerator.kitchensinknook/org.appcelerator.titanium.TiActivity: +627ms
04-09 17:22:06.852: D/dalvikvm(5495): GC_FOR_MALLOC freed 75K, 25% free 11039K/14663K, external 2061K/2573K, paused 84ms
04-09 17:22:13.235: V/DeviceStorageMonitorService(1386): mTotalMemory is 11734999
04-09 17:22:15.985: W/KeyCharacterMap(5495): No keyboard for id 0
04-09 17:22:15.985: W/KeyCharacterMap(5495): Using default keymap: /system/usr/keychars/qwerty.kcm.bin
04-09 17:22:15.985: D/LAB126(1453): got back button softkey click!
04-09 17:22:15.985: D/LAB126(1453): collapse because of back button
04-09 17:22:15.985: D/LAB126(1453): collapse softkeys
04-09 17:22:16.048: I/LAB126(1453): StatusBarService hears intent. action: com.lab126.intent.TOP_WINDOW_CHANGED
04-09 17:22:16.048: I/LAB126(1453): window changed
04-09 17:22:16.454: E/TiBaseActivity(5495): (main) [10382,2870919] Layout cleanup.
04-09 17:22:19.618: D/ActivityManager(1386): Starting: Intent { cmp=com.appcelerator.kitchensinknook/org.appcelerator.titanium.TiActivity (has extras) } from pid 5495
04-09 17:22:19.626: D/Window(5495): Loading window with URL: ../examples/xhr_filedownload.js
04-09 17:22:19.634: D/Module(5495): Loading module: ../examples/xhr_filedownload -> Resources/examples/xhr_filedownload.js
04-09 17:22:20.001: D/TiUIView(5495): (main) [3547,2874466] Nativeview is null
04-09 17:22:20.016: D/TiUIView(5495): (main) [14,2874480] Nativeview is null
04-09 17:22:20.048: I/LAB126(1453): StatusBarService hears intent. action: com.lab126.intent.TOP_WINDOW_CHANGED
04-09 17:22:20.048: I/LAB126(1453): window changed
04-09 17:22:20.235: I/ActivityManager(1386): Displayed com.appcelerator.kitchensinknook/org.appcelerator.titanium.TiActivity: +610ms
04-09 17:22:25.321: I/TiAPI(5495): ONDATASTREAM1 - PROGRESS: 0.4366939553661545
04-09 17:22:25.399: I/TiAPI(5495): ONDATASTREAM1 - PROGRESS: 0.8960412694852529
04-09 17:22:25.399: I/TiAPI(5495): ONDATASTREAM1 - PROGRESS: 1
04-09 17:22:25.399: I/TiAPI(5495): IN ONLOAD
04-09 17:22:25.431: E/v8(5495): > Heap::CollectGarbage Memory allocator, used: 23531520, New space, used: 1048360, Old pointers, used: 1701044, Old data space, used: 513244, Code space, used: 2734784, Map space, used: 278560, Cell space, used: 48000, Large object space, used: 856064
04-09 17:22:25.438: E/v8(5495): < Heap::CollectGarbage Memory allocator, used: 24096768, New space, used: 262136, Old pointers, used: 2250556, Old data space, used: 520940, Code space, used: 2734784, Map space, used: 278560, Cell space, used: 48000, Large object space, used: 897024
04-09 17:22:29.290: D/dalvikvm(1386): GC_CONCURRENT freed 1834K, 56% free 5701K/12679K, external 4771K/6451K, paused 3ms+4ms
04-09 17:22:29.438: D/dalvikvm(1386): GC_CONCURRENT freed 2015K, 56% free 5634K/12679K, external 4771K/6451K, paused 3ms+4ms
04-09 17:22:29.610: D/dalvikvm(1386): GC_CONCURRENT freed 1934K, 56% free 5631K/12679K, external 4771K/6451K, paused 2ms+4ms
04-09 17:22:29.673: I/TiAPI(5495): ONDATASTREAM1 - PROGRESS: 0.4366939553661545
04-09 17:22:29.759: I/TiAPI(5495): ONDATASTREAM1 - PROGRESS: 0.8960412694852529
04-09 17:22:29.759: I/TiAPI(5495): ONDATASTREAM1 - PROGRESS: 1
04-09 17:22:29.759: I/TiAPI(5495): IN ONLOAD
04-09 17:22:29.774: D/dalvikvm(1386): GC_CONCURRENT freed 1930K, 56% free 5631K/12679K, external 4771K/6451K, paused 2ms+5ms
04-09 17:22:29.962: D/dalvikvm(1386): GC_CONCURRENT freed 1930K, 56% free 5632K/12679K, external 4771K/6451K, paused 3ms+4ms
04-09 17:22:30.126: D/dalvikvm(1386): GC_CONCURRENT freed 1906K, 56% free 5656K/12679K, external 4771K/6451K, paused 2ms+3ms
04-09 17:22:30.251: D/dalvikvm(1386): GC_CONCURRENT freed 1924K, 56% free 5669K/12679K, external 4771K/6451K, paused 2ms+4ms
04-09 17:22:30.360: D/dalvikvm(1386): GC_CONCURRENT freed 1986K, 56% free 5615K/12679K, external 4771K/6451K, paused 2ms+3ms
04-09 17:22:30.438: D/dalvikvm(1386): GC_CONCURRENT freed 1925K, 56% free 5612K/12679K, external 4771K/6451K, paused 2ms+4ms
04-09 17:22:31.891: I/TiAPI(5495): ONDATASTREAM2 - PROGRESS: 0.4366939553661545
04-09 17:22:31.970: I/TiAPI(5495): ONDATASTREAM2 - PROGRESS: 0.8960412694852529
04-09 17:22:31.970: I/TiAPI(5495): ONDATASTREAM2 - PROGRESS: 1
04-09 17:22:40.368: D/LAB126(1453): got back button softkey click!
04-09 17:22:40.368: D/LAB126(1453): collapse because of back button
04-09 17:22:40.368: D/LAB126(1453): collapse softkeys
04-09 17:22:40.462: I/LAB126(1453): StatusBarService hears intent. action: com.lab126.intent.TOP_WINDOW_CHANGED
04-09 17:22:40.462: I/LAB126(1453): window changed
04-09 17:22:40.641: D/webviewglue(5495): nativeDestroy view: 0x451b08
04-09 17:22:40.641: D/webviewglue(5495): nativeDestroy view: 0xafdb98
04-09 17:22:40.641: D/webviewglue(5495): nativeDestroy view: 0x9afe80
04-09 17:22:40.641: E/TiBaseActivity(5495): (main) [20622,2895102] Layout cleanup.
04-09 17:22:40.735: D/dalvikvm(5495): GC_FOR_MALLOC freed 1485K, 30% free 10964K/15559K, external 2061K/2573K, paused 87ms
04-09 17:22:46.493: D/ActivityManager(1386): Starting: Intent { cmp=com.appcelerator.kitchensinknook/org.appcelerator.titanium.TiActivity (has extras) } from pid 5495
04-09 17:22:46.907: D/Window(5495): Loading window with URL: ../examples/xhr_utf8.js
04-09 17:22:46.931: D/Module(5495): Loading module: ../examples/xhr_utf8 -> Resources/examples/xhr_utf8.js
04-09 17:22:47.407: D/dalvikvm(5495): GC_FOR_MALLOC freed 448K, 29% free 11151K/15559K, external 2061K/2573K, paused 82ms
04-09 17:22:47.415: I/TiAPI(5495): in utf-8 onload for GET
04-09 17:22:48.079: I/TiAPI(5495): in utf-8 onload for GET with QS
04-09 17:22:48.079: I/TiAPI(5495): in utf-8 onload for POST
04-09 17:22:48.079: D/TiUIView(5495): (main) [7443,2902545] Nativeview is null
04-09 17:22:48.102: D/TiUIView(5495): (main) [21,2902566] Nativeview is null
04-09 17:22:48.141: I/LAB126(1453): StatusBarService hears intent. action: com.lab126.intent.TOP_WINDOW_CHANGED
04-09 17:22:48.141: I/LAB126(1453): window changed
04-09 17:22:48.321: I/ActivityManager(1386): Displayed com.appcelerator.kitchensinknook/org.appcelerator.titanium.TiActivity: +1s820ms
04-09 17:22:54.118: W/KeyCharacterMap(5495): No keyboard for id 0
04-09 17:22:54.118: W/KeyCharacterMap(5495): Using default keymap: /system/usr/keychars/qwerty.kcm.bin
04-09 17:22:54.118: D/LAB126(1453): got back button softkey click!
04-09 17:22:54.118: D/LAB126(1453): collapse because of back button
04-09 17:22:54.118: D/LAB126(1453): collapse softkeys
04-09 17:22:54.196: I/LAB126(1453): StatusBarService hears intent. action: com.lab126.intent.TOP_WINDOW_CHANGED
04-09 17:22:54.196: I/LAB126(1453): window changed
04-09 17:22:54.595: E/TiBaseActivity(5495): (main) [6488,2909054] Layout cleanup.
04-09 17:22:55.720: D/ActivityManager(1386): Starting: Intent { cmp=com.appcelerator.kitchensinknook/org.appcelerator.titanium.TiActivity (has extras) } from pid 5495
04-09 17:22:55.727: D/Window(5495): Loading window with URL: ../examples/xhr_cookie.js
04-09 17:22:55.735: D/Module(5495): Loading module: ../examples/xhr_cookie -> Resources/examples/xhr_cookie.js
04-09 17:22:56.040: W/TiUIScrollView(5495): (main) [1445,2910499] Scroll direction could not be determined based on the provided view properties. Default VERTICAL scroll direction being used. Use the 'scrollType' property to explicitly set the scrolling direction.
04-09 17:22:56.048: D/TiUIView(5495): (main) [12,2910511] Nativeview is null
04-09 17:22:56.071: D/TiUIView(5495): (main) [20,2910531] Nativeview is null
04-09 17:22:56.118: I/LAB126(1453): StatusBarService hears intent. action: com.lab126.intent.TOP_WINDOW_CHANGED
04-09 17:22:56.118: I/LAB126(1453): window changed
04-09 17:22:56.157: D/LatinKeyboard(1462): Setting IME options
04-09 17:22:56.212: D/LatinKeyboard(1462): Setting IME options
04-09 17:22:56.282: I/ActivityManager(1386): Displayed com.appcelerator.kitchensinknook/org.appcelerator.titanium.TiActivity: +562ms
04-09 17:22:56.337: D/dalvikvm(1462): GC_EXTERNAL_ALLOC freed 134K, 52% free 2960K/6087K, external 2655K/2848K, paused 62ms
04-09 17:23:13.243: V/DeviceStorageMonitorService(1386): mTotalMemory is 11734999
04-09 17:23:27.181: D/LAB126(1453): got back button softkey click!
04-09 17:23:27.181: D/LAB126(1453): collapse because of back button
04-09 17:23:27.181: D/LAB126(1453): collapse softkeys
04-09 17:23:27.259: I/LAB126(1453): StatusBarService hears intent. action: com.lab126.intent.TOP_WINDOW_CHANGED
04-09 17:23:27.259: I/LAB126(1453): window changed
04-09 17:23:27.352: D/dalvikvm(1386): GC_CONCURRENT freed 1782K, 56% free 5633K/12679K, external 4771K/6451K, paused 3ms+5ms
04-09 17:23:28.188: E/TiBaseActivity(5495): (main) [32121,2942652] Layout cleanup.
04-09 17:23:30.626: D/dalvikvm(1386): GC_CONCURRENT freed 1904K, 56% free 5659K/12679K, external 4771K/6451K, paused 2ms+4ms
04-09 17:23:30.766: D/dalvikvm(1386): GC_CONCURRENT freed 1977K, 56% free 5619K/12679K, external 4771K/6451K, paused 3ms+3ms
04-09 17:23:30.915: D/dalvikvm(1386): GC_CONCURRENT freed 1909K, 56% free 5638K/12679K, external 4771K/6451K, paused 3ms+3ms
04-09 17:23:31.329: D/dalvikvm(1386): GC_CONCURRENT freed 1950K, 56% free 5620K/12679K, external 4771K/6451K, paused 7ms+11ms
04-09 17:23:31.798: D/dalvikvm(1386): GC_CONCURRENT freed 1896K, 56% free 5639K/12679K, external 4771K/6451K, paused 6ms+11ms
04-09 17:23:32.220: D/dalvikvm(1386): GC_CONCURRENT freed 1917K, 56% free 5655K/12679K, external 4771K/6451K, paused 7ms+10ms
04-09 17:23:32.571: D/dalvikvm(1386): GC_CONCURRENT freed 1974K, 56% free 5618K/12679K, external 4771K/6451K, paused 7ms+10ms
04-09 17:23:32.774: D/dalvikvm(1386): GC_CONCURRENT freed 1940K, 56% free 5601K/12679K, external 4771K/6451K, paused 6ms+11ms
04-09 17:23:52.915: D/ActivityManager(1386): Starting: Intent { cmp=com.appcelerator.kitchensinknook/org.appcelerator.titanium.TiActivity (has extras) } from pid 5495
04-09 17:23:52.931: D/Window(5495): Loading window with URL: ../examples/xhr_cookie.js
04-09 17:23:52.931: D/Module(5495): Loading module: ../examples/xhr_cookie -> Resources/examples/xhr_cookie.js
04-09 17:23:53.235: W/TiUIScrollView(5495): (main) [25044,2967696] Scroll direction could not be determined based on the provided view properties. Default VERTICAL scroll direction being used. Use the 'scrollType' property to explicitly set the scrolling direction.
04-09 17:23:53.243: D/TiUIView(5495): (main) [13,2967709] Nativeview is null
04-09 17:23:53.266: D/TiUIView(5495): (main) [17,2967726] Nativeview is null
04-09 17:23:53.306: I/LAB126(1453): StatusBarService hears intent. action: com.lab126.intent.TOP_WINDOW_CHANGED
04-09 17:23:53.306: I/LAB126(1453): window changed
04-09 17:23:53.313: D/LatinKeyboard(1462): Setting IME options
04-09 17:23:53.446: D/dalvikvm(1462): GC_EXTERNAL_ALLOC freed 38K, 52% free 2943K/6087K, external 3301K/3380K, paused 35ms
04-09 17:23:53.477: I/ActivityManager(1386): Displayed com.appcelerator.kitchensinknook/org.appcelerator.titanium.TiActivity: +559ms
04-09 17:23:57.376: D/LAB126(1453): got back button softkey click!
04-09 17:23:57.376: D/LAB126(1453): collapse because of back button
04-09 17:23:57.376: D/LAB126(1453): collapse softkeys
04-09 17:23:57.431: I/LAB126(1453): StatusBarService hears intent. action: com.lab126.intent.TOP_WINDOW_CHANGED
04-09 17:23:57.431: I/LAB126(1453): window changed
04-09 17:23:57.610: E/TiBaseActivity(5495): (main) [4348,2972074] Layout cleanup.
04-09 17:23:58.516: D/ActivityManager(1386): Starting: Intent { cmp=com.appcelerator.kitchensinknook/org.appcelerator.titanium.TiActivity (has extras) } from pid 5495
04-09 17:23:58.548: D/Window(5495): Loading window with URL: ../examples/xhr_settimeout.js
04-09 17:23:58.556: D/Module(5495): Loading module: ../examples/xhr_settimeout -> Resources/examples/xhr_settimeout.js
04-09 17:23:58.899: D/TiUIView(5495): (main) [1291,2973365] Nativeview is null
04-09 17:23:58.923: D/TiUIView(5495): (main) [23,2973388] Nativeview is null
04-09 17:23:58.954: I/LAB126(1453): StatusBarService hears intent. action: com.lab126.intent.TOP_WINDOW_CHANGED
04-09 17:23:58.954: I/LAB126(1453): window changed
04-09 17:23:59.134: I/ActivityManager(1386): Displayed com.appcelerator.kitchensinknook/org.appcelerator.titanium.TiActivity: +611ms
04-09 17:23:59.188: D/dalvikvm(1386): GC_CONCURRENT freed 1802K, 56% free 5601K/12679K, external 4771K/6451K, paused 2ms+5ms
04-09 17:24:13.243: V/DeviceStorageMonitorService(1386): mTotalMemory is 11734999
04-09 17:24:21.657: I/ChargeProtectionService(1386): Battery discharging, resuming charging
04-09 17:24:25.985: W/IdleConnectionHandler(5495): Removing a connection that never existed!
04-09 17:24:25.985: W/IdleConnectionHandler(5495): Removing a connection that never existed!
04-09 17:24:25.985: W/IdleConnectionHandler(5495): Removing a connection that never existed!
04-09 17:24:25.985: E/TiHttpClient(5495): (TiHttpClient-12) [27059,3000447] HTTP Error (org.apache.http.conn.ConnectTimeoutException): Connect to /192.168.1.23:80 timed out
04-09 17:24:25.985: E/TiHttpClient(5495): org.apache.http.conn.ConnectTimeoutException: Connect to /192.168.1.23:80 timed out
04-09 17:24:25.985: E/TiHttpClient(5495): at org.apache.http.conn.scheme.PlainSocketFactory.connectSocket(PlainSocketFactory.java:121)
04-09 17:24:25.985: E/TiHttpClient(5495): at org.apache.http.impl.conn.DefaultClientConnectionOperator.openConnection(DefaultClientConnectionOperator.java:143)
04-09 17:24:25.985: E/TiHttpClient(5495): at org.apache.http.impl.conn.AbstractPoolEntry.open(AbstractPoolEntry.java:164)
04-09 17:24:25.985: E/TiHttpClient(5495): at org.apache.http.impl.conn.AbstractPooledConnAdapter.open(AbstractPooledConnAdapter.java:119)
04-09 17:24:25.985: E/TiHttpClient(5495): at org.apache.http.impl.client.DefaultRequestDirector.execute(DefaultRequestDirector.java:359)
04-09 17:24:25.985: E/TiHttpClient(5495): at org.apache.http.impl.client.AbstractHttpClient.execute(AbstractHttpClient.java:555)
04-09 17:24:25.985: E/TiHttpClient(5495): at org.apache.http.impl.client.AbstractHttpClient.execute(AbstractHttpClient.java:653)
04-09 17:24:25.985: E/TiHttpClient(5495): at org.apache.http.impl.client.AbstractHttpClient.execute(AbstractHttpClient.java:637)
04-09 17:24:25.985: E/TiHttpClient(5495): at ti.modules.titanium.network.TiHTTPClient$ClientRunnable.run(TiHTTPClient.java:1152)
04-09 17:24:25.985: E/TiHttpClient(5495): at java.lang.Thread.run(Thread.java:1019)
04-09 17:24:25.985: I/TiHttpClient(5495): (TiHttpClient-12) [1,3000448] Sending error Connect to /192.168.1.23:80 timed out
04-09 17:24:25.985: I/TiAPI(5495): error Connect to /192.168.1.23:80 timed out
04-09 17:24:33.001: D/dalvikvm(1386): GC_CONCURRENT freed 1870K, 56% free 5653K/12679K, external 4771K/6451K, paused 3ms+4ms
04-09 17:24:33.157: D/dalvikvm(1386): GC_CONCURRENT freed 1955K, 56% free 5634K/12679K, external 4771K/6451K, paused 2ms+4ms
04-09 17:24:33.298: D/dalvikvm(1386): GC_CONCURRENT freed 1930K, 56% free 5635K/12679K, external 4771K/6451K, paused 2ms+4ms
04-09 17:24:33.446: D/dalvikvm(1386): GC_CONCURRENT freed 1931K, 56% free 5635K/12679K, external 4771K/6451K, paused 3ms+4ms
04-09 17:24:33.595: D/dalvikvm(1386): GC_CONCURRENT freed 1931K, 56% free 5635K/12679K, external 4771K/6451K, paused 2ms+3ms
04-09 17:24:33.743: D/dalvikvm(1386): GC_CONCURRENT freed 1931K, 56% free 5635K/12679K, external 4771K/6451K, paused 2ms+3ms
04-09 17:24:33.868: D/dalvikvm(1386): GC_CONCURRENT freed 1930K, 56% free 5632K/12679K, external 4771K/6451K, paused 2ms+3ms
04-09 17:24:33.938: D/dalvikvm(1386): GC_CONCURRENT freed 1894K, 56% free 5656K/12679K, external 4771K/6451K, paused 2ms+4ms
04-09 17:24:36.079: E/TiHttpClient(5495): (TiHttpClient-13) [10093,3010541] HTTP Error (org.apache.http.conn.ConnectTimeoutException): Connect to /192.168.1.23:80 timed out
04-09 17:24:36.079: E/TiHttpClient(5495): org.apache.http.conn.ConnectTimeoutException: Connect to /192.168.1.23:80 timed out
04-09 17:24:36.079: E/TiHttpClient(5495): at org.apache.http.conn.scheme.PlainSocketFactory.connectSocket(PlainSocketFactory.java:121)
04-09 17:24:36.079: E/TiHttpClient(5495): at org.apache.http.impl.conn.DefaultClientConnectionOperator.openConnection(DefaultClientConnectionOperator.java:143)
04-09 17:24:36.079: E/TiHttpClient(5495): at org.apache.http.impl.conn.AbstractPoolEntry.open(AbstractPoolEntry.java:164)
04-09 17:24:36.079: E/TiHttpClient(5495): at org.apache.http.impl.conn.AbstractPooledConnAdapter.open(AbstractPooledConnAdapter.java:119)
04-09 17:24:36.079: E/TiHttpClient(5495): at org.apache.http.impl.client.DefaultRequestDirector.execute(DefaultRequestDirector.java:359)
04-09 17:24:36.079: E/TiHttpClient(5495): at org.apache.http.impl.client.AbstractHttpClient.execute(AbstractHttpClient.java:555)
04-09 17:24:36.079: E/TiHttpClient(5495): at org.apache.http.impl.client.AbstractHttpClient.execute(AbstractHttpClient.java:653)
04-09 17:24:36.079: E/TiHttpClient(5495): at org.apache.http.impl.client.AbstractHttpClient.execute(AbstractHttpClient.java:637)
04-09 17:24:36.079: E/TiHttpClient(5495): at ti.modules.titanium.network.TiHTTPClient$ClientRunnable.run(TiHTTPClient.java:1152)
04-09 17:24:36.079: E/TiHttpClient(5495): at java.lang.Thread.run(Thread.java:1019)
04-09 17:24:36.079: I/TiHttpClient(5495): (TiHttpClient-13) [1,3010542] Sending error Connect to /192.168.1.23:80 timed out
04-09 17:24:36.079: I/TiAPI(5495): error Connect to /192.168.1.23:80 timed out
04-09 17:24:41.798: D/dalvikvm(1386): GC_CONCURRENT freed 1942K, 56% free 5590K/12679K, external 4771K/6451K, paused 2ms+4ms
04-09 17:25:04.704: E/TiHttpClient(5495): (TiHttpClient-14) [28624,3039166] HTTP Error (org.apache.http.conn.ConnectTimeoutException): Connect to /192.168.1.23:80 timed out
04-09 17:25:04.704: E/TiHttpClient(5495): org.apache.http.conn.ConnectTimeoutException: Connect to /192.168.1.23:80 timed out
04-09 17:25:04.704: E/TiHttpClient(5495): at org.apache.http.conn.scheme.PlainSocketFactory.connectSocket(PlainSocketFactory.java:121)
04-09 17:25:04.704: E/TiHttpClient(5495): at org.apache.http.impl.conn.DefaultClientConnectionOperator.openConnection(DefaultClientConnectionOperator.java:143)
04-09 17:25:04.704: E/TiHttpClient(5495): at org.apache.http.impl.conn.AbstractPoolEntry.open(AbstractPoolEntry.java:164)
04-09 17:25:04.704: E/TiHttpClient(5495): at org.apache.http.impl.conn.AbstractPooledConnAdapter.open(AbstractPooledConnAdapter.java:119)
04-09 17:25:04.704: E/TiHttpClient(5495): at org.apache.http.impl.client.DefaultRequestDirector.execute(DefaultRequestDirector.java:359)
04-09 17:25:04.704: E/TiHttpClient(5495): at org.apache.http.impl.client.AbstractHttpClient.execute(AbstractHttpClient.java:555)
04-09 17:25:04.704: E/TiHttpClient(5495): at org.apache.http.impl.client.AbstractHttpClient.execute(AbstractHttpClient.java:653)
04-09 17:25:04.704: E/TiHttpClient(5495): at org.apache.http.impl.client.AbstractHttpClient.execute(AbstractHttpClient.java:637)
04-09 17:25:04.704: E/TiHttpClient(5495): at ti.modules.titanium.network.TiHTTPClient$ClientRunnable.run(TiHTTPClient.java:1152)
04-09 17:25:04.704: E/TiHttpClient(5495): at java.lang.Thread.run(Thread.java:1019)
04-09 17:25:04.704: I/TiHttpClient(5495): (TiHttpClient-14) [1,3039167] Sending error Connect to /192.168.1.23:80 timed out
04-09 17:25:04.704: I/TiAPI(5495): error Connect to /192.168.1.23:80 timed out
04-09 17:25:13.235: V/DeviceStorageMonitorService(1386): mTotalMemory is 11734999
04-09 17:25:31.868: D/LAB126(1453): got back button softkey click!
04-09 17:25:31.868: D/LAB126(1453): collapse because of back button
04-09 17:25:31.868: D/LAB126(1453): collapse softkeys
04-09 17:25:31.946: I/LAB126(1453): StatusBarService hears intent. action: com.lab126.intent.TOP_WINDOW_CHANGED
04-09 17:25:31.946: I/LAB126(1453): window changed
04-09 17:25:33.032: E/TiBaseActivity(5495): (main) [28329,3067496] Layout cleanup.
04-09 17:25:34.259: D/dalvikvm(1386): GC_CONCURRENT freed 1845K, 56% free 5665K/12679K, external 4771K/6451K, paused 7ms+12ms
04-09 17:25:34.665: D/dalvikvm(1386): GC_CONCURRENT freed 1971K, 56% free 5633K/12679K, external 4771K/6451K, paused 7ms+4ms
04-09 17:25:34.813: D/dalvikvm(1386): GC_CONCURRENT freed 1937K, 56% free 5627K/12679K, external 4771K/6451K, paused 2ms+4ms
04-09 17:25:34.970: D/dalvikvm(1386): GC_CONCURRENT freed 1923K, 56% free 5634K/12679K, external 4771K/6451K, paused 3ms+3ms
04-09 17:25:35.048: D/LAB126(1453): got back button softkey click!
04-09 17:25:35.048: D/LAB126(1453): collapse because of back button
04-09 17:25:35.048: D/LAB126(1453): collapse softkeys
04-09 17:25:35.149: I/LAB126(1453): StatusBarService hears intent. action: com.lab126.intent.TOP_WINDOW_CHANGED
04-09 17:25:35.149: I/LAB126(1453): window changed
04-09 17:25:35.220: D/dalvikvm(1386): GC_CONCURRENT freed 1928K, 56% free 5638K/12679K, external 4771K/6451K, paused 2ms+5ms
04-09 17:25:35.407: E/TiBaseActivity(5495): (main) [2372,3069868] Layout cleanup.
04-09 17:25:35.431: D/dalvikvm(1386): GC_CONCURRENT freed 1809K, 56% free 5658K/12679K, external 4771K/6451K, paused 3ms+5ms
04-09 17:25:35.641: D/dalvikvm(1386): GC_CONCURRENT freed 1933K, 56% free 5638K/12679K, external 4771K/6451K, paused 2ms+5ms
04-09 17:25:35.790: D/dalvikvm(1386): GC_CONCURRENT freed 1911K, 56% free 5651K/12679K, external 4771K/6451K, paused 3ms+4ms
04-09 17:25:35.884: D/dalvikvm(1386): GC_CONCURRENT freed 1935K, 56% free 5646K/12679K, external 4771K/6451K, paused 3ms+4ms
04-09 17:25:37.970: D/ActivityManager(1386): Starting: Intent { cmp=com.appcelerator.kitchensinknook/org.appcelerator.titanium.TiActivity (has extras) } from pid 5495
04-09 17:25:37.985: D/Window(5495): Loading window with URL: ../examples/network.js
04-09 17:25:37.985: D/Module(5495): Loading module: ../examples/network -> Resources/examples/network.js
04-09 17:25:38.196: D/TiUIView(5495): (main) [2792,3072660] Nativeview is null
04-09 17:25:38.212: D/TiUIView(5495): (main) [14,3072674] Nativeview is null
04-09 17:25:38.235: I/LAB126(1453): StatusBarService hears intent. action: com.lab126.intent.TOP_WINDOW_CHANGED
04-09 17:25:38.235: I/LAB126(1453): window changed
04-09 17:25:38.415: I/ActivityManager(1386): Displayed com.appcelerator.kitchensinknook/org.appcelerator.titanium.TiActivity: +440ms
04-09 17:25:53.532: D/LAB126(1453): got back button softkey click!
04-09 17:25:53.532: D/LAB126(1453): collapse because of back button
04-09 17:25:53.532: D/LAB126(1453): collapse softkeys
04-09 17:25:53.774: I/LAB126(1453): StatusBarService hears intent. action: com.lab126.intent.TOP_WINDOW_CHANGED
04-09 17:25:53.774: I/LAB126(1453): window changed
04-09 17:25:54.423: E/TiBaseActivity(5495): (main) [16215,3088889] Layout cleanup.
04-09 17:25:55.399: D/ActivityManager(1386): Starting: Intent { cmp=com.appcelerator.kitchensinknook/org.appcelerator.titanium.TiActivity (has extras) } from pid 5495
04-09 17:25:55.407: D/Window(5495): Loading window with URL: ../examples/commonjs.js
04-09 17:25:55.415: D/Module(5495): Loading module: ../examples/commonjs -> Resources/examples/commonjs.js
04-09 17:25:55.524: D/Module(5495): Loading module: echo -> Resources/echo.js
04-09 17:25:55.548: D/Module(5495): Loading module: echo -> Resources/echo.js
04-09 17:25:55.571: D/TiUIView(5495): (main) [1148,3090037] Nativeview is null
04-09 17:25:55.587: D/TiUIView(5495): (main) [13,3090050] Nativeview is null
04-09 17:25:55.618: I/LAB126(1453): StatusBarService hears intent. action: com.lab126.intent.TOP_WINDOW_CHANGED
04-09 17:25:55.618: I/LAB126(1453): window changed
04-09 17:25:55.790: I/ActivityManager(1386): Displayed com.appcelerator.kitchensinknook/org.appcelerator.titanium.TiActivity: +384ms
04-09 17:25:59.759: D/LAB126(1453): got back button softkey click!
04-09 17:25:59.759: D/LAB126(1453): collapse because of back button
04-09 17:25:59.759: D/LAB126(1453): collapse softkeys
04-09 17:25:59.845: I/LAB126(1453): StatusBarService hears intent. action: com.lab126.intent.TOP_WINDOW_CHANGED
04-09 17:25:59.845: I/LAB126(1453): window changed
04-09 17:26:00.790: E/TiBaseActivity(5495): (main) [5204,3095254] Layout cleanup.
04-09 17:26:02.626: D/ActivityManager(1386): Starting: Intent { cmp=com.appcelerator.kitchensinknook/org.appcelerator.titanium.TiActivity (has extras) } from pid 5495
04-09 17:26:02.641: D/Window(5495): Loading window with URL: ../examples/logging.js
04-09 17:26:02.641: D/Module(5495): Loading module: ../examples/logging -> Resources/examples/logging.js
04-09 17:26:02.751: E/TiAPI(5495): ERROR MESSAGE FROM FUNCTION - name: foo value: bar
04-09 17:26:02.751: D/TiAPI(5495): DEBUG MESSAGE FROM FUNCTION - name: foo value: bar
04-09 17:26:02.751: E/TiAPI(5495): ERROR MESSAGE FROM FUNCTION - name: foo value: bar
04-09 17:26:02.751: W/TiAPI(5495): WARN MESSAGE FROM FUNCTION - name: foo value: bar
04-09 17:26:02.751: I/TiAPI(5495): INFO MESSAGE FROM FUNCTION - name: foo value: bar
04-09 17:26:02.751: V/TiAPI(5495): TRACE MESSAGE FROM FUNCTION - name: foo value: bar
04-09 17:26:02.751: I/TiAPI(5495): NOTICE MESSAGE FROM FUNCTION - name: foo value: bar
04-09 17:26:02.751: E/TiAPI(5495): CRITICAL MESSAGE FROM FUNCTION - name: foo value: bar
04-09 17:26:02.751: I/TiAPI(5495): 1
04-09 17:26:02.751: I/TiAPI(5495): 2
04-09 17:26:02.751: I/TiAPI(5495): 3
04-09 17:26:02.751: I/TiAPI(5495): 4
04-09 17:26:02.751: I/TiAPI(5495): 5
04-09 17:26:02.751: I/TiAPI(5495): 6
04-09 17:26:02.751: I/TiAPI(5495): 7
04-09 17:26:02.751: I/TiAPI(5495): 8
04-09 17:26:02.751: I/TiAPI(5495): 9
04-09 17:26:02.751: I/TiAPI(5495): 10
04-09 17:26:02.751: I/TiAPI(5495): 11
04-09 17:26:02.751: I/TiAPI(5495): 12
04-09 17:26:02.751: I/TiAPI(5495): 13
04-09 17:26:02.751: I/TiAPI(5495): 14
04-09 17:26:02.751: I/TiAPI(5495): 15
04-09 17:26:02.751: I/ALERT(5495): (KrollRuntimeThread) [1960,3097214] ALERT LOG FROM FUNCTION - name: foo value: bar
04-09 17:26:02.798: D/TiUIView(5495): (main) [50,3097264] Nativeview is null
04-09 17:26:02.813: D/TiUIView(5495): (main) [13,3097277] Nativeview is null
04-09 17:26:02.845: I/LAB126(1453): StatusBarService hears intent. action: com.lab126.intent.TOP_WINDOW_CHANGED
04-09 17:26:02.845: I/LAB126(1453): window changed
04-09 17:26:03.126: I/ActivityManager(1386): Displayed com.appcelerator.kitchensinknook/org.appcelerator.titanium.TiActivity: +492ms
04-09 17:26:05.938: W/InputManagerService(1386): Window already focused, ignoring focus gain of: com.android.internal.view.IInputMethodClient$Stub$Proxy@407daa00
04-09 17:26:13.243: V/DeviceStorageMonitorService(1386): mTotalMemory is 11734999
04-09 17:26:16.852: W/Vold(1285): Ignoring unknown switch 'usb_connected'
04-09 17:26:16.860: D/Tethering(1386): sendTetherStateChangedBroadcast 1, 0, 0
04-09 17:26:16.860: D/Tethering(1386): interfaceAdded :usb0
04-09 17:26:16.868: W/Vold(1285): Ignoring unknown switch 'usb_mass_storage'
04-09 17:26:16.876: D/Vold(1285): USB connected
04-09 17:26:16.876: D/Vold(1285): Share method ums now available
04-09 17:26:16.891: E/Tethering(1386): active iface (usb0) reported as added, ignoring
04-09 17:26:16.891: I/StorageNotification(1453): UMS connection changed to true (media state mounted)
04-09 17:26:16.891: I/StorageNotification(1453): In onUsbMassStorageConnectionChangedAsync, POP_UMS_ACTIVITY_ON_CONNECT=true
04-09 17:26:16.899: D/StatusBarService(1453): Notification has fullScreenIntent; sending fullScreenIntent
04-09 17:26:16.907: D/ActivityManager(1386): Starting: Intent { flg=0x10000000 cmp=com.android.systemui/.usb.UsbStorageActivity } from pid -1
04-09 17:26:17.220: D/dalvikvm(1453): GC_CONCURRENT freed 1470K, 53% free 3574K/7559K, external 4291K/4749K, paused 8ms+10ms
04-09 17:26:17.259: I/PackageManager(1386): Updating external media status from mounted to unmounted
04-09 17:26:17.259: D/VoldCmdListener(1285): volume shared /mnt/sdcard ums
04-09 17:26:17.266: D/VoldCmdListener(1285): asec list
04-09 17:26:17.274: I/LAB126(1453): StatusBarService hears intent. action: com.lab126.intent.TOP_WINDOW_CHANGED
04-09 17:26:17.274: I/LAB126(1453): window changed
04-09 17:26:17.274: I/LAB126(1453): don't set softkey config for 'Starting...' window
04-09 17:26:17.274: D/IconMerger(1453): notification for com.android.systemui (1)
04-09 17:26:17.274: D/IconMerger(1453): sum of notifications: 1
04-09 17:26:17.313: D/VoldCmdListener(1285): volume shared /mnt/sdcard ums
04-09 17:26:17.321: I/PackageManager(1386): No secure containers on sdcard
04-09 17:26:17.345: I/ActivityManager(1386): Displayed com.android.systemui/.usb.UsbStorageActivity: +419ms
04-09 17:26:17.532: D/dalvikvm(1386): GC_CONCURRENT freed 1765K, 55% free 5726K/12679K, external 4771K/6451K, paused 3ms+5ms
04-09 17:26:18.110: D/VoldCmdListener(1285): storage users /mnt/sdcard
04-09 17:26:18.110: I/LAB126(1453): StatusBarService hears intent. action: com.lab126.intent.TOP_WINDOW_CHANGED
04-09 17:26:18.110: I/LAB126(1453): window changed
04-09 17:26:18.227: W/ActivityManager(1386): Killing processes unmount media at adjustment 7
04-09 17:26:18.227: W/ActivityManager(1386): Killing ProcessRecord{406d8e00 4483:com.cooliris.media/10018} (adj 10): unmount media
04-09 17:26:18.227: W/ActivityManager(1386): Killing ProcessRecord{4075c208 4514:com.amazon.email/10019} (adj 13): unmount media
04-09 17:26:18.235: D/VoldCmdListener(1285): storage users /mnt/sdcard
04-09 17:26:18.337: D/VoldCmdListener(1285): storage users /mnt/sdcard
04-09 17:26:18.501: D/dalvikvm(1386): GC_EXPLICIT freed 225K, 56% free 5589K/12679K, external 4771K/6451K, paused 64ms
04-09 17:26:18.501: I/PackageManager(1386): Updating external media status from unmounted to unmounted
04-09 17:26:18.509: D/VoldCmdListener(1285): volume unmount /mnt/sdcard force
04-09 17:26:18.509: D/Vold(1285): Volume sdcard state changing 4 (Mounted) -> 5 (Unmounting)
04-09 17:26:18.516: V/MediaProvider(2462): Detached volume: external
04-09 17:26:18.516: I/ActivityManager(1386): Start proc com.cooliris.media for broadcast com.cooliris.media/com.cooliris.cache.BootReceiver: pid=6783 uid=10018 gids={1015, 3003}
04-09 17:26:18.579: I/ActivityThread(6783): Pub com.cooliris.picasa.contentprovider: com.cooliris.picasa.PicasaContentProvider
04-09 17:26:18.579: D/ContentProvider(6783): Videos folder exist
04-09 17:26:18.579: D/ContentProvider(6783): Pictures folder exists
04-09 17:26:18.641: I/com.amazon.dcp.metrics.CrashDetectionHelper(6783): Setting up crash detector.
04-09 17:26:18.641: I/BootReceiver(6783): Got intent with action android.intent.action.MEDIA_EJECT
04-09 17:26:19.509: I/Vold(1285): /mnt/secure/staging/.android_secure sucessfully unmounted
04-09 17:26:19.509: I/Vold(1285): /mnt/secure/asec sucessfully unmounted
04-09 17:26:19.602: I/PackageManager(1386): Updating external media status from unmounted to unmounted
04-09 17:26:19.602: I/Vold(1285): /mnt/secure/staging sucessfully unmounted
04-09 17:26:19.602: I/Vold(1285): /mnt/sdcard unmounted sucessfully
04-09 17:26:19.602: D/Vold(1285): Volume sdcard state changing 5 (Unmounting) -> 1 (Idle-Unmounted)
04-09 17:26:19.626: I/StorageNotification(1453): Media state changed from {mounted} -> {unmounted}
04-09 17:26:19.634: D/VoldCmdListener(1285): volume shared /mnt/sdcard ums
04-09 17:26:19.634: D/VoldCmdListener(1285): volume share /mnt/sdcard ums
04-09 17:26:19.634: D/Vold(1285): Volume sdcard state changing 1 (Idle-Unmounted) -> 7 (Shared-Unmounted)
04-09 17:26:19.634: W/MountService(1386): Duplicate state transition (unmounted -> unmounted)
04-09 17:26:19.673: I/TiApplication(5495): (main) [16857,3114134] SD card has been unmounted. Disabling cache for http responses.
04-09 17:26:19.727: D/VoldCmdListener(1285): volume share /mnt/sdcard ums
04-09 17:26:19.735: D/Tethering(1386): InitialState.processMessage what=4
04-09 17:26:19.735: D/Tethering(1386): sendTetherStateChangedBroadcast 0, 0, 0
04-09 17:26:19.735: I/TiApplication(5495): (main) [66,3114200] SD card has been unmounted. Disabling cache for http responses.
04-09 17:26:19.735: E/MountService(1386): Failed to share/unshare
04-09 17:26:19.735: E/MountService(1386): com.android.server.NativeDaemonConnectorException: Cmd {volume share /mnt/sdcard ums} failed with code 405 : {volume operation failed (Device or resource busy)}
04-09 17:26:19.735: E/MountService(1386): at com.android.server.NativeDaemonConnector.doCommand(NativeDaemonConnector.java:259)
04-09 17:26:19.735: E/MountService(1386): at com.android.server.MountService.doShareUnshareVolume(MountService.java:508)
04-09 17:26:19.735: E/MountService(1386): at com.android.server.MountService.access$200(MountService.java:76)
04-09 17:26:19.735: E/MountService(1386): at com.android.server.MountService$UmsEnableCallBack.handleFinished(MountService.java:309)
04-09 17:26:19.735: E/MountService(1386): at com.android.server.MountService$MountServiceHandler.handleMessage(MountService.java:412)
04-09 17:26:19.735: E/MountService(1386): at android.os.Handler.dispatchMessage(Handler.java:99)
04-09 17:26:19.735: E/MountService(1386): at android.os.Looper.loop(Looper.java:130)
04-09 17:26:19.735: E/MountService(1386): at android.os.HandlerThread.run(HandlerThread.java:60)
04-09 17:26:19.774: I/StorageNotification(1453): Media state changed from {unmounted} -> {shared}
04-09 17:26:19.938: D/dalvikvm(1386): GC_FOR_MALLOC freed 1140K, 52% free 6171K/12679K, external 4771K/6451K, paused 47ms
04-09 17:26:20.009: D/dalvikvm(1386): GC_FOR_MALLOC freed 671K, 49% free 6481K/12679K, external 4771K/6451K, paused 46ms
04-09 17:26:20.118: D/dalvikvm(1386): GC_FOR_MALLOC freed 285K, 43% free 7352K/12679K, external 4771K/6451K, paused 57ms
04-09 17:26:20.118: I/dalvikvm-heap(1386): Grow heap (frag case) to 14.788MB for 596456-byte allocation
04-09 17:26:20.196: D/dalvikvm(1386): GC_FOR_MALLOC freed 0K, 41% free 7934K/13319K, external 4771K/6451K, paused 62ms
04-09 17:26:21.704: D/VoldCmdListener(1285): volume unshare /mnt/sdcard ums
04-09 17:26:21.727: D/Vold(1285): Volume sdcard state changing 7 (Shared-Unmounted) -> 1 (Idle-Unmounted)
04-09 17:26:21.743: I/PackageManager(1386): Updating external media status from unmounted to unmounted
04-09 17:26:21.751: D/Tethering(1386): sendTetherStateChangedBroadcast 1, 0, 0
04-09 17:26:21.751: D/Tethering(1386): interfaceAdded :usb0
04-09 17:26:21.759: I/StorageNotification(1453): Media state changed from {shared} -> {unmounted}
04-09 17:26:21.774: D/VoldCmdListener(1285): volume mount /mnt/sdcard
04-09 17:26:21.774: I/Vold(1285): /dev/block/vold/179:12 being considered for volume sdcard
04-09 17:26:21.774: D/Vold(1285): Volume sdcard state changing 1 (Idle-Unmounted) -> 3 (Checking)
04-09 17:26:21.790: I//system/bin/fsck_msdos(1285): ** /dev/block/vold/179:12
04-09 17:26:21.790: I//system/bin/fsck_msdos(1285): ** Phase 1 - Read FAT (compare skipped)
04-09 17:26:21.790: I//system/bin/fsck_msdos(1285): Attempting to allocate 10242 KB for FAT
04-09 17:26:21.790: I/LAB126(1453): StatusBarService hears intent. action: com.lab126.intent.TOP_WINDOW_CHANGED
04-09 17:26:21.790: I/LAB126(1453): window changed
04-09 17:26:21.806: I/TiApplication(5495): (main) [2070,3116270] SD card has been unmounted. Disabling cache for http responses.
04-09 17:26:23.063: D/IconMerger(1453): notification for com.android.systemui (1)
04-09 17:26:23.063: D/IconMerger(1453): notification for com.android.systemui (1)
04-09 17:26:23.063: D/IconMerger(1453): sum of notifications: 2
04-09 17:26:23.102: I/ActivityManager(1386): Process com.audible.application.kindle (pid 1804) has died.
04-09 17:26:23.141: I//system/bin/fsck_msdos(1285): ** Phase 2 - Check Cluster Chains
04-09 17:26:23.368: I//system/bin/fsck_msdos(1285): ** Phase 3 - Checking Directories
04-09 17:26:23.462: I//system/bin/fsck_msdos(1285): ** Phase 4 - Checking for Lost Files
04-09 17:26:23.579: I//system/bin/fsck_msdos(1285): Next free cluster in FSInfo block (9222) not free
04-09 17:26:23.579: I//system/bin/fsck_msdos(1285): FIXED
04-09 17:26:23.579: I//system/bin/fsck_msdos(1285): 789 files, 1010794 free (2602549 clusters)
04-09 17:26:23.610: I/PackageManager(1386): Updating external media status from unmounted to mounted
04-09 17:26:23.610: I/Vold(1285): Filesystem check completed OK
04-09 17:26:23.610: I/Vold(1285): Device /dev/block/vold/179:12, target /mnt/sdcard mounted @ /mnt/secure/staging
04-09 17:26:23.610: D/Vold(1285): Volume sdcard state changing 3 (Checking) -> 4 (Mounted)
04-09 17:26:23.618: D/VoldCmdListener(1285): volume shared /mnt/sdcard ums
04-09 17:26:23.626: D/IconMerger(1453): notification for com.android.systemui (1)
04-09 17:26:23.626: I/StorageNotification(1453): Media state changed from {unmounted} -> {checking}
04-09 17:26:23.626: D/IconMerger(1453): sum of notifications: 1
04-09 17:26:23.626: D/VoldCmdListener(1285): volume unshare /mnt/sdcard ums
04-09 17:26:23.626: W/Vold(1285): Returning OperationFailed - no handler for errno 22
04-09 17:26:23.626: I/StorageNotification(1453): Media state changed from {checking} -> {mounted}
04-09 17:26:23.634: I/TiApplication(5495): (main) [1826,3118096] SD card has been mounted. Enabling cache for http responses.
04-09 17:26:23.634: E/MountService(1386): Failed to share/unshare
04-09 17:26:23.634: E/MountService(1386): com.android.server.NativeDaemonConnectorException: Cmd {volume unshare /mnt/sdcard ums} failed with code 400 : {volume operation failed (Invalid argument)}
04-09 17:26:23.634: E/MountService(1386): at com.android.server.NativeDaemonConnector.doCommand(NativeDaemonConnector.java:259)
04-09 17:26:23.634: E/MountService(1386): at com.android.server.MountService.doShareUnshareVolume(MountService.java:508)
04-09 17:26:23.634: E/MountService(1386): at com.android.server.MountService.setUsbMassStorageEnabled(MountService.java:1231)
04-09 17:26:23.634: E/MountService(1386): at android.os.storage.IMountService$Stub.onTransact(IMountService.java:683)
04-09 17:26:23.634: E/MountService(1386): at android.os.Binder.execTransact(Binder.java:320)
04-09 17:26:23.634: E/MountService(1386): at dalvik.system.NativeStart.run(Native Method)
04-09 17:26:23.634: D/VoldCmdListener(1285): volume mount /mnt/sdcard
04-09 17:26:23.634: E/MountService(1386): Failed to remount /mnt/sdcard after disabling share method ums
04-09 17:26:23.649: I/BootReceiver(6783): Got intent with action android.intent.action.MEDIA_MOUNTED
04-09 17:26:23.649: I/PackageManager(1386): No secure containers on sdcard
04-09 17:26:23.649: D/VoldCmdListener(1285): asec list
04-09 17:26:23.665: W/PackageManager(1386): Not granting permission com.amazon.dcp.metrics.permission.METRICS_PERMISSION to package com.imdb.mobile (protectionLevel=2 flags=0x8be45)
04-09 17:26:23.665: W/PackageManager(1386): Unknown permission com.google.android.googleapps.permission.GOOGLE_AUTH.mail in package com.android.contacts
04-09 17:26:23.673: W/PackageManager(1386): Unknown permission android.permission.DEVICE_ADMIN in package com.lab126.otter
04-09 17:26:23.673: W/PackageManager(1386): Unknown permission com.google.android.googleapps.permission.GOOGLE_AUTH in package com.android.providers.calendar
04-09 17:26:23.673: W/PackageManager(1386): Unknown permission com.google.android.googleapps.permission.GOOGLE_AUTH.cl in package com.android.providers.calendar
04-09 17:26:23.681: W/PackageManager(1386): Unknown permission org.thialfihar.android.apg.permission.READ_KEY_DETAILS in package com.amazon.email
04-09 17:26:23.681: W/PackageManager(1386): Not granting permission com.amazon.dcp.metrics.permission.METRICS_PERMISSION to package com.cooliris.media (protectionLevel=2 flags=0x8bc45)
04-09 17:26:23.681: W/PackageManager(1386): Unknown permission com.google.android.googleapps.permission.GOOGLE_AUTH in package com.android.providers.contacts
04-09 17:26:23.681: W/PackageManager(1386): Unknown permission com.google.android.googleapps.permission.GOOGLE_AUTH.cp in package com.android.providers.contacts
04-09 17:26:23.681: W/PackageManager(1386): Unknown permission com.google.android.gm.permission.WRITE_GMAIL in package com.android.settings
04-09 17:26:23.681: W/PackageManager(1386): Unknown permission com.google.android.gm.permission.READ_GMAIL in package com.android.settings
04-09 17:26:23.681: W/PackageManager(1386): Unknown permission com.google.android.googleapps.permission.GOOGLE_AUTH in package com.android.settings
04-09 17:26:23.688: W/PackageManager(1386): Unknown permission com.android.launcher.permission.READ_SETTINGS in package com.android.settings
04-09 17:26:23.688: W/PackageManager(1386): Unknown permission com.android.launcher.permission.WRITE_SETTINGS in package com.android.settings
04-09 17:26:23.688: W/PackageManager(1386): Unknown permission com.android.launcher.permission.INSTALL_SHORTCUT in package com.amazon.cloud9
04-09 17:26:23.696: W/PackageManager(1386): Unknown permission android.webkit.permission.PLUGIN in package com.adobe.flashplayer
04-09 17:26:23.696: W/PackageManager(1386): Unknown permission com.google.android.providers.gmail.permission.WRITE_GMAIL in package com.qo.android.oemvc
04-09 17:26:23.696: W/PackageManager(1386): Unknown permission com.google.android.providers.gmail.permission.READ_GMAIL in package com.qo.android.oemvc
04-09 17:26:23.696: W/PackageManager(1386): Unknown permission com.google.android.gm.permission.READ_GMAIL in package com.qo.android.oemvc
04-09 17:26:23.696: W/PackageManager(1386): Unknown permission com.google.android.gm.permission.WRITE_GMAIL in package com.qo.android.oemvc
04-09 17:26:23.696: W/PackageManager(1386): Unknown permission android.permission.READ_OWNER_DATA in package com.qo.android.oemvc
04-09 17:26:23.696: W/PackageManager(1386): Unknown permission com.android.email.permission.ACCESS_PROVIDER in package com.qo.android.oemvc
04-09 17:26:23.696: W/PackageManager(1386): Unknown permission com.android.launcher.permission.INSTALL_SHORTCUT in package com.estrongs.android.pop
04-09 17:26:23.696: W/PackageManager(1386): Unknown permission com.android.launcher.permission.UNINSTALL_SHORTCUT in package com.estrongs.android.pop
04-09 17:26:23.696: W/PackageManager(1386): Unknown permission com.estrongs.android.pop.PERMISSION in package com.estrongs.android.pop
04-09 17:26:23.696: W/PackageManager(1386): Not granting permission com.amazon.dcp.metrics.permission.METRICS_PERMISSION to package com.alphonso.pulse (protectionLevel=2 flags=0x8be45)
04-09 17:26:23.751: D/MediaScannerService(2462): start scanning volume external
04-09 17:26:24.259: V/MediaProvider(2462): /mnt/sdcard volume ID: 252718362
04-09 17:26:24.266: I/ActivityManager(1386): Start proc com.amazon.email for broadcast com.amazon.email/.service.StorageReceiver: pid=6813 uid=10019 gids={3003, 1015}
04-09 17:26:24.313: V/MediaProvider(2462): Attached volume: external
04-09 17:26:24.329: I/ActivityThread(6813): Pub com.amazon.email.messageprovider: com.amazon.email.provider.MessageProvider
04-09 17:26:24.337: D/ContentProvider(6813): Videos folder exist
04-09 17:26:24.337: D/ContentProvider(6813): Pictures folder exists
04-09 17:26:24.345: I/ActivityThread(6813): Pub com.amazon.email.attachmentprovider: com.amazon.email.provider.AttachmentProvider
04-09 17:26:24.345: D/ContentProvider(6813): Videos folder exist
04-09 17:26:24.345: D/ContentProvider(6813): Pictures folder exists
04-09 17:26:24.352: I/com.amazon.dcp.metrics.CrashDetectionHelper(6813): Setting up crash detector.
04-09 17:26:24.352: I/AmazonEmail(6813): Loading preferences from DB into Storage
04-09 17:26:24.368: I/AmazonEmail(6813): Preferences load took 16ms
04-09 17:26:24.384: D/MediaScanner(2462): found .nomedia, skipping directory
04-09 17:26:24.391: I/AmazonEmail(6813): Registered: unmount receiver
04-09 17:26:24.391: I/AmazonEmail(6813): Registered: shutdown receiver
04-09 17:26:24.399: V/AmazonEmail(6813): Registering content resolver notifier
04-09 17:26:24.399: I/AmazonEmail(6813): storage path "/mnt/sdcard" mounted readOnly=false
04-09 17:26:24.407: I/MailService(6813): connected: network state is CONNECTED, is available is true
04-09 17:26:24.415: I/MailService(6813): connected: AutoSync help is available, autoSync = true
04-09 17:26:24.423: I/MailService(6813): connected: wifi -71
04-09 17:26:24.423: I/MailService(6813): connected: final hasConnectivity is true
04-09 17:26:24.423: I/MailService(6813): MailService.onStart(Intent { act=com.amazon.email.intent.action.MAIL_SERVICE_RESET cmp=com.amazon.email/.service.MailService (has extras) }, 1), hasConnectivity = true, doBackground = true
04-09 17:26:24.431: I/MailService(6813): connected: network state is CONNECTED, is available is true
04-09 17:26:24.438: I/MailService(6813): connected: AutoSync help is available, autoSync = true
04-09 17:26:24.438: I/MailService(6813): connected: wifi -71
04-09 17:26:24.438: I/MailService(6813): connected: final hasConnectivity is true
04-09 17:26:24.438: I/MailService(6813): MailService.onStart(Intent { act=com.amazon.email.intent.action.MAIL_SERVICE_RESET cmp=com.amazon.email/.service.MailService (has extras) }, 2), hasConnectivity = true, doBackground = true
04-09 17:26:24.438: I/MailService(6813): connected: network state is CONNECTED, is available is true
04-09 17:26:24.438: I/MailService(6813): connected: AutoSync help is available, autoSync = true
04-09 17:26:24.446: I/MailService(6813): connected: wifi -71
04-09 17:26:24.446: I/MailService(6813): connected: final hasConnectivity is true
04-09 17:26:24.446: I/MailService(6813): MailService.onStart(Intent { act=com.amazon.email.intent.action.MAIL_SERVICE_CONNECTIVITY_CHANGE cmp=com.amazon.email/.service.MailService }, 3), hasConnectivity = true, doBackground = true
04-09 17:26:24.602: D/MediaScanner(2462): found .nomedia, skipping directory
04-09 17:26:24.618: E/AmazonEmail(6813): isKeyInvalid: key is valid.
04-09 17:26:24.618: I/dalvikvm(6813): Total arena pages for JIT: 11
04-09 17:26:24.665: D/MediaScanner(2462): prescan time: 13ms
04-09 17:26:24.665: D/MediaScanner(2462): scan time: 343ms
04-09 17:26:24.665: D/MediaScanner(2462): postscan time: 0ms
04-09 17:26:24.665: D/MediaScanner(2462): total time: 356ms
04-09 17:26:24.673: D/MediaScannerService(2462): done scanning volume external
04-09 17:26:24.673: I/BootReceiver(6783): Got intent with action android.intent.action.MEDIA_SCANNER_FINISHED
04-09 17:26:24.720: D/dalvikvm(6813): GC_CONCURRENT freed 431K, 49% free 3044K/5959K, external 847K/1181K, paused 2ms+3ms
04-09 17:26:26.313: D/skia(6783): Loading ARM decoder...
04-09 17:26:26.352: D/dalvikvm(6783): GC_EXTERNAL_ALLOC freed 394K, 51% free 2824K/5703K, external 1181K/1181K, paused 26ms
04-09 17:26:26.352: D/skia(6783): Loading ARM encoder...
04-09 17:26:26.376: D/skia(6783): Loading ARM decoder...
04-09 17:26:26.384: D/skia(6783): Loading ARM encoder...
04-09 17:26:26.399: D/skia(6783): Loading ARM decoder...
04-09 17:26:26.407: D/skia(6783): Loading ARM encoder...
04-09 17:26:26.423: D/skia(6783): Loading ARM decoder...
04-09 17:26:26.431: D/skia(6783): Loading ARM encoder...
04-09 17:26:27.259: D/IconMerger(1453): notification for com.android.systemui (1)
04-09 17:26:27.259: D/IconMerger(1453): sum of notifications: 1
04-09 17:26:36.024: D/dalvikvm(1386): GC_CONCURRENT freed 4266K, 58% free 5715K/13319K, external 4771K/6451K, paused 3ms+4ms
04-09 17:26:36.149: D/dalvikvm(1386): GC_CONCURRENT freed 2004K, 58% free 5662K/13319K, external 4771K/6451K, paused 2ms+4ms
04-09 17:26:36.298: D/dalvikvm(1386): GC_CONCURRENT freed 1951K, 58% free 5649K/13319K, external 4771K/6451K, paused 2ms+4ms
04-09 17:26:36.446: D/dalvikvm(1386): GC_CONCURRENT freed 1935K, 58% free 5647K/13319K, external 4771K/6451K, paused 2ms+3ms
04-09 17:26:36.602: D/dalvikvm(1386): GC_CONCURRENT freed 1918K, 58% free 5663K/13319K, external 4771K/6451K, paused 2ms+3ms
04-09 17:26:36.751: D/dalvikvm(1386): GC_CONCURRENT freed 1956K, 58% free 5645K/13319K, external 4771K/6451K, paused 3ms+4ms
04-09 17:26:36.876: D/dalvikvm(1386): GC_CONCURRENT freed 1931K, 58% free 5648K/13319K, external 4771K/6451K, paused 3ms+3ms
04-09 17:26:36.985: D/dalvikvm(1386): GC_CONCURRENT freed 1933K, 58% free 5646K/13319K, external 4771K/6451K, paused 3ms+4ms
04-09 17:26:37.071: D/dalvikvm(1386): GC_CONCURRENT freed 1926K, 58% free 5650K/13319K, external 4771K/6451K, paused 3ms+4ms
04-09 17:26:55.149: D/LAB126(1453): got back button softkey click!
04-09 17:26:55.149: D/LAB126(1453): collapse because of back button
04-09 17:26:55.149: D/LAB126(1453): collapse softkeys
04-09 17:26:55.360: I/LAB126(1453): StatusBarService hears intent. action: com.lab126.intent.TOP_WINDOW_CHANGED
04-09 17:26:55.360: I/LAB126(1453): window changed
04-09 17:26:55.618: E/TiBaseActivity(5495): (main) [31990,3150086] Layout cleanup.
04-09 17:26:57.470: D/ActivityManager(1386): Starting: Intent { cmp=com.appcelerator.kitchensinknook/org.appcelerator.titanium.TiActivity (has extras) } from pid 5495
04-09 17:26:57.477: D/Window(5495): Loading window with URL: ../examples/logging.js
04-09 17:26:57.485: D/Module(5495): Loading module: ../examples/logging -> Resources/examples/logging.js
04-09 17:26:57.595: E/TiAPI(5495): ERROR MESSAGE FROM FUNCTION - name: foo value: bar
04-09 17:26:57.595: D/TiAPI(5495): DEBUG MESSAGE FROM FUNCTION - name: foo value: bar
04-09 17:26:57.595: E/TiAPI(5495): ERROR MESSAGE FROM FUNCTION - name: foo value: bar
04-09 17:26:57.595: W/TiAPI(5495): WARN MESSAGE FROM FUNCTION - name: foo value: bar
04-09 17:26:57.595: I/TiAPI(5495): INFO MESSAGE FROM FUNCTION - name: foo value: bar
04-09 17:26:57.595: V/TiAPI(5495): TRACE MESSAGE FROM FUNCTION - name: foo value: bar
04-09 17:26:57.595: I/TiAPI(5495): NOTICE MESSAGE FROM FUNCTION - name: foo value: bar
04-09 17:26:57.595: E/TiAPI(5495): CRITICAL MESSAGE FROM FUNCTION - name: foo value: bar
04-09 17:26:57.595: I/TiAPI(5495): 1
04-09 17:26:57.595: I/TiAPI(5495): 2
04-09 17:26:57.595: I/TiAPI(5495): 3
04-09 17:26:57.595: I/TiAPI(5495): 4
04-09 17:26:57.595: I/TiAPI(5495): 5
04-09 17:26:57.595: I/TiAPI(5495): 6
04-09 17:26:57.595: I/TiAPI(5495): 7
04-09 17:26:57.595: I/TiAPI(5495): 8
04-09 17:26:57.595: I/TiAPI(5495): 9
04-09 17:26:57.595: I/TiAPI(5495): 10
04-09 17:26:57.595: I/TiAPI(5495): 11
04-09 17:26:57.595: I/TiAPI(5495): 12
